{"id":165,"date":"2024-07-15T22:25:21","date_gmt":"2024-07-16T01:25:21","guid":{"rendered":"https:\/\/sites.uel.br\/labim\/?page_id=165"},"modified":"2026-03-09T09:19:19","modified_gmt":"2026-03-09T12:19:19","slug":"pd","status":"publish","type":"page","link":"https:\/\/sites.uel.br\/labim\/pd\/","title":{"rendered":"P&amp;D"},"content":{"rendered":"\n<p>O LABIM realiza projetos de pesquisa e desenvolvimento em parceria com empresas do setor agr\u00edcola e biotecnol\u00f3gico. Os projetos s\u00e3o estruturados com base no TRL, com escopo, metas e entregas definidos em contrato \u2014 garantindo previsibilidade para o parceiro e rigor cient\u00edfico para a equipe.<\/p>\n\n\n\n<p>A coopera\u00e7\u00e3o pode ocorrer em diferentes formatos: co-desenvolvimento de tecnologias in\u00e9ditas, valida\u00e7\u00e3o de ativos em desenvolvimento, testes de efic\u00e1cia em condi\u00e7\u00f5es controladas e de campo, e escalonamento de bioprocessos em planta piloto.<\/p>\n\n\n\n<p>Para formaliza\u00e7\u00e3o de parcerias, o LABIM atua em conjunto com a AINTEC \u2014 Ag\u00eancia de Inova\u00e7\u00e3o e Tecnologia da UEL.<\/p>\n\n\n\n<p><\/p>\n\n\n\n<p>Veja mais na P\u00e1gina de Parcerias e de Tecnologias<\/p>\n","protected":false},"excerpt":{"rendered":"<p>O LABIM realiza projetos de pesquisa e desenvolvimento em parceria com empresas do setor agr\u00edcola e biotecnol\u00f3gico. Os projetos s\u00e3o estruturados com base no TRL, com escopo, metas e entregas definidos em contrato \u2014 garantindo previsibilidade para o parceiro e rigor cient\u00edfico para a equipe. A coopera\u00e7\u00e3o pode ocorrer em diferentes formatos: co-desenvolvimento de tecnologias [&hellip;]<\/p>\n","protected":false},"author":5,"featured_media":0,"parent":0,"menu_order":0,"comment_status":"closed","ping_status":"closed","template":"","meta":{"footnotes":""},"class_list":["post-165","page","type-page","status-publish","hentry"],"acf":[],"_links":{"self":[{"href":"https:\/\/sites.uel.br\/labim\/wp-json\/wp\/v2\/pages\/165","targetHints":{"allow":["GET"]}}],"collection":[{"href":"https:\/\/sites.uel.br\/labim\/wp-json\/wp\/v2\/pages"}],"about":[{"href":"https:\/\/sites.uel.br\/labim\/wp-json\/wp\/v2\/types\/page"}],"author":[{"embeddable":true,"href":"https:\/\/sites.uel.br\/labim\/wp-json\/wp\/v2\/users\/5"}],"replies":[{"embeddable":true,"href":"https:\/\/sites.uel.br\/labim\/wp-json\/wp\/v2\/comments?post=165"}],"version-history":[{"count":4,"href":"https:\/\/sites.uel.br\/labim\/wp-json\/wp\/v2\/pages\/165\/revisions"}],"predecessor-version":[{"id":1002,"href":"https:\/\/sites.uel.br\/labim\/wp-json\/wp\/v2\/pages\/165\/revisions\/1002"}],"wp:attachment":[{"href":"https:\/\/sites.uel.br\/labim\/wp-json\/wp\/v2\/media?parent=165"}],"curies":[{"name":"wp","href":"https:\/\/api.w.org\/{rel}","templated":true}]}}