{"id":81,"date":"2023-07-18T10:47:51","date_gmt":"2023-07-18T13:47:51","guid":{"rendered":"https:\/\/sites.uel.br\/labgea\/?page_id=81"},"modified":"2025-03-21T18:02:31","modified_gmt":"2025-03-21T21:02:31","slug":"projetos","status":"publish","type":"page","link":"https:\/\/sites.uel.br\/labgea\/projetos\/","title":{"rendered":"Projetos"},"content":{"rendered":"\n<div style=\"height:49px\" aria-hidden=\"true\" class=\"wp-block-spacer\"><\/div>\n\n\n\n<p><a href=\"https:\/\/www.sistemasweb.uel.br\/system\/prj\/pes\/pdf\/pes_pesquisa_14486.pdf\">A Indica\u00e7\u00e3o Geogr\u00e1fica das Uvas Finas e Mesa de Marialva-PR: ordenamento territorial e as contradi\u00e7\u00f5es do associativismo rural (2025 &#8211; 2028).<\/a><\/p>\n\n\n\n<p><a href=\"https:\/\/www.sistemasweb.uel.br\/system\/prj\/pes\/pdf\/pes_pesquisa_14485.pdf\">O Discurso Ideol\u00f3gico do Agroneg\u00f3cio: implica\u00e7\u00f5es da ideologia capitalista nas m\u00eddias do Oeste Paranaense (2025 &#8211; 2027).<\/a><\/p>\n\n\n\n<p><a href=\"https:\/\/www.sistemasweb.uel.br\/system\/prj\/pes\/pdf\/pes_pesquisa_14484.pdf\">As Contradi\u00e7\u00f5es do Turismo Rural no Munic\u00edpio de Apucarana-PR: impactos socioecon\u00f4micos, desigualdades e potencialidades (2025 &#8211; 2027).<\/a><\/p>\n\n\n\n<p><a href=\"https:\/\/www.sistemasweb.uel.br\/system\/prj\/pes\/pdf\/pes_pesquisa_13977.pdf\">O Estado da Arte e um Debate Contempor\u00e2neo: Geografia Anticolonial ou Decolonial? M\u00e9todo e Pr\u00e1xis no horizonte de uma escolha pol\u00edtico-ideol\u00f3gica (2024 &#8211; 2027).<\/a><\/p>\n\n\n\n<p><a href=\"https:\/\/www.sistemasweb.uel.br\/system\/prj\/pes\/pdf\/pes_pesquisa_14483.pdf\">Utiliza\u00e7\u00e3o de Geotecnologias na an\u00e1lise da regulariza\u00e7\u00e3o fundi\u00e1ria e desmatamento em Unidades de Conserva\u00e7\u00e3o do estado do Acre (2023 &#8211; 2026).<\/a><\/p>\n\n\n\n<p><a href=\"https:\/\/www.sistemasweb.uel.br\/system\/prj\/pes\/pdf\/pes_pesquisa_14487.pdf\">Reestrutura\u00e7\u00e3o Produtiva e Desenvolvimento Regional na Mesorregi\u00e3o Norte Pioneiro do Paran\u00e1 (2023 &#8211; 2026).<\/a><\/p>\n\n\n\n<p><a href=\"https:\/\/www.sistemasweb.uel.br\/system\/prj\/pes\/pdf\/pes_pesquisa_13575.pdf\">A Educa\u00e7\u00e3o Pluriversal na forma\u00e7\u00e3o de pr\u00e1ticas anticoloniais para o ensino de Geografia no n\u00edvel fundamental (2023 &#8211; 2026).<\/a><\/p>\n\n\n\n<p><a href=\"https:\/\/www.sistemasweb.uel.br\/system\/prj\/pes\/pdf\/pes_pesquisa_13515.pdf\">O papel das mulheres na organiza\u00e7\u00e3o e consolida\u00e7\u00e3o do assentamento rural Eli Vive em Londrina-PR (2023 &#8211; 2025).<\/a><\/p>\n\n\n\n<p><a href=\"https:\/\/www.sistemasweb.uel.br\/system\/prj\/pes\/pdf\/pes_pesquisa_13516.pdf\">Indica\u00e7\u00f5es Geogr\u00e1ficas (IGS) e o fortalecimento da produ\u00e7\u00e3o de goiabas em Carl\u00f3polis-PR (2023 &#8211; 2025).<\/a><\/p>\n\n\n\n<p><a href=\"https:\/\/www.sistemasweb.uel.br\/system\/prj\/pes\/pdf\/pes_pesquisa_13694.pdf\">Perspectivas da bioconstru\u00e7\u00e3o no espa\u00e7o agr\u00e1rio de londrina \u00e0 luz das normas t\u00e9cnicas brasileiras e dos programas de habita\u00e7\u00e3o associativos (2023 &#8211; 2026).<\/a><\/p>\n\n\n\n<p><a href=\"https:\/\/www.sistemasweb.uel.br\/system\/prj\/pes\/pdf\/pes_pesquisa_13081.pdf\">Geografia Anticolonial: territ\u00f3rios em disputa (2022 &#8211; 2024).<\/a><\/p>\n\n\n\n<p><a href=\"https:\/\/www.sistemasweb.uel.br\/system\/prj\/pes\/pdf\/pes_pesquisa_13193.pdf\">Processos Espaciais da Expans\u00e3o Capitalista no Campo: a rela\u00e7\u00e3o agropecu\u00e1ria-ind\u00fastria no norte do Paran\u00e1 (2021 &#8211; 2023).<\/a><\/p>\n\n\n\n<p><a href=\"https:\/\/www.sistemasweb.uel.br\/system\/prj\/pes\/pdf\/pes_pesquisa_13080.pdf\">Turismo Rural e Campesinato: embates, contradi\u00e7\u00f5es e possibilidades no norte do Paran\u00e1 (2021 &#8211; 2023).<\/a><\/p>\n\n\n\n<p><a href=\"https:\/\/www.sistemasweb.uel.br\/system\/prj\/pes\/pdf\/pes_pesquisa_13189.pdf\">A presen\u00e7a dos circuitos da economia urbana nas cidades pequenas: uma an\u00e1lise das cidades de Centen\u00e1rio do Sul, Jaguapit\u00e3 e Porecatu-PR (2020 &#8211; 2022).<\/a><\/p>\n\n\n\n<p><\/p>\n","protected":false},"excerpt":{"rendered":"<p>A Indica\u00e7\u00e3o Geogr\u00e1fica das Uvas Finas e Mesa de Marialva-PR: ordenamento territorial e as contradi\u00e7\u00f5es do associativismo rural (2025 &#8211; 2028). O Discurso Ideol\u00f3gico do Agroneg\u00f3cio: implica\u00e7\u00f5es da ideologia capitalista nas m\u00eddias do Oeste Paranaense (2025 &#8211; 2027). As Contradi\u00e7\u00f5es do Turismo Rural no Munic\u00edpio de Apucarana-PR: impactos socioecon\u00f4micos, desigualdades e potencialidades (2025 &#8211; 2027). [&hellip;]<\/p>\n","protected":false},"author":6,"featured_media":0,"parent":0,"menu_order":0,"comment_status":"closed","ping_status":"closed","template":"","meta":{"footnotes":""},"class_list":["post-81","page","type-page","status-publish","hentry"],"acf":[],"_links":{"self":[{"href":"https:\/\/sites.uel.br\/labgea\/wp-json\/wp\/v2\/pages\/81","targetHints":{"allow":["GET"]}}],"collection":[{"href":"https:\/\/sites.uel.br\/labgea\/wp-json\/wp\/v2\/pages"}],"about":[{"href":"https:\/\/sites.uel.br\/labgea\/wp-json\/wp\/v2\/types\/page"}],"author":[{"embeddable":true,"href":"https:\/\/sites.uel.br\/labgea\/wp-json\/wp\/v2\/users\/6"}],"replies":[{"embeddable":true,"href":"https:\/\/sites.uel.br\/labgea\/wp-json\/wp\/v2\/comments?post=81"}],"version-history":[{"count":10,"href":"https:\/\/sites.uel.br\/labgea\/wp-json\/wp\/v2\/pages\/81\/revisions"}],"predecessor-version":[{"id":228,"href":"https:\/\/sites.uel.br\/labgea\/wp-json\/wp\/v2\/pages\/81\/revisions\/228"}],"wp:attachment":[{"href":"https:\/\/sites.uel.br\/labgea\/wp-json\/wp\/v2\/media?parent=81"}],"curies":[{"name":"wp","href":"https:\/\/api.w.org\/{rel}","templated":true}]}}