{"id":70,"date":"2023-10-30T15:49:38","date_gmt":"2023-10-30T18:49:38","guid":{"rendered":"https:\/\/sites.uel.br\/jornalismoeficcao\/?page_id=70"},"modified":"2023-12-06T10:14:44","modified_gmt":"2023-12-06T13:14:44","slug":"sobre","status":"publish","type":"page","link":"https:\/\/sites.uel.br\/jornalismoeficcao\/sobre\/","title":{"rendered":"Sobre"},"content":{"rendered":"\n<div class=\"wp-block-group\"><div class=\"wp-block-group__inner-container is-layout-constrained wp-block-group-is-layout-constrained\"><div class=\"wp-block-image\">\n<figure class=\"alignleft size-full is-resized\"><img loading=\"lazy\" decoding=\"async\" width=\"500\" height=\"500\" src=\"https:\/\/sites.uel.br\/jornalismoeficcao\/wp-content\/uploads\/2023\/10\/colagem_sobre-pbm29ybj3gyrw9ba6w1nqrmuqno9uypg8rmzj8q3k8-1.png\" alt=\"\" class=\"wp-image-73\" style=\"aspect-ratio:1;width:302px;height:auto\" srcset=\"https:\/\/sites.uel.br\/jornalismoeficcao\/wp-content\/uploads\/2023\/10\/colagem_sobre-pbm29ybj3gyrw9ba6w1nqrmuqno9uypg8rmzj8q3k8-1.png 500w, https:\/\/sites.uel.br\/jornalismoeficcao\/wp-content\/uploads\/2023\/10\/colagem_sobre-pbm29ybj3gyrw9ba6w1nqrmuqno9uypg8rmzj8q3k8-1-300x300.png 300w, https:\/\/sites.uel.br\/jornalismoeficcao\/wp-content\/uploads\/2023\/10\/colagem_sobre-pbm29ybj3gyrw9ba6w1nqrmuqno9uypg8rmzj8q3k8-1-150x150.png 150w\" sizes=\"auto, (max-width: 500px) 100vw, 500px\" \/><\/figure>\n<\/div><\/div><\/div>\n\n\n\n<p><strong>Jornalismo &amp; Fic\u00e7\u00e3o: Am\u00e9rica Latina e Caribe \u00e9 uma revista digital, produzida pelo Grupo Gabo de Pesquisa, com desejos de trocar e divulgar conte\u00fados midi\u00e1ticos de escritores-jornalistas, de literatos e de acad\u00eamicos.<\/strong><\/p>\n\n\n\n<p>A ideia surgiu como Projeto de Pesquisa, no Curso de Jornalismo, da Universidade Estadual de Londrina, em 2012, com a proposta de estudar a obra jornal\u00edstico-liter\u00e1ria de Gabriel Garc\u00eda M\u00e1rquez. Durante as primeiras oficinas, os exerc\u00edcios sobre Doze contos peregrinos foram adaptados para a linguagem radiof\u00f4nica, sob o t\u00edtulo Conto falado: imagens da Am\u00e9rica Latina, gravados por Jo\u00e3o Lopes e veiculados pela R\u00e1dio UEL FM, de abril a julho de 2014.<\/p>\n\n\n\n<p>Desde a sua cria\u00e7\u00e3o, o Grupo do Gabo, como passou a ser conhecido na UEL, produz experi\u00eancias jornal\u00edsticas, participa\u00e7\u00f5es em congressos, artigos cient\u00edficos e trabalhos de conclus\u00e3o de curso. A equipe organiza debates, rodas de conversa e confer\u00eancias estimuladas pelo legado de Garc\u00eda M\u00e1rquez. Em 2018, a Oficina Gabo de Leitura Criativa idealizou a constru\u00e7\u00e3o de um site para alocar os conte\u00fados do projeto. Mas s\u00f3 no ano seguinte a proposta foi semeada: surgiu o Instagram @blogdogabo, em plena pandemia, em 2019.<\/p>\n\n\n\n<p>Em 2020, a necessidade do trabalho virtual, durante o isolamento devido a Covid-19, estimulou o Grupo Gabo a produzir uma avalanche de conte\u00fados: s\u00e9ries, cr\u00edticas liter\u00e1rias e cinematogr\u00e1ficas, cr\u00f4nicas, adapta\u00e7\u00f5es, podcasts e IGTVs, com destaque para os folhetinstas (um folhetim min\u00fasculo via Instagram) postados no @blogdogabo e na p\u00e1gina do Facebook Blog do Gabo, num trabalho que teve a participa\u00e7\u00e3o de Ana Clara Mar\u00e7al, B\u00e1rbara Borowski, Duda Paloco, Hiury Pereira, Isabelle Teixeira, Karem Coluciuc, Mateus Saraiva e Samir El Kadri.<\/p>\n\n\n\n<p>Os radiocontos de Doze contos peregrinos ganharam nova roupagem no @blogdogabo, produzidos pelos co-autores originais, da primeira equipe do Grupo do Gabo: Ang\u00e9lica Miquelin, Caroline de Souza, Fabr\u00edcio Evaristo, Isabela Secco, Juliana Mastelini, Mariana Tocci, M\u00f4nica Chagas e B\u00e1rbara Borowski. A reprise foi ao ar em abril de 2020, pela R\u00e1dio UEL FM, e agora os \u00e1udios est\u00e3o dispon\u00edveis no Spotify Blog do Gabo.<\/p>\n\n\n\n<p>O ano de 2021 inaugurou uma nova fase, o @blogdogabo ganhou nome mais amplo para abarcar novas possibilidades @jornalismoeficcao. A cria\u00e7\u00e3o da esta revista digital Jornalismo &amp; Fic\u00e7\u00e3o: Am\u00e9rica Latina e Caribe surgiu para armazenar conte\u00fados de nove anos de pesquisa sobre os textos jornal\u00edstico-liter\u00e1rios de Gabriel Garc\u00eda M\u00e1rquez, aos quais somou-se discuss\u00f5es e cr\u00edticas de novos autores.<\/p>\n\n\n\n<p>2022 e 2023 foram marcados pela produ\u00e7\u00e3o e publica\u00e7\u00e3o de artes visuais, contos, cr\u00f4nicas, TCCs e folhetinstas sobre romances de Garc\u00eda M\u00e1rquez, ou tendo as tem\u00e1ticas inspiradas pela obra jornal\u00edstica, assim como outros textos de participantes do grupo ou frequentadores de oficinas: Ana Carolina Ferreira, Ana Clara Mar\u00e7al, David Paludetto, Duda Paloco, Felipe Soares Luiz, Gabriela Moura, Isabella Abr\u00e3o, Leonardo Pimenta, Lorena Hruschka, Paulo Andrade, Sofia Loredo, Tatiane P\u00edvaro e B\u00e1rbara Borowski.<\/p>\n\n\n\n<p>Para 2024 a proposta \u00e9 integrar outros produtos e g\u00eaneros nas redes sociais e ampliar a magia e a realidade do Jornalismo a outros autores latinoamericanos. Material que ficar\u00e1 resguardado para consulta na Revista Jornalismo &amp; Fic\u00e7\u00e3o: Am\u00e9rica Latina e Caribe, transposto de outra plataforma pelas m\u00e3os cuidadosas de Raisa Moreira Gon\u00e7alves, para o site da Universidade Estadual Londrina. O Grupo Gabo de Pesquisa agradece ao designer gr\u00e1fico Alisson Oliveira de Paula pela cria\u00e7\u00e3o do site anterior e das belas colagens, que continuam a abrir as categorias da revista.<\/p>\n","protected":false},"excerpt":{"rendered":"<p>Jornalismo &amp; Fic\u00e7\u00e3o: Am\u00e9rica Latina e Caribe \u00e9 uma revista digital, produzida pelo Grupo Gabo de Pesquisa, com desejos de trocar e divulgar conte\u00fados midi\u00e1ticos de escritores-jornalistas, de literatos e de acad\u00eamicos. A ideia surgiu como Projeto de Pesquisa, no Curso de Jornalismo, da Universidade Estadual de Londrina, em 2012, com a proposta de estudar [&hellip;]<\/p>\n","protected":false},"author":6,"featured_media":0,"parent":0,"menu_order":0,"comment_status":"closed","ping_status":"closed","template":"","meta":{"footnotes":""},"class_list":["post-70","page","type-page","status-publish","hentry"],"acf":[],"_links":{"self":[{"href":"https:\/\/sites.uel.br\/jornalismoeficcao\/wp-json\/wp\/v2\/pages\/70","targetHints":{"allow":["GET"]}}],"collection":[{"href":"https:\/\/sites.uel.br\/jornalismoeficcao\/wp-json\/wp\/v2\/pages"}],"about":[{"href":"https:\/\/sites.uel.br\/jornalismoeficcao\/wp-json\/wp\/v2\/types\/page"}],"author":[{"embeddable":true,"href":"https:\/\/sites.uel.br\/jornalismoeficcao\/wp-json\/wp\/v2\/users\/6"}],"replies":[{"embeddable":true,"href":"https:\/\/sites.uel.br\/jornalismoeficcao\/wp-json\/wp\/v2\/comments?post=70"}],"version-history":[{"count":14,"href":"https:\/\/sites.uel.br\/jornalismoeficcao\/wp-json\/wp\/v2\/pages\/70\/revisions"}],"predecessor-version":[{"id":435,"href":"https:\/\/sites.uel.br\/jornalismoeficcao\/wp-json\/wp\/v2\/pages\/70\/revisions\/435"}],"wp:attachment":[{"href":"https:\/\/sites.uel.br\/jornalismoeficcao\/wp-json\/wp\/v2\/media?parent=70"}],"curies":[{"name":"wp","href":"https:\/\/api.w.org\/{rel}","templated":true}]}}