{"id":34,"date":"2023-10-19T20:03:41","date_gmt":"2023-10-19T23:03:41","guid":{"rendered":"https:\/\/sites.uel.br\/jornalismoeficcao\/?page_id=34"},"modified":"2023-12-07T18:33:54","modified_gmt":"2023-12-07T21:33:54","slug":"editorial","status":"publish","type":"page","link":"https:\/\/sites.uel.br\/jornalismoeficcao\/editorial\/","title":{"rendered":"Editorial"},"content":{"rendered":"<div class=\"wp-block-image\">\n<figure class=\"alignright size-full is-resized\"><img loading=\"lazy\" decoding=\"async\" width=\"500\" height=\"500\" src=\"https:\/\/sites.uel.br\/jornalismoeficcao\/wp-content\/uploads\/2023\/10\/colagem_editorial-pbm27t8rj219g8f8oyq92b321286bs7gm6566jwdqg.png\" alt=\"\" class=\"wp-image-36\" style=\"aspect-ratio:1;width:443px;height:auto\" srcset=\"https:\/\/sites.uel.br\/jornalismoeficcao\/wp-content\/uploads\/2023\/10\/colagem_editorial-pbm27t8rj219g8f8oyq92b321286bs7gm6566jwdqg.png 500w, https:\/\/sites.uel.br\/jornalismoeficcao\/wp-content\/uploads\/2023\/10\/colagem_editorial-pbm27t8rj219g8f8oyq92b321286bs7gm6566jwdqg-300x300.png 300w, https:\/\/sites.uel.br\/jornalismoeficcao\/wp-content\/uploads\/2023\/10\/colagem_editorial-pbm27t8rj219g8f8oyq92b321286bs7gm6566jwdqg-150x150.png 150w\" sizes=\"auto, (max-width: 500px) 100vw, 500px\" \/><\/figure>\n<\/div>\n\n\n<p><\/p>\n\n\n\n<p>8 de dezembro de 2023<\/p>\n\n\n\n<p><\/p>\n\n\n\n<p>\u00c9 com enorme carinho e promessas aventureiras que reinaugura-se a revista <strong>Jornalismo &amp; Fic\u00e7\u00e3o: Am\u00e9rica Latina e Caribe<\/strong>. Com novas perspectivas e novo endere\u00e7o eletr\u00f4nico pelo sistema digital da Univerisdade Estadual de Londrina &#8211; UEL, a revista est\u00e1 aberta \u00e0 consultas e contribui\u00e7\u00f5es dos profissionais da \u00e1rea, estudantes e professores de Jornalismo do Brasil e dos pa\u00edses iberamericanos.<\/p>\n\n\n\n<p>Desde 2019 publicando textos do Grupo Gabo de Pesquisa e de convidados, a <strong>Jornalismo &amp; Fic\u00e7\u00e3o: Am\u00e9rica Latina e Caribe<\/strong> tem por voca\u00e7\u00e3o investigar os entremeios das produ\u00e7\u00f5es jornal\u00edsticas e liter\u00e1rias, no intuito de registrar, em v\u00e1rios g\u00eaneros e formatos, as tecituras, que ora aparecem ancoradas na realidade, em ve\u00edculos de comunica\u00e7\u00e3o e redes sociais, ora passeiam pela Literatura, ora se expressam em ensaios acad\u00eamicos, produtos de trabalhos de conclus\u00e3o do Curso de Jornalismo da UEL.<\/p>\n\n\n\n<p>Nesta segunda edi\u00e7\u00e3o da revista, chama-se a aten\u00e7\u00e3o para os conte\u00fados que foram inseridos, ao longo de dois anos, nas categorias: Jornalismo, Literatura e Academia. Transitou-se por muitos temas ligados \u00e0 obra de Gabo e n\u00e3o s\u00f3\u2026 o leque se abriu para acompanhar as demandas que trazem indigna\u00e7\u00e3o, alertam para injusti\u00e7as sociais e ambientais, mas tamb\u00e9m buscam esperan\u00e7as aos habitantes do planeta.<\/p>\n\n\n\n<p>Confira e d\u00ea seu palpite. Boa leitura!<\/p>\n\n\n\n<p>Jornalismo &amp; Fic\u00e7\u00e3o: Am\u00e9rica Latina e Caribe 2022 &#8211; 2023<\/p>\n\n\n\n<p><strong>Expediente<\/strong><br>Administra\u00e7\u00e3o: Raisa Moreira Gon\u00e7alves<br>Dire\u00e7\u00e3o de Arte: B\u00e1rbara Borowski<br>Colagens e artes: Helo\u00edsa Gon\u00e7alves, Giulia Carradore, Duda Paloco e Sofia Loredo<br>Secret\u00e1ria e assistente de edi\u00e7\u00e3o: Fernanda Ortenzi<br>Redatores: Lorena Hruschka, Anna Carolina Ferreira Rosa, Ana Clara Mar\u00e7al, Leonardo Pimenta, Paulo Andrade e Bruno Souza<br>Edi\u00e7\u00e3o: Ci\u00e7a Guirado<\/p>\n\n\n\n<hr class=\"wp-block-separator has-alpha-channel-opacity is-style-wide\" \/>\n\n\n\n<p>6 de mar\u00e7o de 2021, homenagem ao nascimento de Gabriel Garc\u00eda M\u00e1rquez<\/p>\n\n\n\n<p>Num tempo nublado entre a ignor\u00e2ncia dos governantes e a trag\u00e9dia causada pelo coronav\u00edrus, \u00e9 urgente fazer um brinde aos que est\u00e3o vivos!<br>\u200d<br>Brindemos aos artistas, jornalistas e escritores que continuam a encantar e a traduzir o mundo para al\u00e9m de nossas janelas.<br>\u200d<br>Aos que j\u00e1 se foram, aos que ainda est\u00e3o e aos que brotam nas soleiras!<br>\u200d<br>Aos estudantes e professores que n\u00e3o desistem!<br><br>O&nbsp;<em>Grupo Gabo de Pesquisa<\/em>&nbsp;convida a todos para desvendarem a revista digital&nbsp;<em>Jornalismo &amp; Fic\u00e7\u00e3o na Am\u00e9rica Latina<\/em>&nbsp;que d\u00e1 a provar tr\u00eas tipos de textos: jornal\u00edsticos, liter\u00e1rios e acad\u00eamicos, al\u00e9m das experimenta\u00e7\u00f5es com YouTube e o Spotify.<\/p>\n\n\n\n<p>Nessa primeira edi\u00e7\u00e3o, agradecemos os convidados David Lara Ramos, de Cartagena de \u00cdndias \u2013 Col\u00f4mbia, e Faustino Rodrigues, de Belo Horizonte \u2013 Brasil. E aos gabiteiros, alunos de Jornalismo da UEL, que produzem&nbsp;<em>folhetinstas<\/em>&nbsp;(drops de folhetim no instagram) e exploram outras formas de jornalismo liter\u00e1rio no @blogdogabo e na p\u00e1gina do Facebook Blog do Gabo. Iniciamos com os conte\u00fados de Samir El Kadri, Mateus Saraiva (Blasco Opala) e Isabelle Teixeira.&nbsp;<\/p>\n\n\n\n<p>Ainda brindemos \u00e0 academia com os textos de Caroline Souza, parceira do projeto desde 2013, e B\u00e1rbara Borowski, que nos acompanha da Cidade do M\u00e9xico. Os textos cient\u00edficos sobre a Am\u00e9rica Latina guardam tamb\u00e9m o gosto m\u00e1gico-travoso, que \u00e0s vezes ado\u00e7a; \u00e0s vezes amarra a boca, ao estilo de Gabo. Aguardamos palpites para continuarmos juntos na dor e na del\u00edcia de ser o que somos: latinoamericanos.<\/p>\n\n\n\n<p>Administra\u00e7\u00e3o: Ana Clara Mar\u00e7al | Dire\u00e7\u00e3o de arte: B\u00e1rbara Borowski | Edi\u00e7\u00e3o: Ci\u00e7a Guirado<\/p>\n","protected":false},"excerpt":{"rendered":"<p>8 de dezembro de 2023 \u00c9 com enorme carinho e promessas aventureiras que reinaugura-se a revista Jornalismo &amp; Fic\u00e7\u00e3o: Am\u00e9rica Latina e Caribe. Com novas perspectivas e novo endere\u00e7o eletr\u00f4nico pelo sistema digital da Univerisdade Estadual de Londrina &#8211; UEL, a revista est\u00e1 aberta \u00e0 consultas e contribui\u00e7\u00f5es dos profissionais da \u00e1rea, estudantes e professores [&hellip;]<\/p>\n","protected":false},"author":6,"featured_media":0,"parent":0,"menu_order":0,"comment_status":"closed","ping_status":"closed","template":"","meta":{"footnotes":""},"class_list":["post-34","page","type-page","status-publish","hentry"],"acf":[],"_links":{"self":[{"href":"https:\/\/sites.uel.br\/jornalismoeficcao\/wp-json\/wp\/v2\/pages\/34","targetHints":{"allow":["GET"]}}],"collection":[{"href":"https:\/\/sites.uel.br\/jornalismoeficcao\/wp-json\/wp\/v2\/pages"}],"about":[{"href":"https:\/\/sites.uel.br\/jornalismoeficcao\/wp-json\/wp\/v2\/types\/page"}],"author":[{"embeddable":true,"href":"https:\/\/sites.uel.br\/jornalismoeficcao\/wp-json\/wp\/v2\/users\/6"}],"replies":[{"embeddable":true,"href":"https:\/\/sites.uel.br\/jornalismoeficcao\/wp-json\/wp\/v2\/comments?post=34"}],"version-history":[{"count":12,"href":"https:\/\/sites.uel.br\/jornalismoeficcao\/wp-json\/wp\/v2\/pages\/34\/revisions"}],"predecessor-version":[{"id":465,"href":"https:\/\/sites.uel.br\/jornalismoeficcao\/wp-json\/wp\/v2\/pages\/34\/revisions\/465"}],"wp:attachment":[{"href":"https:\/\/sites.uel.br\/jornalismoeficcao\/wp-json\/wp\/v2\/media?parent=34"}],"curies":[{"name":"wp","href":"https:\/\/api.w.org\/{rel}","templated":true}]}}

<div class="wp-block-image">
<figure class="alignright size-full is-resized"><img loading="lazy" decoding="async" width="500" height="500" src="https://sites.uel.br/jornalismoeficcao/wp-content/uploads/2023/10/colagem_editorial-pbm27t8rj219g8f8oyq92b321286bs7gm6566jwdqg.png" alt="" class="wp-image-36" style="aspect-ratio:1;width:443px;height:auto" srcset="https://sites.uel.br/jornalismoeficcao/wp-content/uploads/2023/10/colagem_editorial-pbm27t8rj219g8f8oyq92b321286bs7gm6566jwdqg.png 500w, https://sites.uel.br/jornalismoeficcao/wp-content/uploads/2023/10/colagem_editorial-pbm27t8rj219g8f8oyq92b321286bs7gm6566jwdqg-300x300.png 300w, https://sites.uel.br/jornalismoeficcao/wp-content/uploads/2023/10/colagem_editorial-pbm27t8rj219g8f8oyq92b321286bs7gm6566jwdqg-150x150.png 150w" sizes="auto, (max-width: 500px) 100vw, 500px" /></figure>
</div>


<p></p>



<p>8 de dezembro de 2023</p>



<p></p>



<p>É com enorme carinho e promessas aventureiras que reinaugura-se a revista <strong>Jornalismo &amp; Ficção: América Latina e Caribe</strong>. Com novas perspectivas e novo endereço eletrônico pelo sistema digital da Univerisdade Estadual de Londrina &#8211; UEL, a revista está aberta à consultas e contribuições dos profissionais da área, estudantes e professores de Jornalismo do Brasil e dos países iberamericanos.</p>



<p>Desde 2019 publicando textos do Grupo Gabo de Pesquisa e de convidados, a <strong>Jornalismo &amp; Ficção: América Latina e Caribe</strong> tem por vocação investigar os entremeios das produções jornalísticas e literárias, no intuito de registrar, em vários gêneros e formatos, as tecituras, que ora aparecem ancoradas na realidade, em veículos de comunicação e redes sociais, ora passeiam pela Literatura, ora se expressam em ensaios acadêmicos, produtos de trabalhos de conclusão do Curso de Jornalismo da UEL.</p>



<p>Nesta segunda edição da revista, chama-se a atenção para os conteúdos que foram inseridos, ao longo de dois anos, nas categorias: Jornalismo, Literatura e Academia. Transitou-se por muitos temas ligados à obra de Gabo e não só… o leque se abriu para acompanhar as demandas que trazem indignação, alertam para injustiças sociais e ambientais, mas também buscam esperanças aos habitantes do planeta.</p>



<p>Confira e dê seu palpite. Boa leitura!</p>



<p>Jornalismo &amp; Ficção: América Latina e Caribe 2022 &#8211; 2023</p>



<p><strong>Expediente</strong><br>Administração: Raisa Moreira Gonçalves<br>Direção de Arte: Bárbara Borowski<br>Colagens e artes: Heloísa Gonçalves, Giulia Carradore, Duda Paloco e Sofia Loredo<br>Secretária e assistente de edição: Fernanda Ortenzi<br>Redatores: Lorena Hruschka, Anna Carolina Ferreira Rosa, Ana Clara Marçal, Leonardo Pimenta, Paulo Andrade e Bruno Souza<br>Edição: Ciça Guirado</p>



<hr class="wp-block-separator has-alpha-channel-opacity is-style-wide" />



<p>6 de março de 2021, homenagem ao nascimento de Gabriel García Márquez</p>



<p>Num tempo nublado entre a ignorância dos governantes e a tragédia causada pelo coronavírus, é urgente fazer um brinde aos que estão vivos!<br>‍<br>Brindemos aos artistas, jornalistas e escritores que continuam a encantar e a traduzir o mundo para além de nossas janelas.<br>‍<br>Aos que já se foram, aos que ainda estão e aos que brotam nas soleiras!<br>‍<br>Aos estudantes e professores que não desistem!<br><br>O&nbsp;<em>Grupo Gabo de Pesquisa</em>&nbsp;convida a todos para desvendarem a revista digital&nbsp;<em>Jornalismo &amp; Ficção na América Latina</em>&nbsp;que dá a provar três tipos de textos: jornalísticos, literários e acadêmicos, além das experimentações com YouTube e o Spotify.</p>



<p>Nessa primeira edição, agradecemos os convidados David Lara Ramos, de Cartagena de Índias – Colômbia, e Faustino Rodrigues, de Belo Horizonte – Brasil. E aos gabiteiros, alunos de Jornalismo da UEL, que produzem&nbsp;<em>folhetinstas</em>&nbsp;(drops de folhetim no instagram) e exploram outras formas de jornalismo literário no @blogdogabo e na página do Facebook Blog do Gabo. Iniciamos com os conteúdos de Samir El Kadri, Mateus Saraiva (Blasco Opala) e Isabelle Teixeira.&nbsp;</p>



<p>Ainda brindemos à academia com os textos de Caroline Souza, parceira do projeto desde 2013, e Bárbara Borowski, que nos acompanha da Cidade do México. Os textos científicos sobre a América Latina guardam também o gosto mágico-travoso, que às vezes adoça; às vezes amarra a boca, ao estilo de Gabo. Aguardamos palpites para continuarmos juntos na dor e na delícia de ser o que somos: latinoamericanos.</p>



<p>Administração: Ana Clara Marçal | Direção de arte: Bárbara Borowski | Edição: Ciça Guirado</p>

<p>8 de dezembro de 2023 É com enorme carinho e promessas aventureiras que reinaugura-se a revista Jornalismo &amp; Ficção: América Latina e Caribe. Com novas perspectivas e novo endereço eletrônico pelo sistema digital da Univerisdade Estadual de Londrina &#8211; UEL, a revista está aberta à consultas e contribuições dos profissionais da área, estudantes e professores [&hellip;]</p>
