{"id":42,"date":"2023-02-22T12:23:32","date_gmt":"2023-02-22T15:23:32","guid":{"rendered":"https:\/\/sites.uel.br\/jaec\/?page_id=42"},"modified":"2023-02-22T12:23:32","modified_gmt":"2023-02-22T15:23:32","slug":"contato","status":"publish","type":"page","link":"https:\/\/sites.uel.br\/jaec\/contato\/","title":{"rendered":"Contato"},"content":{"rendered":"\n<p>UEL &#8211; Departamento de Ci\u00eancias Cont\u00e1beis, com integrantes da Comiss\u00e3o Organizadora.<\/p>\n\n\n\n<p>Fone: (43) 3371-4265<\/p>\n\n\n\n<p>E-mail: <a href=\"mailto:eventoscontabeis@uel.br\">eventoscontabeis@uel.br<\/a><\/p>\n","protected":false},"excerpt":{"rendered":"<p>UEL &#8211; Departamento de Ci\u00eancias Cont\u00e1beis, com integrantes da Comiss\u00e3o Organizadora. Fone: (43) 3371-4265 E-mail: eventoscontabeis@uel.br<\/p>\n","protected":false},"author":7,"featured_media":0,"parent":0,"menu_order":0,"comment_status":"closed","ping_status":"closed","template":"","meta":{"footnotes":""},"class_list":["post-42","page","type-page","status-publish","hentry"],"acf":[],"_links":{"self":[{"href":"https:\/\/sites.uel.br\/jaec\/wp-json\/wp\/v2\/pages\/42","targetHints":{"allow":["GET"]}}],"collection":[{"href":"https:\/\/sites.uel.br\/jaec\/wp-json\/wp\/v2\/pages"}],"about":[{"href":"https:\/\/sites.uel.br\/jaec\/wp-json\/wp\/v2\/types\/page"}],"author":[{"embeddable":true,"href":"https:\/\/sites.uel.br\/jaec\/wp-json\/wp\/v2\/users\/7"}],"replies":[{"embeddable":true,"href":"https:\/\/sites.uel.br\/jaec\/wp-json\/wp\/v2\/comments?post=42"}],"version-history":[{"count":1,"href":"https:\/\/sites.uel.br\/jaec\/wp-json\/wp\/v2\/pages\/42\/revisions"}],"predecessor-version":[{"id":43,"href":"https:\/\/sites.uel.br\/jaec\/wp-json\/wp\/v2\/pages\/42\/revisions\/43"}],"wp:attachment":[{"href":"https:\/\/sites.uel.br\/jaec\/wp-json\/wp\/v2\/media?parent=42"}],"curies":[{"name":"wp","href":"https:\/\/api.w.org\/{rel}","templated":true}]}}