{"id":266,"date":"2023-03-07T14:07:48","date_gmt":"2023-03-07T17:07:48","guid":{"rendered":"https:\/\/sites.uel.br\/international\/?page_id=266"},"modified":"2024-07-22T13:16:10","modified_gmt":"2024-07-22T16:16:10","slug":"rankings","status":"publish","type":"page","link":"https:\/\/sites.uel.br\/international\/rankings\/","title":{"rendered":"Rankings"},"content":{"rendered":"\n<div style=\"height:49px\" aria-hidden=\"true\" class=\"wp-block-spacer\"><\/div>\n\n\n\n<div class=\"wp-block-columns is-layout-flex wp-container-core-columns-is-layout-9d6595d7 wp-block-columns-is-layout-flex\">\n<div class=\"wp-block-column is-layout-flow wp-block-column-is-layout-flow\">\n<div id=\"wp-block-themeisle-blocks-accordion-d1f5cbe9\" data-has-schema=\"false\" class=\"wp-block-themeisle-blocks-accordion exclusive  is-style-default\">\n<details class=\"wp-block-themeisle-blocks-accordion-item\"><summary class=\"wp-block-themeisle-blocks-accordion-item__title\"><div><img loading=\"lazy\" decoding=\"async\" width=\"882\" height=\"463\" class=\"wp-image-377\" style=\"width: 350px\" src=\"https:\/\/sites.uel.br\/international\/wp-content\/uploads\/2023\/03\/QS_World_University_Rankings_Logo.jpeg\" alt=\"\" srcset=\"https:\/\/sites.uel.br\/international\/wp-content\/uploads\/2023\/03\/QS_World_University_Rankings_Logo.jpeg 882w, https:\/\/sites.uel.br\/international\/wp-content\/uploads\/2023\/03\/QS_World_University_Rankings_Logo-300x157.jpeg 300w, https:\/\/sites.uel.br\/international\/wp-content\/uploads\/2023\/03\/QS_World_University_Rankings_Logo-768x403.jpeg 768w\" sizes=\"auto, (max-width: 882px) 100vw, 882px\" \/><\/div><\/summary><div class=\"wp-block-themeisle-blocks-accordion-item__content\">\n<h3 class=\"wp-block-heading\">QS World University Rankings<\/h3>\n\n\n\n<p>UEL was considered as the best state university in Paran\u00e1 and the 4th best state university in Brazil, according to the QS World University Rankings. The ranking is published by Quacquarelli Symonds, a British consulting office especialized in higher education. Together with nine other institutions, UEL is the 10th best ranked among Brazilian universities. Federal University of Paran\u00e1 holds the same position, and only these two institutions from the state of Paran\u00e1 were classified in this ranking.<\/p>\n\n\n\n<p><\/p>\n<\/div><\/details>\n\n\n\n<details class=\"wp-block-themeisle-blocks-accordion-item\"><summary class=\"wp-block-themeisle-blocks-accordion-item__title\"><div><img loading=\"lazy\" decoding=\"async\" width=\"500\" height=\"250\" class=\"wp-image-388\" style=\"width: 350px\" src=\"https:\/\/sites.uel.br\/international\/wp-content\/uploads\/2023\/03\/ranking_folha_uniuv-small500.png\" alt=\"\" srcset=\"https:\/\/sites.uel.br\/international\/wp-content\/uploads\/2023\/03\/ranking_folha_uniuv-small500.png 500w, https:\/\/sites.uel.br\/international\/wp-content\/uploads\/2023\/03\/ranking_folha_uniuv-small500-300x150.png 300w\" sizes=\"auto, (max-width: 500px) 100vw, 500px\" \/><\/div><\/summary><div class=\"wp-block-themeisle-blocks-accordion-item__content\">\n<h3 class=\"wp-block-heading\">RUF<\/h3>\n\n\n\n<p>UEL was considered the 24th best university in Brazil, and the second best in Parana state (only behind the Federal University of Paran\u00e1), according to RUF (Ranking Universit\u00e1rio Folha), published by the journal Folha de S\u00e3o Paulo. UEL has improved one position, since it was in the 25h position in the previous ranking.<\/p>\n\n\n\n<p><\/p>\n<\/div><\/details>\n\n\n\n<details class=\"wp-block-themeisle-blocks-accordion-item\"><summary class=\"wp-block-themeisle-blocks-accordion-item__title\"><div><img loading=\"lazy\" decoding=\"async\" width=\"850\" height=\"410\" class=\"wp-image-383\" style=\"width: 350px\" src=\"https:\/\/sites.uel.br\/international\/wp-content\/uploads\/2023\/03\/the-impact-ranking-2020.png\" alt=\"\" srcset=\"https:\/\/sites.uel.br\/international\/wp-content\/uploads\/2023\/03\/the-impact-ranking-2020.png 850w, https:\/\/sites.uel.br\/international\/wp-content\/uploads\/2023\/03\/the-impact-ranking-2020-300x145.png 300w, https:\/\/sites.uel.br\/international\/wp-content\/uploads\/2023\/03\/the-impact-ranking-2020-768x370.png 768w\" sizes=\"auto, (max-width: 850px) 100vw, 850px\" \/><\/div><\/summary><div class=\"wp-block-themeisle-blocks-accordion-item__content\">\n<h3 class=\"wp-block-heading\">The University Impact Rankings<\/h3>\n\n\n\n<p>State University of Londrina (UEL) was classified in the group\u00a0 301-400 amongst the most sustainable universities in the world, according to <em>The University Impact Ranking <\/em>in 2024. This ranking evaluated more than 2,100 institutions worldwide, and 55 of them were Brazilian.<\/p>\n\n\n\n<p>The ranking recognizes institutions from all over the world according to their socioeconomic impact, based on the Sustainable Development Goals (SDG) proposed by the United Nations. The university rector has reaffirmed the commitment of UEL to the 2030 Agenda for Sustainable Development.<\/p>\n\n\n\n<figure class=\"wp-block-image size-full\"><img loading=\"lazy\" decoding=\"async\" width=\"1000\" height=\"800\" src=\"https:\/\/sites.uel.br\/international\/wp-content\/uploads\/2024\/07\/ODS-ICONES.png\" alt=\"\" class=\"wp-image-1799\" srcset=\"https:\/\/sites.uel.br\/international\/wp-content\/uploads\/2024\/07\/ODS-ICONES.png 1000w, https:\/\/sites.uel.br\/international\/wp-content\/uploads\/2024\/07\/ODS-ICONES-300x240.png 300w, https:\/\/sites.uel.br\/international\/wp-content\/uploads\/2024\/07\/ODS-ICONES-768x614.png 768w\" sizes=\"auto, (max-width: 1000px) 100vw, 1000px\" \/><\/figure>\n<\/div><\/details>\n<\/div>\n<\/div>\n\n\n\n<div class=\"wp-block-column is-layout-flow wp-block-column-is-layout-flow\">\n<div id=\"wp-block-themeisle-blocks-accordion-886a4c3e\" class=\"wp-block-themeisle-blocks-accordion exclusive is-style-default\">\n<details class=\"wp-block-themeisle-blocks-accordion-item\"><summary class=\"wp-block-themeisle-blocks-accordion-item__title\"><div><img loading=\"lazy\" decoding=\"async\" width=\"1200\" height=\"630\" class=\"wp-image-381\" style=\"width: 350px\" src=\"https:\/\/sites.uel.br\/international\/wp-content\/uploads\/2023\/03\/ranking_the.jpeg\" alt=\"\" srcset=\"https:\/\/sites.uel.br\/international\/wp-content\/uploads\/2023\/03\/ranking_the.jpeg 1200w, https:\/\/sites.uel.br\/international\/wp-content\/uploads\/2023\/03\/ranking_the-300x158.jpeg 300w, https:\/\/sites.uel.br\/international\/wp-content\/uploads\/2023\/03\/ranking_the-1024x538.jpeg 1024w, https:\/\/sites.uel.br\/international\/wp-content\/uploads\/2023\/03\/ranking_the-768x403.jpeg 768w\" sizes=\"auto, (max-width: 1200px) 100vw, 1200px\" \/><\/div><\/summary><div class=\"wp-block-themeisle-blocks-accordion-item__content\">\n<h3 class=\"wp-block-heading\">THE World University Ranking<\/h3>\n\n\n\n<p>UEL ranks among the best universities in Brazil according to the World University Ranking, published by the English magazine THE (Times Higher Education). Among the 36 Brazilian institutions in this ranking, UEL is the 5th best state university, excelling in research and teaching.<\/p>\n<\/div><\/details>\n\n\n\n<details class=\"wp-block-themeisle-blocks-accordion-item\"><summary class=\"wp-block-themeisle-blocks-accordion-item__title\"><div><img loading=\"lazy\" decoding=\"async\" width=\"3500\" height=\"1723\" class=\"wp-image-385\" style=\"width: 350px\" src=\"https:\/\/sites.uel.br\/international\/wp-content\/uploads\/2023\/03\/inep-logo-1.png\" alt=\"\" srcset=\"https:\/\/sites.uel.br\/international\/wp-content\/uploads\/2023\/03\/inep-logo-1.png 3500w, https:\/\/sites.uel.br\/international\/wp-content\/uploads\/2023\/03\/inep-logo-1-300x148.png 300w, https:\/\/sites.uel.br\/international\/wp-content\/uploads\/2023\/03\/inep-logo-1-1024x504.png 1024w, https:\/\/sites.uel.br\/international\/wp-content\/uploads\/2023\/03\/inep-logo-1-768x378.png 768w, https:\/\/sites.uel.br\/international\/wp-content\/uploads\/2023\/03\/inep-logo-1-1536x756.png 1536w, https:\/\/sites.uel.br\/international\/wp-content\/uploads\/2023\/03\/inep-logo-1-2048x1008.png 2048w\" sizes=\"auto, (max-width: 3500px) 100vw, 3500px\" \/><\/div><\/summary><div class=\"wp-block-themeisle-blocks-accordion-item__content\">\n<h3 class=\"wp-block-heading\">IGC<\/h3>\n\n\n\n<p>UEL is the highest ranked among the state universities from the South region of Brazil in the \u00cdndice Geral de Cursos (IGC) ranking, according to results published by the Instituto Nacional de Estudos e Pesquisas Educacionais An\u00edsio Teixeira (Inep), from the Ministry of Education (MEC). In the national scenario, UEL holds the 23rd position among Brazilian universities and 21st among public universities, stablishing herself among the top 4 state universities in Brazil.<\/p>\n<\/div><\/details>\n<\/div>\n<\/div>\n<\/div>\n","protected":false},"excerpt":{"rendered":"","protected":false},"author":6,"featured_media":0,"parent":0,"menu_order":0,"comment_status":"closed","ping_status":"closed","template":"","meta":{"_themeisle_gutenberg_block_has_review":false,"footnotes":""},"class_list":["post-266","page","type-page","status-publish","hentry"],"acf":[],"_links":{"self":[{"href":"https:\/\/sites.uel.br\/international\/wp-json\/wp\/v2\/pages\/266","targetHints":{"allow":["GET"]}}],"collection":[{"href":"https:\/\/sites.uel.br\/international\/wp-json\/wp\/v2\/pages"}],"about":[{"href":"https:\/\/sites.uel.br\/international\/wp-json\/wp\/v2\/types\/page"}],"author":[{"embeddable":true,"href":"https:\/\/sites.uel.br\/international\/wp-json\/wp\/v2\/users\/6"}],"replies":[{"embeddable":true,"href":"https:\/\/sites.uel.br\/international\/wp-json\/wp\/v2\/comments?post=266"}],"version-history":[{"count":12,"href":"https:\/\/sites.uel.br\/international\/wp-json\/wp\/v2\/pages\/266\/revisions"}],"predecessor-version":[{"id":1800,"href":"https:\/\/sites.uel.br\/international\/wp-json\/wp\/v2\/pages\/266\/revisions\/1800"}],"wp:attachment":[{"href":"https:\/\/sites.uel.br\/international\/wp-json\/wp\/v2\/media?parent=266"}],"curies":[{"name":"wp","href":"https:\/\/api.w.org\/{rel}","templated":true}]}}