{"id":2366,"date":"2025-11-10T11:21:45","date_gmt":"2025-11-10T14:21:45","guid":{"rendered":"https:\/\/sites.uel.br\/international\/?page_id=2366"},"modified":"2025-11-11T13:48:29","modified_gmt":"2025-11-11T16:48:29","slug":"objectifs-de-developpement-durable","status":"publish","type":"page","link":"https:\/\/sites.uel.br\/international\/fr\/a-propos-de-luel\/objectifs-de-developpement-durable\/","title":{"rendered":"Objectifs de D\u00e9veloppement Durable"},"content":{"rendered":"\n<div style=\"height:20px\" aria-hidden=\"true\" class=\"wp-block-spacer\"><\/div>\n\n\n\n<div class=\"wp-block-cover alignfull\" style=\"margin-top:0;padding-top:4vw;padding-right:4vw;padding-bottom:4vw;padding-left:4vw;min-height:50px;aspect-ratio:unset;\"><img loading=\"lazy\" decoding=\"async\" width=\"678\" height=\"386\" class=\"wp-block-cover__image-background wp-image-1288\" alt=\"\" src=\"https:\/\/sites.uel.br\/international\/wp-content\/uploads\/2024\/06\/Foto-do-Portal-Sustentabilidade.png\" data-object-fit=\"cover\" srcset=\"https:\/\/sites.uel.br\/international\/wp-content\/uploads\/2024\/06\/Foto-do-Portal-Sustentabilidade.png 678w, https:\/\/sites.uel.br\/international\/wp-content\/uploads\/2024\/06\/Foto-do-Portal-Sustentabilidade-300x171.png 300w\" sizes=\"auto, (max-width: 678px) 100vw, 678px\" \/><span aria-hidden=\"true\" class=\"wp-block-cover__background has-background-dim-0 has-background-dim\" style=\"background-color:#2c3066\"><\/span><div class=\"wp-block-cover__inner-container is-layout-flow wp-block-cover-is-layout-flow\">\n<div class=\"wp-block-group\"><div class=\"wp-block-group__inner-container is-layout-flow wp-block-group-is-layout-flow\">\n<p class=\"has-text-align-center has-cinza-claro-color has-text-color\" style=\"font-size:59px;font-style:normal;font-weight:800;letter-spacing:10px;line-height:0.9;text-transform:capitalize\"><\/p>\n<\/div><\/div>\n<\/div><\/div>\n\n\n\n<div class=\"wp-block-columns is-layout-flex wp-container-core-columns-is-layout-9d6595d7 wp-block-columns-is-layout-flex\">\n<div class=\"wp-block-column is-layout-flow wp-block-column-is-layout-flow\" style=\"flex-basis:100%\">\n<p><\/p>\n\n\n\n<p><a href=\"https:\/\/sites.uel.br\/sustentabilidade\/apresentacao\/\">Le portail int\u00e9gr\u00e9 de l&#8217;UEL<\/a> vise \u00e0 rassembler et \u00e0 pr\u00e9senter les initiatives de d\u00e9veloppement durable men\u00e9es par les \u00e9tudiants, les professeurs, le personnel et l&#8217;administration elle-m\u00eame. Servant d&#8217;outil de recherche, il diffuse son contenu en fonction des 17 Objectifs de d\u00e9veloppement durable (ODD) d\u00e9finis dans l&#8217;Agenda 2030 des Nations Unies.<br><\/p>\n\n\n\n<p>Regroupant les contenus relatifs \u00e0 plus de 125 projets de recherche et de diffusion des connaissances, tels que des rapports, des vid\u00e9os, des liens vers les r\u00e9seaux sociaux et les coordonn\u00e9es des coordinateurs, le Portail int\u00e9gr\u00e9 centralise \u00e9galement les directives concernant les principales actions de d\u00e9veloppement durable mises en \u0153uvre par l&#8217;administration sur le campus universitaire ces derni\u00e8res ann\u00e9es. Parmi ces mesures, on peut citer le Programme de gestion environnementale \u2013 UEL Recycle, le Plan de gestion des d\u00e9chets solides et les actions visant \u00e0 pr\u00e9server la faune et la flore ainsi qu&#8217;\u00e0 am\u00e9liorer l&#8217;efficacit\u00e9 \u00e9nerg\u00e9tique.<\/p>\n\n\n\n<p>Le portail int\u00e9gr\u00e9 vise \u00e0 toucher la communaut\u00e9, en repr\u00e9sentant ce que l&#8217;UEL fait d\u00e9j\u00e0 aux c\u00f4t\u00e9s de nombreux partenaires importants : l&#8217;Association commerciale et industrielle de Londrina (Acil) ; la mairie de Londrina ; le Secr\u00e9tariat \u00e0 la science, \u00e0 la technologie et \u00e0 l&#8217;enseignement sup\u00e9rieur (Seti) ; le gouvernement du Paran\u00e1 ; et des partenaires financiers tels que Finep (Agence de financement des \u00e9tudes et des projets), la Fondation Araucaria et le Conseil national pour le d\u00e9veloppement scientifique et technologique (CNPq).<\/p>\n\n\n\n<p>Lorsqu&#8217;on aborde le d\u00e9veloppement durable, beaucoup se limitent encore aux actions environnementales. Or, chaque Objectif de d\u00e9veloppement durable (ODD) comprend cinq ou six cibles. Ainsi, la validation des projets mis en avant sur le Portail est attest\u00e9e par un membre du corps professoral, d\u00e9montrant que le projet contribue \u00e0 la r\u00e9alisation d&#8217;une cible au sein de cet ODD.<\/p>\n<\/div>\n<\/div>\n\n\n<div class=\"wp-block-image\">\n<figure class=\"aligncenter size-full\"><img loading=\"lazy\" decoding=\"async\" width=\"810\" height=\"540\" src=\"https:\/\/sites.uel.br\/international\/wp-content\/uploads\/2025\/11\/ODD.jpg\" alt=\"\" class=\"wp-image-2715\" srcset=\"https:\/\/sites.uel.br\/international\/wp-content\/uploads\/2025\/11\/ODD.jpg 810w, https:\/\/sites.uel.br\/international\/wp-content\/uploads\/2025\/11\/ODD-300x200.jpg 300w, https:\/\/sites.uel.br\/international\/wp-content\/uploads\/2025\/11\/ODD-768x512.jpg 768w\" sizes=\"auto, (max-width: 810px) 100vw, 810px\" \/><\/figure>\n<\/div>","protected":false},"excerpt":{"rendered":"<p>Le portail int\u00e9gr\u00e9 de l&#8217;UEL vise \u00e0 rassembler et \u00e0 pr\u00e9senter les initiatives de d\u00e9veloppement durable men\u00e9es par les \u00e9tudiants, les professeurs, le personnel et l&#8217;administration elle-m\u00eame. Servant d&#8217;outil de recherche, il diffuse son contenu en fonction des 17 Objectifs de d\u00e9veloppement durable (ODD) d\u00e9finis dans l&#8217;Agenda 2030 des Nations Unies. Regroupant les contenus relatifs [&hellip;]<\/p>\n","protected":false},"author":13,"featured_media":0,"parent":2690,"menu_order":0,"comment_status":"closed","ping_status":"closed","template":"","meta":{"_themeisle_gutenberg_block_has_review":false,"footnotes":""},"class_list":["post-2366","page","type-page","status-publish","hentry"],"acf":[],"_links":{"self":[{"href":"https:\/\/sites.uel.br\/international\/wp-json\/wp\/v2\/pages\/2366","targetHints":{"allow":["GET"]}}],"collection":[{"href":"https:\/\/sites.uel.br\/international\/wp-json\/wp\/v2\/pages"}],"about":[{"href":"https:\/\/sites.uel.br\/international\/wp-json\/wp\/v2\/types\/page"}],"author":[{"embeddable":true,"href":"https:\/\/sites.uel.br\/international\/wp-json\/wp\/v2\/users\/13"}],"replies":[{"embeddable":true,"href":"https:\/\/sites.uel.br\/international\/wp-json\/wp\/v2\/comments?post=2366"}],"version-history":[{"count":3,"href":"https:\/\/sites.uel.br\/international\/wp-json\/wp\/v2\/pages\/2366\/revisions"}],"predecessor-version":[{"id":2717,"href":"https:\/\/sites.uel.br\/international\/wp-json\/wp\/v2\/pages\/2366\/revisions\/2717"}],"up":[{"embeddable":true,"href":"https:\/\/sites.uel.br\/international\/wp-json\/wp\/v2\/pages\/2690"}],"wp:attachment":[{"href":"https:\/\/sites.uel.br\/international\/wp-json\/wp\/v2\/media?parent=2366"}],"curies":[{"name":"wp","href":"https:\/\/api.w.org\/{rel}","templated":true}]}}