{"id":2356,"date":"2025-11-06T10:42:13","date_gmt":"2025-11-06T13:42:13","guid":{"rendered":"https:\/\/sites.uel.br\/international\/?page_id=2356"},"modified":"2025-11-06T10:43:12","modified_gmt":"2025-11-06T13:43:12","slug":"mision","status":"publish","type":"page","link":"https:\/\/sites.uel.br\/international\/es\/mision\/","title":{"rendered":"Misi\u00f3n"},"content":{"rendered":"\n<div style=\"height:50px\" aria-hidden=\"true\" class=\"wp-block-spacer\"><\/div>\n\n\n\n<div id=\"wp-block-themeisle-blocks-slider-fe325d36\" class=\"wp-block-themeisle-blocks-slider glide\" data-per-view=\"1\" data-gap=\"0\" data-peek=\"0\" data-autoplay=\"true\" data-height=\"450px\" data-hide-arrows=\"false\"><div class=\"glide__track\" data-glide-el=\"track\"><div class=\"glide__slides\"><div class=\"wp-block-themeisle-blocks-slider-item-wrapper glide__slide\"><figure><img decoding=\"async\" class=\"wp-block-themeisle-blocks-slider-item\" src=\"https:\/\/sites.uel.br\/international\/wp-content\/uploads\/2023\/03\/Semana-da-Favela-3.jpg\" alt=\"\" title=\"\" data-id=\"721\" \/><\/figure><\/div><div class=\"wp-block-themeisle-blocks-slider-item-wrapper glide__slide\"><figure><img decoding=\"async\" class=\"wp-block-themeisle-blocks-slider-item\" src=\"https:\/\/sites.uel.br\/international\/wp-content\/uploads\/2023\/03\/Dia-da-Sergipe-1.jpg\" alt=\"\" title=\"\" data-id=\"720\" \/><\/figure><\/div><div class=\"wp-block-themeisle-blocks-slider-item-wrapper glide__slide\"><figure><img decoding=\"async\" class=\"wp-block-themeisle-blocks-slider-item\" src=\"https:\/\/sites.uel.br\/international\/wp-content\/uploads\/2023\/03\/Feirinha-da-Cidadania-1.jpg\" alt=\"\" title=\"\" data-id=\"719\" \/><\/figure><\/div><div class=\"wp-block-themeisle-blocks-slider-item-wrapper glide__slide\"><figure><img decoding=\"async\" class=\"wp-block-themeisle-blocks-slider-item\" src=\"https:\/\/sites.uel.br\/international\/wp-content\/uploads\/2024\/06\/Feirinha-da-Cidadania.jpeg\" alt=\"\" title=\"\" data-id=\"1581\" \/><\/figure><\/div><div class=\"wp-block-themeisle-blocks-slider-item-wrapper glide__slide\"><figure><img decoding=\"async\" class=\"wp-block-themeisle-blocks-slider-item\" src=\"https:\/\/sites.uel.br\/international\/wp-content\/uploads\/2024\/06\/Rondon.jpeg\" alt=\"\" title=\"\" data-id=\"1582\" \/><\/figure><\/div><div class=\"wp-block-themeisle-blocks-slider-item-wrapper glide__slide\"><figure><img decoding=\"async\" class=\"wp-block-themeisle-blocks-slider-item\" src=\"https:\/\/sites.uel.br\/international\/wp-content\/uploads\/2024\/06\/Por-Extenso-scaled.jpeg\" alt=\"\" title=\"\" data-id=\"1583\" \/><\/figure><\/div><div class=\"wp-block-themeisle-blocks-slider-item-wrapper glide__slide\"><figure><img decoding=\"async\" class=\"wp-block-themeisle-blocks-slider-item\" src=\"https:\/\/sites.uel.br\/international\/wp-content\/uploads\/2024\/06\/Smart-Farm-Expolondrina.jpeg\" alt=\"\" title=\"\" data-id=\"1584\" \/><\/figure><\/div><div class=\"wp-block-themeisle-blocks-slider-item-wrapper glide__slide\"><figure><img decoding=\"async\" class=\"wp-block-themeisle-blocks-slider-item\" src=\"https:\/\/sites.uel.br\/international\/wp-content\/uploads\/2024\/06\/Calcadao-com-LAbLinguas.jpeg\" alt=\"\" title=\"\" data-id=\"1585\" \/><figcaption>E-mail: gilbertoabelha@yahoo.com<\/figcaption><\/figure><\/div><\/div><div class=\"glide__bullets\" data-glide-el=\"controls[nav]\"><button class=\"glide__bullet\" data-glide-dir=\"=0\"><\/button><button class=\"glide__bullet\" data-glide-dir=\"=1\"><\/button><button class=\"glide__bullet\" data-glide-dir=\"=2\"><\/button><button class=\"glide__bullet\" data-glide-dir=\"=3\"><\/button><button class=\"glide__bullet\" data-glide-dir=\"=4\"><\/button><button class=\"glide__bullet\" data-glide-dir=\"=5\"><\/button><button class=\"glide__bullet\" data-glide-dir=\"=6\"><\/button><button class=\"glide__bullet\" data-glide-dir=\"=7\"><\/button><\/div><\/div><\/div>\n\n\n\n<div style=\"height:50px\" aria-hidden=\"true\" class=\"wp-block-spacer\"><\/div>\n\n\n\n<h1 class=\"wp-block-heading\"><strong>Algunos eventos institucionales<\/strong><\/h1>\n\n\n\n<div style=\"height:33px\" aria-hidden=\"true\" class=\"wp-block-spacer\"><\/div>\n\n\n\n<div class=\"wp-block-columns is-layout-flex wp-container-core-columns-is-layout-9d6595d7 wp-block-columns-is-layout-flex\">\n<div class=\"wp-block-column is-layout-flow wp-block-column-is-layout-flow\"><div class=\"wp-block-image\">\n<figure class=\"aligncenter size-full is-resized\"><img loading=\"lazy\" decoding=\"async\" width=\"509\" height=\"289\" src=\"https:\/\/sites.uel.br\/international\/wp-content\/uploads\/2024\/07\/Calcadao-da-Extensao.png\" alt=\"\" class=\"wp-image-1907\" style=\"width:366px;height:auto\" srcset=\"https:\/\/sites.uel.br\/international\/wp-content\/uploads\/2024\/07\/Calcadao-da-Extensao.png 509w, https:\/\/sites.uel.br\/international\/wp-content\/uploads\/2024\/07\/Calcadao-da-Extensao-300x170.png 300w\" sizes=\"auto, (max-width: 509px) 100vw, 509px\" \/><figcaption class=\"wp-element-caption\">Caminata de Extensi\u00f3n<\/figcaption><\/figure>\n<\/div><\/div>\n\n\n\n<div class=\"wp-block-column is-layout-flow wp-block-column-is-layout-flow\"><div class=\"wp-block-image\">\n<figure class=\"aligncenter size-full is-resized\"><img loading=\"lazy\" decoding=\"async\" width=\"509\" height=\"289\" src=\"https:\/\/sites.uel.br\/international\/wp-content\/uploads\/2024\/07\/Via-Rural-Smart-Farm-ExpoLondrina.png\" alt=\"\" class=\"wp-image-1908\" style=\"width:372px;height:auto\" srcset=\"https:\/\/sites.uel.br\/international\/wp-content\/uploads\/2024\/07\/Via-Rural-Smart-Farm-ExpoLondrina.png 509w, https:\/\/sites.uel.br\/international\/wp-content\/uploads\/2024\/07\/Via-Rural-Smart-Farm-ExpoLondrina-300x170.png 300w\" sizes=\"auto, (max-width: 509px) 100vw, 509px\" \/><figcaption class=\"wp-element-caption\">Via Rural Smart Farm \u2013 ExpoLondrina<br><\/figcaption><\/figure>\n<\/div><\/div>\n<\/div>\n\n\n\n<div class=\"wp-block-columns is-layout-flex wp-container-core-columns-is-layout-9d6595d7 wp-block-columns-is-layout-flex\">\n<div class=\"wp-block-column is-layout-flow wp-block-column-is-layout-flow\"><div class=\"wp-block-image\">\n<figure class=\"aligncenter size-full is-resized\"><img loading=\"lazy\" decoding=\"async\" width=\"509\" height=\"289\" src=\"https:\/\/sites.uel.br\/international\/wp-content\/uploads\/2024\/07\/Feirinha-da-Cidadania.png\" alt=\"\" class=\"wp-image-1909\" style=\"width:403px;height:auto\" srcset=\"https:\/\/sites.uel.br\/international\/wp-content\/uploads\/2024\/07\/Feirinha-da-Cidadania.png 509w, https:\/\/sites.uel.br\/international\/wp-content\/uploads\/2024\/07\/Feirinha-da-Cidadania-300x170.png 300w\" sizes=\"auto, (max-width: 509px) 100vw, 509px\" \/><figcaption class=\"wp-element-caption\">Feria de Ciudadan\u00eda<br><\/figcaption><\/figure>\n<\/div><\/div>\n\n\n\n<div class=\"wp-block-column is-layout-flow wp-block-column-is-layout-flow\"><div class=\"wp-block-image\">\n<figure class=\"aligncenter size-full is-resized\"><img loading=\"lazy\" decoding=\"async\" width=\"509\" height=\"289\" src=\"https:\/\/sites.uel.br\/international\/wp-content\/uploads\/2024\/07\/Rondon-Parana.png\" alt=\"\" class=\"wp-image-1910\" style=\"width:402px;height:auto\" srcset=\"https:\/\/sites.uel.br\/international\/wp-content\/uploads\/2024\/07\/Rondon-Parana.png 509w, https:\/\/sites.uel.br\/international\/wp-content\/uploads\/2024\/07\/Rondon-Parana-300x170.png 300w\" sizes=\"auto, (max-width: 509px) 100vw, 509px\" \/><figcaption class=\"wp-element-caption\">Rondon Paran\u00e1<\/figcaption><\/figure>\n<\/div><\/div>\n<\/div>\n\n\n\n<div class=\"wp-block-columns is-layout-flex wp-container-core-columns-is-layout-9d6595d7 wp-block-columns-is-layout-flex\">\n<div class=\"wp-block-column is-layout-flow wp-block-column-is-layout-flow\"><div class=\"wp-block-image\">\n<figure class=\"aligncenter size-full is-resized\"><img loading=\"lazy\" decoding=\"async\" width=\"509\" height=\"289\" src=\"https:\/\/sites.uel.br\/international\/wp-content\/uploads\/2024\/07\/Por-Extenso-4.png\" alt=\"\" class=\"wp-image-1922\" style=\"width:403px;height:auto\" srcset=\"https:\/\/sites.uel.br\/international\/wp-content\/uploads\/2024\/07\/Por-Extenso-4.png 509w, https:\/\/sites.uel.br\/international\/wp-content\/uploads\/2024\/07\/Por-Extenso-4-300x170.png 300w\" sizes=\"auto, (max-width: 509px) 100vw, 509px\" \/><figcaption class=\"wp-element-caption\">Por Extenso<br><\/figcaption><\/figure>\n<\/div><\/div>\n\n\n\n<div class=\"wp-block-column is-layout-flow wp-block-column-is-layout-flow\"><\/div>\n<\/div>\n\n\n\n<div class=\"wp-block-columns is-layout-flex wp-container-core-columns-is-layout-9d6595d7 wp-block-columns-is-layout-flex\">\n<div class=\"wp-block-column is-layout-flow wp-block-column-is-layout-flow\">\n<p>Extensi\u00f3n Universitaria (en portugu\u00e9s, Extens\u00e3o) comprende dimensiones interdisciplinarias, pol\u00edtico-educativas, sociales, culturales, cient\u00edficas, tecnol\u00f3gicas e innovadoras, promoviendo una interacci\u00f3n transformadora entre la UEL y los diversos sectores de la sociedad.<\/p>\n\n\n\n<p>Esto constituye un proceso pedag\u00f3gico participativo y una aplicaci\u00f3n pr\u00e1ctica del conocimiento.<\/p>\n\n\n\n<p>Las actividades de extensi\u00f3n son intervenciones que involucran e impactan directamente a comunidades externas a la Universidad, siendo inseparables de las actividades de ense\u00f1anza e investigaci\u00f3n.<\/p>\n<\/div>\n\n\n\n<div class=\"wp-block-column is-layout-flow wp-block-column-is-layout-flow\">\n<p>La Oficina de Extensi\u00f3n, Cultura y Sociedad (PROEX) gestiona y\/o coordina actualmente m\u00e1s de 300 programas de extensi\u00f3n, que involucran a cientos de profesores y a miles de estudiantes.<\/p>\n\n\n\n<p>Los Objetivos de Desarrollo Sostenible (ODS) son un llamado global a la acci\u00f3n para poner fin a la pobreza, proteger el medio ambiente y el clima, y garantizar que todas las personas disfruten de paz y prosperidad.<\/p>\n\n\n\n<p>Estos forman parte de las acciones de la PROEX para contribuir al cumplimiento de la Agenda 2030 en Brasil.<\/p>\n<\/div>\n<\/div>\n\n\n\n<p><\/p>\n","protected":false},"excerpt":{"rendered":"<p>Algunos eventos institucionales Extensi\u00f3n Universitaria (en portugu\u00e9s, Extens\u00e3o) comprende dimensiones interdisciplinarias, pol\u00edtico-educativas, sociales, culturales, cient\u00edficas, tecnol\u00f3gicas e innovadoras, promoviendo una interacci\u00f3n transformadora entre la UEL y los diversos sectores de la sociedad. Esto constituye un proceso pedag\u00f3gico participativo y una aplicaci\u00f3n pr\u00e1ctica del conocimiento. Las actividades de extensi\u00f3n son intervenciones que involucran e impactan directamente [&hellip;]<\/p>\n","protected":false},"author":13,"featured_media":0,"parent":0,"menu_order":0,"comment_status":"closed","ping_status":"closed","template":"","meta":{"_themeisle_gutenberg_block_has_review":false,"footnotes":""},"class_list":["post-2356","page","type-page","status-publish","hentry"],"acf":[],"_links":{"self":[{"href":"https:\/\/sites.uel.br\/international\/wp-json\/wp\/v2\/pages\/2356","targetHints":{"allow":["GET"]}}],"collection":[{"href":"https:\/\/sites.uel.br\/international\/wp-json\/wp\/v2\/pages"}],"about":[{"href":"https:\/\/sites.uel.br\/international\/wp-json\/wp\/v2\/types\/page"}],"author":[{"embeddable":true,"href":"https:\/\/sites.uel.br\/international\/wp-json\/wp\/v2\/users\/13"}],"replies":[{"embeddable":true,"href":"https:\/\/sites.uel.br\/international\/wp-json\/wp\/v2\/comments?post=2356"}],"version-history":[{"count":2,"href":"https:\/\/sites.uel.br\/international\/wp-json\/wp\/v2\/pages\/2356\/revisions"}],"predecessor-version":[{"id":2469,"href":"https:\/\/sites.uel.br\/international\/wp-json\/wp\/v2\/pages\/2356\/revisions\/2469"}],"wp:attachment":[{"href":"https:\/\/sites.uel.br\/international\/wp-json\/wp\/v2\/media?parent=2356"}],"curies":[{"name":"wp","href":"https:\/\/api.w.org\/{rel}","templated":true}]}}