{"id":2338,"date":"2025-11-10T11:10:04","date_gmt":"2025-11-10T14:10:04","guid":{"rendered":"https:\/\/sites.uel.br\/international\/?page_id=2338"},"modified":"2025-11-11T13:41:35","modified_gmt":"2025-11-11T16:41:35","slug":"structure","status":"publish","type":"page","link":"https:\/\/sites.uel.br\/international\/fr\/a-propos-de-luel\/structure\/","title":{"rendered":"Structure"},"content":{"rendered":"\n<div style=\"height:20px\" aria-hidden=\"true\" class=\"wp-block-spacer\"><\/div>\n\n\n\n<div class=\"wp-block-cover alignfull is-light\" style=\"margin-top:0;padding-top:4vw;padding-right:4vw;padding-bottom:4vw;padding-left:4vw;min-height:314px;aspect-ratio:unset;\"><img loading=\"lazy\" decoding=\"async\" width=\"1062\" height=\"415\" class=\"wp-block-cover__image-background wp-image-1280\" alt=\"\" src=\"https:\/\/sites.uel.br\/international\/wp-content\/uploads\/2024\/06\/BANNER01.jpg\" data-object-fit=\"cover\" srcset=\"https:\/\/sites.uel.br\/international\/wp-content\/uploads\/2024\/06\/BANNER01.jpg 1062w, https:\/\/sites.uel.br\/international\/wp-content\/uploads\/2024\/06\/BANNER01-300x117.jpg 300w, https:\/\/sites.uel.br\/international\/wp-content\/uploads\/2024\/06\/BANNER01-1024x400.jpg 1024w, https:\/\/sites.uel.br\/international\/wp-content\/uploads\/2024\/06\/BANNER01-768x300.jpg 768w\" sizes=\"auto, (max-width: 1062px) 100vw, 1062px\" \/><span aria-hidden=\"true\" class=\"wp-block-cover__background has-background-dim-0 has-background-dim\" style=\"background-color:#2c3066\"><\/span><div class=\"wp-block-cover__inner-container is-layout-flow wp-block-cover-is-layout-flow\">\n<div class=\"wp-block-group\"><div class=\"wp-block-group__inner-container is-layout-flow wp-block-group-is-layout-flow\">\n<p class=\"has-text-align-center has-cinza-claro-color has-text-color\" style=\"font-size:59px;font-style:normal;font-weight:800;letter-spacing:10px;line-height:0.9;text-transform:capitalize\"><\/p>\n<\/div><\/div>\n<\/div><\/div>\n\n\n\n<div style=\"height:50px\" aria-hidden=\"true\" class=\"wp-block-spacer\"><\/div>\n\n\n\n<div class=\"wp-block-columns is-layout-flex wp-container-core-columns-is-layout-9d6595d7 wp-block-columns-is-layout-flex\">\n<div class=\"wp-block-column is-layout-flow wp-block-column-is-layout-flow\" style=\"flex-basis:66.66%\">\n<h3 class=\"wp-block-heading\">Centres d&#8217;\u00e9tudes et D\u00e9partements<\/h3>\n\n\n\n<div id=\"wp-block-themeisle-blocks-accordion-e40c4608\" class=\"wp-block-themeisle-blocks-accordion exclusive is-style-default\">\n<details class=\"wp-block-themeisle-blocks-accordion-item\"><summary class=\"wp-block-themeisle-blocks-accordion-item__title\"><div><a href=\"https:\/\/sites.uel.br\/cca\/\">Sciences Agraires<\/a>\u00a0<\/div><\/summary><div class=\"wp-block-themeisle-blocks-accordion-item__content\">\n<p>D\u00e9partement d&#8217;agronomie<\/p>\n\n\n\n<p>D\u00e9partement de clinique v\u00e9t\u00e9rinaire<\/p>\n\n\n\n<p>D\u00e9partement de m\u00e9decine v\u00e9t\u00e9rinaire pr\u00e9ventive<\/p>\n\n\n\n<p>D\u00e9partement des sciences et technologies alimentaires<\/p>\n\n\n\n<p>D\u00e9partement de zootechnie<\/p>\n<\/div><\/details>\n\n\n\n<details class=\"wp-block-themeisle-blocks-accordion-item\"><summary class=\"wp-block-themeisle-blocks-accordion-item__title\"><div><a href=\"https:\/\/sites.uel.br\/cesa\/\">Sciences Sociales Appliqu\u00e9es<\/a><\/div><\/summary><div class=\"wp-block-themeisle-blocks-accordion-item__content\">\n<p>D\u00e9partement de l&#8217;administration<\/p>\n\n\n\n<p>D\u00e9partement des sciences comptables<\/p>\n\n\n\n<p>D\u00e9partement des sciences \u00e9conomiques<\/p>\n\n\n\n<p>D\u00e9partement de droit priv\u00e9<\/p>\n\n\n\n<p>D\u00e9partement de droit public<\/p>\n\n\n\n<p>D\u00e9partement des services sociaux<\/p>\n<\/div><\/details>\n\n\n\n<details class=\"wp-block-themeisle-blocks-accordion-item\"><summary class=\"wp-block-themeisle-blocks-accordion-item__title\"><div><a href=\"https:\/\/sites.uel.br\/ccb\/\">Sciences Biologiques<\/a><\/div><\/summary><div class=\"wp-block-themeisle-blocks-accordion-item__content\">\n<p>D\u00e9partement d&#8217;anatomie<\/p>\n\n\n\n<p>D\u00e9partement de biologie g\u00e9n\u00e9rale<\/p>\n\n\n\n<p>D\u00e9partement de biologie animale et v\u00e9g\u00e9tale<\/p>\n\n\n\n<p>D\u00e9partement des sciences physiologiques<\/p>\n\n\n\n<p>D\u00e9partement des sciences pathologiques<\/p>\n\n\n\n<p>D\u00e9partement d&#8217;histologie<\/p>\n\n\n\n<p>D\u00e9partement de microbiologie<\/p>\n\n\n\n<p>D\u00e9partement de psychologie et de psychanalyse<\/p>\n\n\n\n<p>D\u00e9partement de psychologie g\u00e9n\u00e9rale et d&#8217;analyse du comportement<\/p>\n\n\n\n<p>D\u00e9partement de psychologie sociale et institutionnelle<\/p>\n<\/div><\/details>\n\n\n\n<details class=\"wp-block-themeisle-blocks-accordion-item\"><summary class=\"wp-block-themeisle-blocks-accordion-item__title\"><div><a href=\"https:\/\/sites.uel.br\/ceca\/\">\u00c9ducation, Communication et Arts<\/a><\/div><\/summary><div class=\"wp-block-themeisle-blocks-accordion-item__content\">\n<p>D\u00e9partement des arts visuels<\/p>\n\n\n\n<p>D\u00e9partement des sciences de l&#8217;information<\/p>\n\n\n\n<p>D\u00e9partement de la communication<\/p>\n\n\n\n<p>D\u00e9partement de design<\/p>\n\n\n\n<p>Minist\u00e8re de l&#8217;\u00c9ducation<\/p>\n\n\n\n<p>D\u00e9partement de musique et de th\u00e9\u00e2tre<\/p>\n<\/div><\/details>\n\n\n\n<details class=\"wp-block-themeisle-blocks-accordion-item\"><summary class=\"wp-block-themeisle-blocks-accordion-item__title\"><div><a href=\"https:\/\/sites.uel.br\/ccs\/\">Sciences de la Sant\u00e9<\/a><\/div><\/summary><div class=\"wp-block-themeisle-blocks-accordion-item__content\">\n<p>D\u00e9partement de clinique m\u00e9dicale<\/p>\n\n\n\n<p>D\u00e9partement de clinique chirurgicale<\/p>\n\n\n\n<p>D\u00e9partement des sciences pharmaceutiques<\/p>\n\n\n\n<p>D\u00e9partement des soins infirmiers<\/p>\n\n\n\n<p>D\u00e9partement de physioth\u00e9rapie<\/p>\n\n\n\n<p>D\u00e9partement de gyn\u00e9cologie-obst\u00e9trique<\/p>\n\n\n\n<p>D\u00e9partement de m\u00e9decine buccale et d&#8217;odontologie p\u00e9diatrique<\/p>\n\n\n\n<p>D\u00e9partement de restauration dentaire<\/p>\n\n\n\n<p>D\u00e9partement d&#8217;odontologie (Fondements)<\/p>\n\n\n\n<p>D\u00e9partement des \u00e9tudes et de la chirurgie p\u00e9diatriques<\/p>\n\n\n\n<p>D\u00e9partement de pathologie, analyses cliniques et toxicologiques<\/p>\n<\/div><\/details>\n\n\n\n<details class=\"wp-block-themeisle-blocks-accordion-item\"><summary class=\"wp-block-themeisle-blocks-accordion-item__title\"><div><a href=\"https:\/\/sites.uel.br\/clch\/\">Langues et Sciences Humaines<\/a><\/div><\/summary><div class=\"wp-block-themeisle-blocks-accordion-item__content\">\n<p>D\u00e9partement des sciences sociales<\/p>\n\n\n\n<p>D\u00e9partement de philosophie<\/p>\n\n\n\n<p>D\u00e9partement d&#8217;histoire<\/p>\n\n\n\n<p>D\u00e9partement des langues \u00e9trang\u00e8res modernes<\/p>\n\n\n\n<p>D\u00e9partement des langues nationales classiques<\/p>\n<\/div><\/details>\n\n\n\n<details class=\"wp-block-themeisle-blocks-accordion-item\"><summary class=\"wp-block-themeisle-blocks-accordion-item__title\"><div><a href=\"https:\/\/sites.uel.br\/cefe\/\">\u00c9ducation Physique et Sport<\/a><\/div><\/summary><div class=\"wp-block-themeisle-blocks-accordion-item__content\">\n<p>D\u00e9partement d&#8217;\u00e9ducation physique<\/p>\n\n\n\n<p>D\u00e9partement des sciences du sport<\/p>\n\n\n\n<p>D\u00e9partement d&#8217;\u00e9tudes du mouvement humain<\/p>\n\n\n\n<p>D\u00e9partement d&#8217;\u00e9ducation physique et sportive<\/p>\n<\/div><\/details>\n\n\n\n<details class=\"wp-block-themeisle-blocks-accordion-item\"><summary class=\"wp-block-themeisle-blocks-accordion-item__title\"><div><a href=\"https:\/\/sites.uel.br\/cce\/\">Sciences Physiques<\/a><\/div><\/summary><div class=\"wp-block-themeisle-blocks-accordion-item__content\">\n<p>D\u00e9partement de biochimie et de biotechnologie<\/p>\n\n\n\n<p>D\u00e9partement d&#8217;informatique<\/p>\n\n\n\n<p>D\u00e9partement des statistiques<\/p>\n\n\n\n<p>D\u00e9partement de physique<\/p>\n\n\n\n<p>D\u00e9partement des g\u00e9osciences<\/p>\n\n\n\n<p>D\u00e9partement de g\u00e9ologie et de g\u00e9omatique<\/p>\n\n\n\n<p>D\u00e9partement de math\u00e9matiques<\/p>\n\n\n\n<p>D\u00e9partement de chimie<\/p>\n<\/div><\/details>\n\n\n\n<details class=\"wp-block-themeisle-blocks-accordion-item\"><summary class=\"wp-block-themeisle-blocks-accordion-item__title\"><div><a href=\"https:\/\/sites.uel.br\/ctu\/\">Urbanisme et Technologie<\/a><\/div><\/summary><div class=\"wp-block-themeisle-blocks-accordion-item__content\">\n<p>D\u00e9partement d&#8217;architecture et d&#8217;urbanisme<\/p>\n\n\n\n<p>D\u00e9partement de g\u00e9nie \u00e9lectrique<\/p>\n\n\n\n<p>D\u00e9partement de g\u00e9nie civil<\/p>\n\n\n\n<p>D\u00e9partement des structures<\/p>\n\n\n\n<p>D\u00e9partement d&#8217;urbanisme et de technologie<\/p>\n<\/div><\/details>\n<\/div>\n<\/div>\n\n\n\n<div class=\"wp-block-column is-layout-flow wp-block-column-is-layout-flow\" style=\"flex-basis:33.33%\">\n<figure class=\"wp-block-image size-full\"><img loading=\"lazy\" decoding=\"async\" width=\"362\" height=\"720\" src=\"https:\/\/sites.uel.br\/international\/wp-content\/uploads\/2025\/11\/organograma-FRANCES.png\" alt=\"\" class=\"wp-image-2712\" srcset=\"https:\/\/sites.uel.br\/international\/wp-content\/uploads\/2025\/11\/organograma-FRANCES.png 362w, https:\/\/sites.uel.br\/international\/wp-content\/uploads\/2025\/11\/organograma-FRANCES-151x300.png 151w\" sizes=\"auto, (max-width: 362px) 100vw, 362px\" \/><\/figure>\n<\/div>\n<\/div>\n\n\n\n<p><\/p>\n","protected":false},"excerpt":{"rendered":"<p>Centres d&#8217;\u00e9tudes et D\u00e9partements<\/p>\n","protected":false},"author":13,"featured_media":0,"parent":2690,"menu_order":0,"comment_status":"closed","ping_status":"closed","template":"","meta":{"_themeisle_gutenberg_block_has_review":false,"footnotes":""},"class_list":["post-2338","page","type-page","status-publish","hentry"],"acf":[],"_links":{"self":[{"href":"https:\/\/sites.uel.br\/international\/wp-json\/wp\/v2\/pages\/2338","targetHints":{"allow":["GET"]}}],"collection":[{"href":"https:\/\/sites.uel.br\/international\/wp-json\/wp\/v2\/pages"}],"about":[{"href":"https:\/\/sites.uel.br\/international\/wp-json\/wp\/v2\/types\/page"}],"author":[{"embeddable":true,"href":"https:\/\/sites.uel.br\/international\/wp-json\/wp\/v2\/users\/13"}],"replies":[{"embeddable":true,"href":"https:\/\/sites.uel.br\/international\/wp-json\/wp\/v2\/comments?post=2338"}],"version-history":[{"count":6,"href":"https:\/\/sites.uel.br\/international\/wp-json\/wp\/v2\/pages\/2338\/revisions"}],"predecessor-version":[{"id":2714,"href":"https:\/\/sites.uel.br\/international\/wp-json\/wp\/v2\/pages\/2338\/revisions\/2714"}],"up":[{"embeddable":true,"href":"https:\/\/sites.uel.br\/international\/wp-json\/wp\/v2\/pages\/2690"}],"wp:attachment":[{"href":"https:\/\/sites.uel.br\/international\/wp-json\/wp\/v2\/media?parent=2338"}],"curies":[{"name":"wp","href":"https:\/\/api.w.org\/{rel}","templated":true}]}}