{"id":2317,"date":"2025-11-10T11:37:20","date_gmt":"2025-11-10T14:37:20","guid":{"rendered":"https:\/\/sites.uel.br\/international\/?page_id=2317"},"modified":"2025-11-11T11:52:29","modified_gmt":"2025-11-11T14:52:29","slug":"arts-et-culture","status":"publish","type":"page","link":"https:\/\/sites.uel.br\/international\/fr\/vie-de-campus\/arts-et-culture\/","title":{"rendered":"Arts et Culture"},"content":{"rendered":"\n<div style=\"height:50px\" aria-hidden=\"true\" class=\"wp-block-spacer\"><\/div>\n\n\n\n<div class=\"wp-block-columns is-layout-flex wp-container-core-columns-is-layout-9d6595d7 wp-block-columns-is-layout-flex\">\n<div class=\"wp-block-column is-layout-flow wp-block-column-is-layout-flow\" style=\"flex-basis:60%\">\n<p>L&#8217;UEL a toujours consid\u00e9r\u00e9 les questions culturelles comme un droit, estimant que les biens culturels et l&#8217;art, dans leurs diverses formes d&#8217;expression, constituent des processus identitaires par lesquels les individus, outre la jouissance de valeurs esth\u00e9tiques, reconnaissent des valeurs partag\u00e9es, resignifient leurs biens mat\u00e9riels et symboliques, r\u00e9inventent les traditions, construisent leurs identit\u00e9s individuelles et collectives; bref, deviennent des citoyens.<\/p>\n\n\n\n<p>C\u2019est pourquoi, depuis sa fondation, l\u2019UEL a int\u00e9gr\u00e9 dans sa structure un organe charg\u00e9 des affaires culturelles afin de contribuer au d\u00e9veloppement de la ville et de renforcer les actions qui ont permis \u00e0 Londrina de devenir un p\u00f4le culturel.<\/p>\n\n\n\n<p>\u00c0 cette fin, l&#8217;UEL est responsable de l&#8217;entretien de plusieurs monuments embl\u00e9matiques de la ville. Parmi ceux-ci figurent le Mus\u00e9e historique de Londrina, l&#8217;\u00e9l\u00e9gant Th\u00e9\u00e2tre universitaire et le Centre culturel, ce dernier promouvant les activit\u00e9s culturelles (beaux-arts, musique, cin\u00e9ma et th\u00e9\u00e2tre). Londrina est l&#8217;une des rares capitales non \u00e9tatiques du Br\u00e9sil \u00e0 poss\u00e9der un orchestre symphonique: l&#8217;Orchestre de l&#8217;UEL.<\/p>\n\n\n\n<p>La ville accueille \u00e9galement deux festivals annuels traditionnels: le <a href=\"http:\/\/www.fml.com.br\/\"><strong>Festival international de musique<\/strong><\/a> et le <a href=\"http:\/\/filo.art.br\/\"><strong>Festival international de th\u00e9\u00e2tre<\/strong><\/a>. De nombreuses expositions de beaux-arts sont pr\u00e9sent\u00e9es tout au long de l&#8217;ann\u00e9e et notre propre cin\u00e9ma (Com-Tour) propose des films alternatifs en dehors des programmes de films \u00e0 vocation commerciale.<\/p>\n\n\n\n<div class=\"wp-block-columns is-layout-flex wp-container-core-columns-is-layout-9d6595d7 wp-block-columns-is-layout-flex\">\n<div class=\"wp-block-column is-layout-flow wp-block-column-is-layout-flow\">\n<figure class=\"wp-block-image size-full\"><img loading=\"lazy\" decoding=\"async\" width=\"617\" height=\"385\" src=\"https:\/\/sites.uel.br\/international\/wp-content\/uploads\/2024\/06\/Science-and-Technology-Museum.png\" alt=\"\" class=\"wp-image-1370\" srcset=\"https:\/\/sites.uel.br\/international\/wp-content\/uploads\/2024\/06\/Science-and-Technology-Museum.png 617w, https:\/\/sites.uel.br\/international\/wp-content\/uploads\/2024\/06\/Science-and-Technology-Museum-300x187.png 300w\" sizes=\"auto, (max-width: 617px) 100vw, 617px\" \/><figcaption class=\"wp-element-caption\"><a href=\"http:\/\/www.uel.br\/cce\/mct\/portal\/\">Mus\u00e9e des sciences et des technologies<\/a><\/figcaption><\/figure>\n<\/div>\n\n\n\n<div class=\"wp-block-column is-layout-flow wp-block-column-is-layout-flow\">\n<figure class=\"wp-block-image size-full is-resized\"><img loading=\"lazy\" decoding=\"async\" width=\"617\" height=\"385\" src=\"https:\/\/sites.uel.br\/international\/wp-content\/uploads\/2024\/06\/Planetario.png\" alt=\"\" class=\"wp-image-1371\" style=\"width:290px;height:auto\" srcset=\"https:\/\/sites.uel.br\/international\/wp-content\/uploads\/2024\/06\/Planetario.png 617w, https:\/\/sites.uel.br\/international\/wp-content\/uploads\/2024\/06\/Planetario-300x187.png 300w\" sizes=\"auto, (max-width: 617px) 100vw, 617px\" \/><figcaption class=\"wp-element-caption\"><a href=\"https:\/\/sites.uel.br\/planetario\/\">Plan\u00e9tarium<\/a><\/figcaption><\/figure>\n<\/div>\n<\/div>\n<\/div>\n\n\n\n<div class=\"wp-block-column is-layout-flow wp-block-column-is-layout-flow\" style=\"flex-basis:40%\">\n<figure class=\"wp-block-image size-full is-resized\"><img loading=\"lazy\" decoding=\"async\" width=\"617\" height=\"385\" src=\"https:\/\/sites.uel.br\/international\/wp-content\/uploads\/2024\/06\/transparente-1.png\" alt=\"\" class=\"wp-image-1377\" style=\"width:64px;height:auto\" srcset=\"https:\/\/sites.uel.br\/international\/wp-content\/uploads\/2024\/06\/transparente-1.png 617w, https:\/\/sites.uel.br\/international\/wp-content\/uploads\/2024\/06\/transparente-1-300x187.png 300w\" sizes=\"auto, (max-width: 617px) 100vw, 617px\" \/><\/figure>\n\n\n\n<figure class=\"wp-block-image size-full\"><img loading=\"lazy\" decoding=\"async\" width=\"617\" height=\"385\" src=\"https:\/\/sites.uel.br\/international\/wp-content\/uploads\/2024\/06\/Historical-Museum.png\" alt=\"\" class=\"wp-image-1366\" srcset=\"https:\/\/sites.uel.br\/international\/wp-content\/uploads\/2024\/06\/Historical-Museum.png 617w, https:\/\/sites.uel.br\/international\/wp-content\/uploads\/2024\/06\/Historical-Museum-300x187.png 300w\" sizes=\"auto, (max-width: 617px) 100vw, 617px\" \/><figcaption class=\"wp-element-caption\"><a href=\"http:\/\/www.uel.br\/museu\/\" target=\"_blank\" rel=\"noreferrer noopener\">Mus\u00e9e historique<\/a><\/figcaption><\/figure>\n\n\n\n<figure class=\"wp-block-image size-full\"><img loading=\"lazy\" decoding=\"async\" width=\"617\" height=\"385\" src=\"https:\/\/sites.uel.br\/international\/wp-content\/uploads\/2024\/06\/University-Theatre-Ouro-Verde.png\" alt=\"\" class=\"wp-image-1368\" srcset=\"https:\/\/sites.uel.br\/international\/wp-content\/uploads\/2024\/06\/University-Theatre-Ouro-Verde.png 617w, https:\/\/sites.uel.br\/international\/wp-content\/uploads\/2024\/06\/University-Theatre-Ouro-Verde-300x187.png 300w\" sizes=\"auto, (max-width: 617px) 100vw, 617px\" \/><figcaption class=\"wp-element-caption\"><a href=\"https:\/\/teatroouroverde.wordpress.com\/\">Th\u00e9\u00e2tre universitaire \u00ab Ouro Verde \u00bb<\/a><\/figcaption><\/figure>\n\n\n\n<figure class=\"wp-block-image size-full\"><img loading=\"lazy\" decoding=\"async\" width=\"617\" height=\"385\" src=\"https:\/\/sites.uel.br\/international\/wp-content\/uploads\/2024\/06\/OSUEL.png\" alt=\"\" class=\"wp-image-1369\" srcset=\"https:\/\/sites.uel.br\/international\/wp-content\/uploads\/2024\/06\/OSUEL.png 617w, https:\/\/sites.uel.br\/international\/wp-content\/uploads\/2024\/06\/OSUEL-300x187.png 300w\" sizes=\"auto, (max-width: 617px) 100vw, 617px\" \/><figcaption class=\"wp-element-caption\"><a href=\"https:\/\/www.uel.br\/osuel\/\">OSUEL<\/a><\/figcaption><\/figure>\n<\/div>\n<\/div>\n\n\n\n<p><\/p>\n","protected":false},"excerpt":{"rendered":"<p>L&#8217;UEL a toujours consid\u00e9r\u00e9 les questions culturelles comme un droit, estimant que les biens culturels et l&#8217;art, dans leurs diverses formes d&#8217;expression, constituent des processus identitaires par lesquels les individus, outre la jouissance de valeurs esth\u00e9tiques, reconnaissent des valeurs partag\u00e9es, resignifient leurs biens mat\u00e9riels et symboliques, r\u00e9inventent les traditions, construisent leurs identit\u00e9s individuelles et collectives; [&hellip;]<\/p>\n","protected":false},"author":13,"featured_media":0,"parent":2692,"menu_order":0,"comment_status":"closed","ping_status":"closed","template":"","meta":{"_themeisle_gutenberg_block_has_review":false,"footnotes":""},"class_list":["post-2317","page","type-page","status-publish","hentry"],"acf":[],"_links":{"self":[{"href":"https:\/\/sites.uel.br\/international\/wp-json\/wp\/v2\/pages\/2317","targetHints":{"allow":["GET"]}}],"collection":[{"href":"https:\/\/sites.uel.br\/international\/wp-json\/wp\/v2\/pages"}],"about":[{"href":"https:\/\/sites.uel.br\/international\/wp-json\/wp\/v2\/types\/page"}],"author":[{"embeddable":true,"href":"https:\/\/sites.uel.br\/international\/wp-json\/wp\/v2\/users\/13"}],"replies":[{"embeddable":true,"href":"https:\/\/sites.uel.br\/international\/wp-json\/wp\/v2\/comments?post=2317"}],"version-history":[{"count":2,"href":"https:\/\/sites.uel.br\/international\/wp-json\/wp\/v2\/pages\/2317\/revisions"}],"predecessor-version":[{"id":2607,"href":"https:\/\/sites.uel.br\/international\/wp-json\/wp\/v2\/pages\/2317\/revisions\/2607"}],"up":[{"embeddable":true,"href":"https:\/\/sites.uel.br\/international\/wp-json\/wp\/v2\/pages\/2692"}],"wp:attachment":[{"href":"https:\/\/sites.uel.br\/international\/wp-json\/wp\/v2\/media?parent=2317"}],"curies":[{"name":"wp","href":"https:\/\/api.w.org\/{rel}","templated":true}]}}