{"id":2307,"date":"2025-11-06T10:59:12","date_gmt":"2025-11-06T13:59:12","guid":{"rendered":"https:\/\/sites.uel.br\/international\/?page_id=2307"},"modified":"2025-11-06T11:00:23","modified_gmt":"2025-11-06T14:00:23","slug":"postulacion-a-la-uel","status":"publish","type":"page","link":"https:\/\/sites.uel.br\/international\/es\/postulacion-a-la-uel\/","title":{"rendered":"Postulaci\u00f3n a la UEL"},"content":{"rendered":"\n<div style=\"height:39px\" aria-hidden=\"true\" class=\"wp-block-spacer\"><\/div>\n\n\n\n<figure class=\"wp-block-embed is-type-video is-provider-youtube wp-block-embed-youtube wp-embed-aspect-16-9 wp-has-aspect-ratio\"><div class=\"wp-block-embed__wrapper\">\n<iframe loading=\"lazy\" title=\"Join Us! #BeUEL\" width=\"500\" height=\"281\" src=\"https:\/\/www.youtube.com\/embed\/ByGWhCRpt3s?feature=oembed\" frameborder=\"0\" allow=\"accelerometer; autoplay; clipboard-write; encrypted-media; gyroscope; picture-in-picture; web-share\" referrerpolicy=\"strict-origin-when-cross-origin\" allowfullscreen><\/iframe>\n<\/div><\/figure>\n\n\n\n<div class=\"wp-block-columns is-layout-flex wp-container-core-columns-is-layout-9d6595d7 wp-block-columns-is-layout-flex\">\n<div class=\"wp-block-column is-layout-flow wp-block-column-is-layout-flow\">\n<h2 class=\"wp-block-heading\">Movilidad Internacional<\/h2>\n<\/div>\n\n\n\n<div class=\"wp-block-column is-layout-flow wp-block-column-is-layout-flow\"><\/div>\n<\/div>\n\n\n\n<div class=\"wp-block-columns is-layout-flex wp-container-core-columns-is-layout-9d6595d7 wp-block-columns-is-layout-flex\">\n<div class=\"wp-block-column is-layout-flow wp-block-column-is-layout-flow\"><div class=\"wp-block-image\">\n<figure class=\"aligncenter size-full is-resized\"><img loading=\"lazy\" decoding=\"async\" width=\"860\" height=\"500\" src=\"https:\/\/sites.uel.br\/international\/wp-content\/uploads\/2024\/07\/mapaa.png\" alt=\"\" class=\"wp-image-1778\" style=\"width:664px;height:auto\" srcset=\"https:\/\/sites.uel.br\/international\/wp-content\/uploads\/2024\/07\/mapaa.png 860w, https:\/\/sites.uel.br\/international\/wp-content\/uploads\/2024\/07\/mapaa-300x174.png 300w, https:\/\/sites.uel.br\/international\/wp-content\/uploads\/2024\/07\/mapaa-768x447.png 768w\" sizes=\"auto, (max-width: 860px) 100vw, 860px\" \/><\/figure>\n<\/div><\/div>\n<\/div>\n\n\n\n<div class=\"wp-block-columns is-layout-flex wp-container-core-columns-is-layout-9d6595d7 wp-block-columns-is-layout-flex\">\n<div class=\"wp-block-column is-layout-flow wp-block-column-is-layout-flow\">\n<div class=\"wp-block-columns is-layout-flex wp-container-core-columns-is-layout-9d6595d7 wp-block-columns-is-layout-flex\">\n<div class=\"wp-block-column is-layout-flow wp-block-column-is-layout-flow\">\n<h3 class=\"wp-block-heading\">Pregrado<\/h3>\n\n\n\n<p>El estudiante debe primero verificar si su \u00e1rea de estudio o curso de grado se ofrece en la UEL. Despu\u00e9s de ser nominado por su instituci\u00f3n de origen, deber\u00e1 completar algunos procedimientos requeridos por la UEL, como llenar formularios y enviar la documentaci\u00f3n para revisi\u00f3n y aprobaci\u00f3n.<br><br>La UEL acepta estudiantes por un semestre acad\u00e9mico o un a\u00f1o acad\u00e9mico completo.<\/p>\n<\/div>\n\n\n\n<div class=\"wp-block-column is-layout-flow wp-block-column-is-layout-flow\">\n<h3 class=\"wp-block-heading\">Posgrado<\/h3>\n\n\n\n<p>Los estudiantes internacionales de intercambio aceptados por la UEL deben participar en al menos una de las siguientes actividades:<br><\/p>\n\n\n\n<p>1) Estar incluidos como colaboradores externos en un proyecto de investigaci\u00f3n.<\/p>\n\n\n\n<p>2) Estar matriculados en asignaturas de la malla curricular de un programa de posgrado.<\/p>\n\n\n\n<p>Tambi\u00e9n es posible participar en programas de movilidad mediante un Acuerdo de Cotutela para tesis de maestr\u00eda o disertaciones doctorales.<\/p>\n<\/div>\n<\/div>\n<\/div>\n<\/div>\n\n\n\n<div id=\"wp-block-themeisle-blocks-advanced-columns-49cbcc6e\" class=\"wp-block-themeisle-blocks-advanced-columns has-3-columns has-desktop-equal-layout has-tablet-equal-layout has-mobile-collapsedRows-layout has-vertical-unset\"><div class=\"wp-block-themeisle-blocks-advanced-columns-overlay\"><\/div><div class=\"innerblocks-wrap\">\n<div id=\"wp-block-themeisle-blocks-advanced-column-c9246525\" class=\"wp-block-themeisle-blocks-advanced-column\"><div class=\"wp-block-image\">\n<figure class=\"aligncenter size-large is-resized\"><img loading=\"lazy\" decoding=\"async\" width=\"724\" height=\"1024\" src=\"https:\/\/sites.uel.br\/international\/wp-content\/uploads\/2024\/09\/Capa-Fact-Sheet-724x1024.png\" alt=\"\" class=\"wp-image-2039\" style=\"width:263px;height:auto\" srcset=\"https:\/\/sites.uel.br\/international\/wp-content\/uploads\/2024\/09\/Capa-Fact-Sheet-724x1024.png 724w, https:\/\/sites.uel.br\/international\/wp-content\/uploads\/2024\/09\/Capa-Fact-Sheet-212x300.png 212w, https:\/\/sites.uel.br\/international\/wp-content\/uploads\/2024\/09\/Capa-Fact-Sheet-768x1086.png 768w, https:\/\/sites.uel.br\/international\/wp-content\/uploads\/2024\/09\/Capa-Fact-Sheet-1086x1536.png 1086w, https:\/\/sites.uel.br\/international\/wp-content\/uploads\/2024\/09\/Capa-Fact-Sheet.png 1414w\" sizes=\"auto, (max-width: 724px) 100vw, 724px\" \/><\/figure>\n<\/div><\/div>\n\n\n\n<div id=\"wp-block-themeisle-blocks-advanced-column-9ac0bb42\" class=\"wp-block-themeisle-blocks-advanced-column\"><div class=\"wp-block-image\">\n<figure class=\"aligncenter size-large is-resized\"><img loading=\"lazy\" decoding=\"async\" width=\"724\" height=\"1024\" src=\"https:\/\/sites.uel.br\/international\/wp-content\/uploads\/2024\/09\/Table-of-contents_Fact-Sheet-724x1024.png\" alt=\"\" class=\"wp-image-2040\" style=\"width:266px;height:auto\" srcset=\"https:\/\/sites.uel.br\/international\/wp-content\/uploads\/2024\/09\/Table-of-contents_Fact-Sheet-724x1024.png 724w, https:\/\/sites.uel.br\/international\/wp-content\/uploads\/2024\/09\/Table-of-contents_Fact-Sheet-212x300.png 212w, https:\/\/sites.uel.br\/international\/wp-content\/uploads\/2024\/09\/Table-of-contents_Fact-Sheet-768x1086.png 768w, https:\/\/sites.uel.br\/international\/wp-content\/uploads\/2024\/09\/Table-of-contents_Fact-Sheet-1086x1536.png 1086w, https:\/\/sites.uel.br\/international\/wp-content\/uploads\/2024\/09\/Table-of-contents_Fact-Sheet.png 1414w\" sizes=\"auto, (max-width: 724px) 100vw, 724px\" \/><\/figure>\n<\/div><\/div>\n\n\n\n<div id=\"wp-block-themeisle-blocks-advanced-column-ec71fc74\" class=\"wp-block-themeisle-blocks-advanced-column\">\n<div class=\"wp-block-buttons is-layout-flex wp-block-buttons-is-layout-flex\">\n<div class=\"wp-block-button\"><a class=\"wp-block-button__link has-verde-escuro-background-color has-text-color has-background has-link-color wp-element-button\" href=\"https:\/\/drive.google.com\/file\/d\/1fqvSYpPUzYBsl6hRnzv7cLD9kZlKssCS\/view?usp=sharing\" style=\"border-radius:0px;color:#fefffe\">2025 download<\/a><\/div>\n<\/div>\n<\/div>\n<\/div><\/div>\n\n\n\n<div class=\"wp-block-columns is-layout-flex wp-container-core-columns-is-layout-9d6595d7 wp-block-columns-is-layout-flex\">\n<div class=\"wp-block-column is-layout-flow wp-block-column-is-layout-flow\"><\/div>\n\n\n\n<div class=\"wp-block-column is-layout-flow wp-block-column-is-layout-flow\"><\/div>\n<\/div>\n\n\n\n<div class=\"wp-block-columns is-layout-flex wp-container-core-columns-is-layout-9d6595d7 wp-block-columns-is-layout-flex\">\n<div class=\"wp-block-column is-layout-flow wp-block-column-is-layout-flow\">\n<h3 class=\"wp-block-heading\">Beneficios para estudiantes y profesores<\/h3>\n\n\n\n<div style=\"height:30px\" aria-hidden=\"true\" class=\"wp-block-spacer\"><\/div>\n\n\n\n<ul class=\"wp-block-list\">\n<li>Entradas a mitad de precio para eventos culturales y deportivos.<\/li>\n\n\n\n<li>Wi-Fi disponible en todo el campus universitario.<\/li>\n\n\n\n<li>Participaci\u00f3n en actividades con la comunidad fuera de la universidad.<\/li>\n\n\n\n<li>Atenci\u00f3n ambulatoria electiva en \u00e1reas como medicina interna, ginecolog\u00eda, enfermer\u00eda y odontolog\u00eda dentro del campus.<\/li>\n\n\n\n<li>Sesiones individuales de psicoterapia.<\/li>\n\n\n\n<li>Vida universitaria en un campus horizontal y verde.<\/li>\n<\/ul>\n<\/div>\n<\/div>\n","protected":false},"excerpt":{"rendered":"<p>Movilidad Internacional Pregrado El estudiante debe primero verificar si su \u00e1rea de estudio o curso de grado se ofrece en la UEL. Despu\u00e9s de ser nominado por su instituci\u00f3n de origen, deber\u00e1 completar algunos procedimientos requeridos por la UEL, como llenar formularios y enviar la documentaci\u00f3n para revisi\u00f3n y aprobaci\u00f3n. La UEL acepta estudiantes por [&hellip;]<\/p>\n","protected":false},"author":13,"featured_media":0,"parent":0,"menu_order":0,"comment_status":"closed","ping_status":"closed","template":"","meta":{"_themeisle_gutenberg_block_has_review":false,"footnotes":""},"class_list":["post-2307","page","type-page","status-publish","hentry"],"acf":[],"_links":{"self":[{"href":"https:\/\/sites.uel.br\/international\/wp-json\/wp\/v2\/pages\/2307","targetHints":{"allow":["GET"]}}],"collection":[{"href":"https:\/\/sites.uel.br\/international\/wp-json\/wp\/v2\/pages"}],"about":[{"href":"https:\/\/sites.uel.br\/international\/wp-json\/wp\/v2\/types\/page"}],"author":[{"embeddable":true,"href":"https:\/\/sites.uel.br\/international\/wp-json\/wp\/v2\/users\/13"}],"replies":[{"embeddable":true,"href":"https:\/\/sites.uel.br\/international\/wp-json\/wp\/v2\/comments?post=2307"}],"version-history":[{"count":2,"href":"https:\/\/sites.uel.br\/international\/wp-json\/wp\/v2\/pages\/2307\/revisions"}],"predecessor-version":[{"id":2479,"href":"https:\/\/sites.uel.br\/international\/wp-json\/wp\/v2\/pages\/2307\/revisions\/2479"}],"wp:attachment":[{"href":"https:\/\/sites.uel.br\/international\/wp-json\/wp\/v2\/media?parent=2307"}],"curies":[{"name":"wp","href":"https:\/\/api.w.org\/{rel}","templated":true}]}}