{"id":2305,"date":"2025-11-11T10:40:20","date_gmt":"2025-11-11T13:40:20","guid":{"rendered":"https:\/\/sites.uel.br\/international\/?page_id=2305"},"modified":"2025-11-11T12:03:29","modified_gmt":"2025-11-11T15:03:29","slug":"a-propos-de-londrina","status":"publish","type":"page","link":"https:\/\/sites.uel.br\/international\/fr\/mobilite-academique\/a-propos-de-londrina\/","title":{"rendered":"\u00c0 propos de Londrina"},"content":{"rendered":"\n<div style=\"height:20px\" aria-hidden=\"true\" class=\"wp-block-spacer\"><\/div>\n\n\n\n<div class=\"wp-block-columns is-layout-flex wp-container-core-columns-is-layout-9d6595d7 wp-block-columns-is-layout-flex\">\n<div class=\"wp-block-column is-layout-flow wp-block-column-is-layout-flow\" style=\"flex-basis:66.66%\">\n<p><strong>Londrina <\/strong>est une ville br\u00e9silienne situ\u00e9e dans l&#8217;<strong>\u00c9tat du Paran\u00e1<\/strong>, <strong>dans la r\u00e9gion du Br\u00e9sil<\/strong>, \u00e0 381 km de la capitale de l&#8217;\u00c9tat, Curitiba.<\/p>\n\n\n\n<p>Selon l\u2019Institut br\u00e9silien de g\u00e9ographie et de statistique (IBGE), sa population en 2022 comptait 588 125 habitants, ce qui la convie \u00e0 <strong>la deuxi\u00e8me ville la plus poblada de l&#8217;\u00e9tat<\/strong> et de la superficie de la r\u00e9gion, apr\u00e8s Curitiba, Porto Alegre et Joinville.<\/p>\n\n\n\n<p>Important centre de d\u00e9veloppement national et r\u00e9gional, <strong>Londrina se connecte au sud-est du pays<\/strong>, siendo un centre urbain, \u00e9conomique, industriel, financier, administratif et culturel du nord du Paran\u00e1.<\/p>\n\n\n\n<p>Fond\u00e9e le <strong>10 d\u00e9cembre 1934<\/strong>, la ville a exp\u00e9riment\u00e9 un haut indice de croissance d\u00e9mographique et \u00e9conomique pendant la dur\u00e9e du si\u00e8cle XX, initialement stimul\u00e9e par la culture et la commercialisation du <strong>caf\u00e9<\/strong>, ce qui a valoris\u00e9 le surnom de la <strong>\u00ab Capitale du Caf\u00e9 \u00bb<\/strong> au cours de cette p\u00e9riode.<\/p>\n\n\n\n<p>\u00c0 partir de la d\u00e9cennie 1970, le profil \u00e9conomique de Londrina s&#8217;est progressivement transform\u00e9 en un <strong>centre industriel et \u00e9conomique<\/strong> r\u00e9gional important et diversifi\u00e9, qui s&#8217;est consolid\u00e9 comme l&#8217;une des principales villes de l&#8217;int\u00e9rieur du Br\u00e9sil.<\/p>\n<\/div>\n\n\n\n<div class=\"wp-block-column is-layout-flow wp-block-column-is-layout-flow\" style=\"flex-basis:33.33%\"><div style=\"height:400pxpx;\" class=\"wp-block-themeisle-blocks-leaflet-map\" id=\"wp-block-themeisle-blocks-leaflet-map-efadd924\"><\/div>\n<script type=\"text\/javascript\">\n\t\/* <![CDATA[ *\/\n\t\tif ( ! window.themeisleLeafletMaps ) window.themeisleLeafletMaps =[];\n\t\twindow.themeisleLeafletMaps.push( { container: \"wp-block-themeisle-blocks-leaflet-map-efadd924\", attributes: {\"id\":\"wp-block-themeisle-blocks-leaflet-map-efadd924\",\"location\":\"londrina, parana, brazil\",\"latitude\":\"-22.75592068148639\",\"longitude\":\"-61.25976562500001\",\"bbox\":\"-91.23046875,-50.401515322782366,-31.289062500000004,11.695272733029402\",\"zoom\":3,\"markers\":[{\"latitude\":-23.34225583513053,\"longitude\":-51.15234375,\"id\":\"f518fe37-676b-4e5d-959c-bd6e613de5e5\",\"title\":\"Londrina, Paran\\u00e1, Brasil\",\"description\":\"\"}],\"height\":\"400px\",\"zoomControl\":true,\"draggable\":true,\"hasCustomCSS\":false,\"customCSS\":\"\",\"otterConditions\":[]} } );\n\t\/* ]]> *\/\n<\/script>\n\n\n\n<div class=\"wp-block-columns is-layout-flex wp-container-core-columns-is-layout-9d6595d7 wp-block-columns-is-layout-flex\">\n<div class=\"wp-block-column is-layout-flow wp-block-column-is-layout-flow\" style=\"flex-basis:33.33%\">\n<div class=\"wp-block-buttons is-content-justification-center is-layout-flex wp-container-core-buttons-is-layout-16018d1d wp-block-buttons-is-layout-flex\">\n<div class=\"wp-block-button\"><a class=\"wp-block-button__link has-cinza-claro-color has-verde-escuro-background-color has-text-color has-background has-link-color has-text-align-center has-custom-font-size wp-element-button\" href=\"https:\/\/blog.londrina.pr.gov.br\/\" style=\"font-size:18px\">Actualit\u00e9s<\/a><\/div>\n<\/div>\n<\/div>\n\n\n\n<div class=\"wp-block-column is-layout-flow wp-block-column-is-layout-flow\" style=\"flex-basis:66.66%\">\n<div class=\"wp-block-buttons is-content-justification-center is-layout-flex wp-container-core-buttons-is-layout-16018d1d wp-block-buttons-is-layout-flex\">\n<div class=\"wp-block-button\"><a class=\"wp-block-button__link has-cinza-claro-color has-verde-escuro-background-color has-text-color has-background has-link-color has-text-align-center has-custom-font-size wp-element-button\" href=\"https:\/\/visitelondrina.com.br\/conhecendo_londrina\/\" style=\"font-size:18px\">Lieux \u00e0 visiter<\/a><\/div>\n<\/div>\n<\/div>\n<\/div>\n<\/div>\n<\/div>\n\n\n\n<p><\/p>\n","protected":false},"excerpt":{"rendered":"<p>Londrina est une ville br\u00e9silienne situ\u00e9e dans l&#8217;\u00c9tat du Paran\u00e1, dans la r\u00e9gion du Br\u00e9sil, \u00e0 381 km de la capitale de l&#8217;\u00c9tat, Curitiba. Selon l\u2019Institut br\u00e9silien de g\u00e9ographie et de statistique (IBGE), sa population en 2022 comptait 588 125 habitants, ce qui la convie \u00e0 la deuxi\u00e8me ville la plus poblada de l&#8217;\u00e9tat et [&hellip;]<\/p>\n","protected":false},"author":13,"featured_media":0,"parent":2704,"menu_order":0,"comment_status":"closed","ping_status":"closed","template":"","meta":{"_themeisle_gutenberg_block_has_review":false,"footnotes":""},"class_list":["post-2305","page","type-page","status-publish","hentry"],"acf":[],"_links":{"self":[{"href":"https:\/\/sites.uel.br\/international\/wp-json\/wp\/v2\/pages\/2305","targetHints":{"allow":["GET"]}}],"collection":[{"href":"https:\/\/sites.uel.br\/international\/wp-json\/wp\/v2\/pages"}],"about":[{"href":"https:\/\/sites.uel.br\/international\/wp-json\/wp\/v2\/types\/page"}],"author":[{"embeddable":true,"href":"https:\/\/sites.uel.br\/international\/wp-json\/wp\/v2\/users\/13"}],"replies":[{"embeddable":true,"href":"https:\/\/sites.uel.br\/international\/wp-json\/wp\/v2\/comments?post=2305"}],"version-history":[{"count":6,"href":"https:\/\/sites.uel.br\/international\/wp-json\/wp\/v2\/pages\/2305\/revisions"}],"predecessor-version":[{"id":2677,"href":"https:\/\/sites.uel.br\/international\/wp-json\/wp\/v2\/pages\/2305\/revisions\/2677"}],"up":[{"embeddable":true,"href":"https:\/\/sites.uel.br\/international\/wp-json\/wp\/v2\/pages\/2704"}],"wp:attachment":[{"href":"https:\/\/sites.uel.br\/international\/wp-json\/wp\/v2\/media?parent=2305"}],"curies":[{"name":"wp","href":"https:\/\/api.w.org\/{rel}","templated":true}]}}