{"id":2248,"date":"2025-10-09T16:18:57","date_gmt":"2025-10-09T19:18:57","guid":{"rendered":"https:\/\/sites.uel.br\/international\/?page_id=2248"},"modified":"2025-11-06T11:06:25","modified_gmt":"2025-11-06T14:06:25","slug":"preguntas-frecuentes","status":"publish","type":"page","link":"https:\/\/sites.uel.br\/international\/es\/preguntas-frecuentes\/","title":{"rendered":"Preguntas Frecuentes"},"content":{"rendered":"\n<figure class=\"wp-block-image size-full is-resized\"><img loading=\"lazy\" decoding=\"async\" width=\"920\" height=\"135\" src=\"https:\/\/sites.uel.br\/international\/wp-content\/uploads\/2025\/11\/pins-ari-1.png\" alt=\"\" class=\"wp-image-2481\" style=\"width:1056px;height:auto\" srcset=\"https:\/\/sites.uel.br\/international\/wp-content\/uploads\/2025\/11\/pins-ari-1.png 920w, https:\/\/sites.uel.br\/international\/wp-content\/uploads\/2025\/11\/pins-ari-1-300x44.png 300w, https:\/\/sites.uel.br\/international\/wp-content\/uploads\/2025\/11\/pins-ari-1-768x113.png 768w\" sizes=\"auto, (max-width: 920px) 100vw, 920px\" \/><\/figure>\n\n\n\n<p><strong>Aqu\u00ed encontrar\u00e1s una selecci\u00f3n de preguntas frecuentes que pueden ayudarte si est\u00e1s interesado en realizar un semestre en la UEL.<\/strong><\/p>\n\n\n\n<p><br>Si tienes alguna duda que no est\u00e9 especificada aqu\u00ed, cont\u00e1ctanos al correo <a href=\"mailto:mobilidade@uel.br\">mobilidade@uel.br<\/a>.<\/p>\n\n\n\n<p>\u00a1Nuestro equipo estar\u00e1 encantado de ayudarte!<\/p>\n\n\n\n<div class=\"wp-block-columns is-layout-flex wp-container-core-columns-is-layout-9d6595d7 wp-block-columns-is-layout-flex\">\n<div class=\"wp-block-column is-layout-flow wp-block-column-is-layout-flow\">\n<div id=\"wp-block-themeisle-blocks-accordion-d00aab5d\" class=\"wp-block-themeisle-blocks-accordion exclusive\">\n<details class=\"wp-block-themeisle-blocks-accordion-item\"><summary class=\"wp-block-themeisle-blocks-accordion-item__title\"><div><strong>Soy estudiante de pregrado y quiero estudiar un semestre en la UEL. \u00bfQu\u00e9 procedimientos debo seguir?<\/strong><\/div><\/summary><div class=\"wp-block-themeisle-blocks-accordion-item__content\">\n<p>Los estudiantes de pregrado deben seguir los pasos descritos en la gu\u00eda \u201cPostulaci\u00f3n a la UEL\u201d, disponible en la secci\u00f3n \u201cIntercambio Acad\u00e9mico\u201d de este sitio web. En t\u00e9rminos generales, los estudiantes interesados deben completar el Formulario de Postulaci\u00f3n y enviarlo a nuestra Divisi\u00f3n de Movilidad Acad\u00e9mica (mobilidade@uel.br), junto con la documentaci\u00f3n correspondiente. Los documentos ser\u00e1n revisados y, si se aprueban, se enviar\u00e1 una Carta de Aceptaci\u00f3n por correo electr\u00f3nico.<\/p>\n<\/div><\/details>\n\n\n\n<details class=\"wp-block-themeisle-blocks-accordion-item\"><summary class=\"wp-block-themeisle-blocks-accordion-item__title\"><div><strong>\u00bfCu\u00e1nto debo pagar para estudiar en la UEL?<\/strong><\/div><\/summary><div class=\"wp-block-themeisle-blocks-accordion-item__content\">\n<p>La UEL es una universidad p\u00fablica y gratuita, por lo que los estudiantes aceptados no deben pagar matr\u00edcula. Podr\u00edan existir algunas tasas administrativas, pero son excepcionales y de bajo valor. Aunque no se cobra matr\u00edcula, los estudiantes deben cubrir todos sus gastos personales, como pasajes a\u00e9reos, transporte, alimentaci\u00f3n, alojamiento, material de estudio, entre otros. Aunque no se cobra matr\u00edcula, los estudiantes deben cubrir todos sus gastos personales, como pasajes a\u00e9reos, transporte, alimentaci\u00f3n, alojamiento, material de estudio, entre otros.<br><\/p>\n<\/div><\/details>\n\n\n\n<details class=\"wp-block-themeisle-blocks-accordion-item\"><summary class=\"wp-block-themeisle-blocks-accordion-item__title\"><div><strong>Quiero aprender o mejorar mi portugu\u00e9s. \u00bfLa UEL ofrece cursos de portugu\u00e9s para extranjeros?<\/strong><\/div><\/summary><div class=\"wp-block-themeisle-blocks-accordion-item__content\">\n<p>Para apoyar a los estudiantes internacionales, la UEL ofrece cursos de portugu\u00e9s como lengua extranjera. Estos var\u00edan en contenido y modalidad de ense\u00f1anza. Los estudiantes de universidades socias pueden optar por tomar el curso en l\u00ednea, desde su pa\u00eds de origen, para mejorar el idioma antes de llegar. M\u00e1s informaci\u00f3n: mobilidade@uel.br<\/p>\n<\/div><\/details>\n\n\n\n<details class=\"wp-block-themeisle-blocks-accordion-item\"><summary class=\"wp-block-themeisle-blocks-accordion-item__title\"><div><strong>Si mi universidad no tiene convenio, \u00bfpuedo estudiar en la UEL?<\/strong><\/div><\/summary><div class=\"wp-block-themeisle-blocks-accordion-item__content\">\n<p>S\u00ed. Un estudiante de una universidad extranjera puede realizar movilidad acad\u00e9mica incluso si no existe un convenio vigente. En este caso, debe comunicarse con el Departamento de Movilidad Acad\u00e9mica para verificar la posibilidad de realizar sus estudios como Free Mover. Sin embargo, incluso como Free Mover, el estudiante debe ser nominado por su instituci\u00f3n de origen. Despu\u00e9s de la nominaci\u00f3n, deber\u00e1 cumplir con los mismos requisitos y procedimientos que los estudiantes bajo convenios de cooperaci\u00f3n.<\/p>\n\n\n\n<p>Para m\u00e1s informaci\u00f3n, escriba a mobilidade@uel.br.<\/p>\n<\/div><\/details>\n\n\n\n<details class=\"wp-block-themeisle-blocks-accordion-item\"><summary class=\"wp-block-themeisle-blocks-accordion-item__title\"><div><strong>\u00bfLa UEL cuenta con residencias estudiantiles en el campus?<\/strong><\/div><\/summary><div class=\"wp-block-themeisle-blocks-accordion-item__content\">\n<p>S\u00ed, la UEL dispone de residencias estudiantiles con cupos reservados para estudiantes regulares que cumplan con criterios sociales y econ\u00f3micos espec\u00edficos.<\/p>\n\n\n\n<p>La selecci\u00f3n se realiza mediante convocatorias. La Oficina de Relaciones Internacionales brinda apoyo a los estudiantes de movilidad con recomendaciones de alojamientos que han sido bien evaluados por otros estudiantes en la ciudad de Londrina. Sin embargo, estas residencias no est\u00e1n afiliadas oficialmente a la UEL.<\/p>\n<\/div><\/details>\n<\/div>\n<\/div>\n\n\n\n<div class=\"wp-block-column is-layout-flow wp-block-column-is-layout-flow\">\n<div id=\"wp-block-themeisle-blocks-accordion-43896463\" class=\"wp-block-themeisle-blocks-accordion exclusive\">\n<details class=\"wp-block-themeisle-blocks-accordion-item\"><summary class=\"wp-block-themeisle-blocks-accordion-item__title\"><div><strong>Soy estudiante de posgrado y quiero estudiar en la UEL. \u00bfQu\u00e9 debo hacer?<\/strong><\/div><\/summary><div class=\"wp-block-themeisle-blocks-accordion-item__content\">\n<p>Los estudiantes de posgrado que deseen realizar movilidad acad\u00e9mica, investigaciones u otras actividades temporales deben seguir los pasos descritos en la gu\u00eda \u201cPostulaci\u00f3n a la UEL\u201d, disponible en la secci\u00f3n \u201cIntercambio Acad\u00e9mico\u201d de este sitio web. Si el objetivo es cursar un programa completo de posgrado en la UEL, puede consultar los procedimientos en la p\u00e1gina: <a href=\"https:\/\/sites.uel.br\/international\/graduate \">https:\/\/sites.uel.br\/international\/graduate <\/a><\/p>\n<\/div><\/details>\n\n\n\n<details class=\"wp-block-themeisle-blocks-accordion-item\"><summary class=\"wp-block-themeisle-blocks-accordion-item__title\"><div><strong>\u00bfEn qu\u00e9 idioma se imparten las clases? \u00bfDebo presentar un certificado de competencia en portugu\u00e9s?<\/strong><\/div><\/summary><div class=\"wp-block-themeisle-blocks-accordion-item__content\">\n<p>Las clases en la UEL se imparten principalmente en portugu\u00e9s, por lo que se recomienda tener al menos un nivel b\u00e1sico del idioma. Para los estudiantes de movilidad no es obligatorio presentar un certificado de competencia.<\/p>\n<\/div><\/details>\n\n\n\n<details class=\"wp-block-themeisle-blocks-accordion-item\"><summary class=\"wp-block-themeisle-blocks-accordion-item__title\"><div><strong>\u00bfMi instituci\u00f3n es socia de la UEL?<\/strong><\/div><\/summary><div class=\"wp-block-themeisle-blocks-accordion-item__content\">\n<p>Puedes verificar si tu instituci\u00f3n tiene un convenio de cooperaci\u00f3n con la UEL en la p\u00e1gina: <a href=\"https:\/\/sites.uel.br\/international\/bilateral-agreements-partners\/\">https:\/\/sites.uel.br\/international\/bilateral-agreements-partners\/<\/a>&nbsp;<\/p>\n\n\n\n<p>Si tienes alguna duda sobre el convenio, comun\u00edcate con nosotros al correo cooperacao@uel.br.<\/p>\n<\/div><\/details>\n\n\n\n<details class=\"wp-block-themeisle-blocks-accordion-item\"><summary class=\"wp-block-themeisle-blocks-accordion-item__title\"><div><strong>\u00bfLa UEL ofrece becas para estudiantes internacionales?<\/strong><\/div><\/summary><div class=\"wp-block-themeisle-blocks-accordion-item__content\">\n<p>Actualmente, la UEL no ofrece programas regulares de becas para estudiantes de movilidad entrante. Sin embargo, existen programas del gobierno brasile\u00f1o que publican convocatorias con becas disponibles. Los estudiantes tambi\u00e9n pueden solicitar apoyo financiero a otras instituciones, ya sean de su universidad de origen, gubernamentales o privadas. Esto significa que pueden estudiar en la UEL con financiamiento externo.<\/p>\n<\/div><\/details>\n\n\n\n<details class=\"wp-block-themeisle-blocks-accordion-item\"><summary class=\"wp-block-themeisle-blocks-accordion-item__title\"><div><strong>\u00bfHay cafeter\u00eda en la UEL?<\/strong><\/div><\/summary><div class=\"wp-block-themeisle-blocks-accordion-item__content\">\n<p>S\u00ed. La UEL cuenta con un Restaurante Universitario que ofrece comidas completas para el almuerzo y la cena de lunes a viernes. Las comidas incluyen postre, opciones vegetarianas y jugo. El costo para los estudiantes es de R$ 4,70 (valor de referencia para 2024).<\/p>\n<\/div><\/details>\n\n\n\n<details class=\"wp-block-themeisle-blocks-accordion-item\"><summary class=\"wp-block-themeisle-blocks-accordion-item__title\"><div><strong>\u00bfPuedo practicar deportes en la UEL?<\/strong><\/div><\/summary><div class=\"wp-block-themeisle-blocks-accordion-item__content\">\n<p>S\u00ed. La UEL ofrece a sus estudiantes la oportunidad de practicar deportes a trav\u00e9s del Programa de Actividad F\u00edsica (NAFI).<\/p>\n\n\n\n<p>Puedes consultar el calendario completo, la lista de deportes y los valores en su sitio web: <a href=\"http:\/\/www.uel.br\/cefe\/nafi\/\">www.uel.br\/cefe\/nafi\/<\/a><\/p>\n<\/div><\/details>\n<\/div>\n<\/div>\n<\/div>\n\n\n\n<p><\/p>\n","protected":false},"excerpt":{"rendered":"<p>Aqu\u00ed encontrar\u00e1s una selecci\u00f3n de preguntas frecuentes que pueden ayudarte si est\u00e1s interesado en realizar un semestre en la UEL. Si tienes alguna duda que no est\u00e9 especificada aqu\u00ed, cont\u00e1ctanos al correo mobilidade@uel.br. \u00a1Nuestro equipo estar\u00e1 encantado de ayudarte!<\/p>\n","protected":false},"author":7,"featured_media":0,"parent":0,"menu_order":0,"comment_status":"closed","ping_status":"closed","template":"","meta":{"_themeisle_gutenberg_block_has_review":false,"footnotes":""},"class_list":["post-2248","page","type-page","status-publish","hentry"],"acf":[],"_links":{"self":[{"href":"https:\/\/sites.uel.br\/international\/wp-json\/wp\/v2\/pages\/2248","targetHints":{"allow":["GET"]}}],"collection":[{"href":"https:\/\/sites.uel.br\/international\/wp-json\/wp\/v2\/pages"}],"about":[{"href":"https:\/\/sites.uel.br\/international\/wp-json\/wp\/v2\/types\/page"}],"author":[{"embeddable":true,"href":"https:\/\/sites.uel.br\/international\/wp-json\/wp\/v2\/users\/7"}],"replies":[{"embeddable":true,"href":"https:\/\/sites.uel.br\/international\/wp-json\/wp\/v2\/comments?post=2248"}],"version-history":[{"count":2,"href":"https:\/\/sites.uel.br\/international\/wp-json\/wp\/v2\/pages\/2248\/revisions"}],"predecessor-version":[{"id":2482,"href":"https:\/\/sites.uel.br\/international\/wp-json\/wp\/v2\/pages\/2248\/revisions\/2482"}],"wp:attachment":[{"href":"https:\/\/sites.uel.br\/international\/wp-json\/wp\/v2\/media?parent=2248"}],"curies":[{"name":"wp","href":"https:\/\/api.w.org\/{rel}","templated":true}]}}