{"id":28,"date":"2023-09-28T18:42:00","date_gmt":"2023-09-28T21:42:00","guid":{"rendered":"https:\/\/sites.uel.br\/inct_toxoplasmose\/?page_id=28"},"modified":"2023-10-31T18:27:23","modified_gmt":"2023-10-31T21:27:23","slug":"contato","status":"publish","type":"page","link":"https:\/\/sites.uel.br\/inct_toxoplasmose\/contato\/","title":{"rendered":"Contato"},"content":{"rendered":"\n<p>Campus Universit\u00e1rio Centro de Ci\u00eancias Agr\u00e1rias<\/p>\n\n\n\n<p>CCA Departamento de Medicina Veterin\u00e1ria Preventiva \u2013 DMVP<\/p>\n\n\n\n<p>Caixa Postal: 10.011 \/ CEP: 86057-970 &#8211; Londrina, PR<\/p>\n\n\n\n<p>Fone\/Fax: (43) 3371-4765<\/p>\n\n\n\n<p>E-mail:&nbsp;incttoxo@uel.br<\/p>\n\n\n\n<h5 class=\"wp-block-heading\"><strong>Prof. Dr. Jo\u00e3o Luis Garcia<\/strong><\/h5>\n","protected":false},"excerpt":{"rendered":"<p>Campus Universit\u00e1rio Centro de Ci\u00eancias Agr\u00e1rias CCA Departamento de Medicina Veterin\u00e1ria Preventiva \u2013 DMVP Caixa Postal: 10.011 \/ CEP: 86057-970 &#8211; Londrina, PR Fone\/Fax: (43) 3371-4765 E-mail:&nbsp;incttoxo@uel.br Prof. Dr. Jo\u00e3o Luis Garcia<\/p>\n","protected":false},"author":7,"featured_media":0,"parent":0,"menu_order":0,"comment_status":"closed","ping_status":"closed","template":"","meta":{"footnotes":""},"class_list":["post-28","page","type-page","status-publish","hentry"],"acf":[],"_links":{"self":[{"href":"https:\/\/sites.uel.br\/inct_toxoplasmose\/wp-json\/wp\/v2\/pages\/28","targetHints":{"allow":["GET"]}}],"collection":[{"href":"https:\/\/sites.uel.br\/inct_toxoplasmose\/wp-json\/wp\/v2\/pages"}],"about":[{"href":"https:\/\/sites.uel.br\/inct_toxoplasmose\/wp-json\/wp\/v2\/types\/page"}],"author":[{"embeddable":true,"href":"https:\/\/sites.uel.br\/inct_toxoplasmose\/wp-json\/wp\/v2\/users\/7"}],"replies":[{"embeddable":true,"href":"https:\/\/sites.uel.br\/inct_toxoplasmose\/wp-json\/wp\/v2\/comments?post=28"}],"version-history":[{"count":2,"href":"https:\/\/sites.uel.br\/inct_toxoplasmose\/wp-json\/wp\/v2\/pages\/28\/revisions"}],"predecessor-version":[{"id":77,"href":"https:\/\/sites.uel.br\/inct_toxoplasmose\/wp-json\/wp\/v2\/pages\/28\/revisions\/77"}],"wp:attachment":[{"href":"https:\/\/sites.uel.br\/inct_toxoplasmose\/wp-json\/wp\/v2\/media?parent=28"}],"curies":[{"name":"wp","href":"https:\/\/api.w.org\/{rel}","templated":true}]}}