{"id":21,"date":"2025-03-10T11:58:32","date_gmt":"2025-03-10T14:58:32","guid":{"rendered":"https:\/\/sites.uel.br\/inclusaosocial\/?page_id=21"},"modified":"2025-05-21T15:11:42","modified_gmt":"2025-05-21T18:11:42","slug":"formularios","status":"publish","type":"page","link":"https:\/\/sites.uel.br\/inclusaosocial\/formularios\/","title":{"rendered":"Formul\u00e1rios e Roteiros"},"content":{"rendered":"\n<h2 class=\"wp-block-heading\">Formul\u00e1rios<\/h2>\n\n\n\n<ul class=\"wp-block-list\">\n<li><a href=\"https:\/\/www.uel.br\/inclusaosocial\/pages\/arquivos\/Inclusao%20Social\/2022\/Acompanhamento_Semestral.dotx\">Acompanhamento semestral<\/a><br>deve ser entregue na Pr\u00f3-reitoria em que estiver vinculado o trabalho de&nbsp;<strong>01 a 10\/03\/2026<\/strong><\/li>\n\n\n\n<li><a href=\"https:\/\/www.uel.br\/inclusaosocial\/pages\/arquivos\/Inclusao%20Social\/2022\/Cancelamento2022.dotx\">Cancelamento do trabalho\/bolsa<\/a><br>deve ser entregue na pr\u00f3-reitoria em que estiver vinculado o trabalho<\/li>\n\n\n\n<li><a href=\"https:\/\/sites.uel.br\/inclusaosocial\/wp-content\/uploads\/2025\/05\/Troca_Orientador.dotx\">Troca de Orientador<\/a><br>deve ser entregue na pr\u00f3-reitoria em que estiver vinculado o trabalho<\/li>\n<\/ul>\n\n\n\n<h2 class=\"wp-block-heading\">Como Elaborar Projetos<\/h2>\n\n\n\n<ul class=\"wp-block-list\">\n<li><a href=\"https:\/\/sites.uel.br\/proppg\/programa-de-iniciacao-cientifica-proic\/\">Roteiro para elabora\u00e7\u00e3o de projeto de inicia\u00e7\u00e3o cient\u00edfica<\/a>&nbsp;(ProPPG) &#8211; arquivo dispon\u00edvel no sistema eletr\u00f4nico \u2013 fazer o <em>upload<\/em>, preencher e&nbsp;<strong>anexar o arquivo no sistema eletr\u00f4nico&nbsp;<\/strong><\/li>\n\n\n\n<li><a href=\"https:\/\/www.uel.br\/inclusaosocial\/pages\/arquivos\/Roteiro_para_elaboracao_de_iniciacao_extensionista_2022.doc\">Roteiro para elabora\u00e7\u00e3o de projeto de inicia\u00e7\u00e3o extensionista<\/a>&nbsp;(ProEx) \u2013 arquivo dispon\u00edvel no sistema eletr\u00f4nico \u2013 fazer o <em>upload<\/em>, preencher e&nbsp;<strong>anexar o arquivo no sistema eletr\u00f4nico<\/strong><\/li>\n\n\n\n<li><strong>&nbsp;<\/strong><a href=\"https:\/\/sites.uel.br\/inclusaosocial\/wp-content\/uploads\/2025\/05\/Roteiro-de-estudos-bolsas-Prograd_anexo_III.docx\">Modelo para elabora\u00e7\u00e3o de roteiro de estudos<\/a>&nbsp;(ProGrad) &#8211; arquivo dispon\u00edvel no sistema eletr\u00f4nico \u2013 fazer o <em>upload<\/em>, preencher e&nbsp;<strong>anexar o arquivo no sistema eletr\u00f4nico<\/strong><\/li>\n<\/ul>\n\n\n\n<h2 class=\"wp-block-heading\">Como Elaborar Relat\u00f3rios<\/h2>\n\n\n\n<ul class=\"wp-block-list\">\n<li><a href=\"https:\/\/sites.uel.br\/proppg\/elaboracao-e-entrega-do-relatorio-de-iniciacao-cientifica\/\">Roteiro de elabora\u00e7\u00e3o e entrega de Relat\u00f3rios de inicia\u00e7\u00e3o cient\u00edfica<\/a> (ProPPG)<\/li>\n<\/ul>\n","protected":false},"excerpt":{"rendered":"<p>Formul\u00e1rios Como Elaborar Projetos Como Elaborar Relat\u00f3rios<\/p>\n","protected":false},"author":8,"featured_media":0,"parent":0,"menu_order":0,"comment_status":"closed","ping_status":"closed","template":"","meta":{"_acf_changed":false,"footnotes":""},"class_list":["post-21","page","type-page","status-publish","hentry"],"acf":[],"_links":{"self":[{"href":"https:\/\/sites.uel.br\/inclusaosocial\/wp-json\/wp\/v2\/pages\/21","targetHints":{"allow":["GET"]}}],"collection":[{"href":"https:\/\/sites.uel.br\/inclusaosocial\/wp-json\/wp\/v2\/pages"}],"about":[{"href":"https:\/\/sites.uel.br\/inclusaosocial\/wp-json\/wp\/v2\/types\/page"}],"author":[{"embeddable":true,"href":"https:\/\/sites.uel.br\/inclusaosocial\/wp-json\/wp\/v2\/users\/8"}],"replies":[{"embeddable":true,"href":"https:\/\/sites.uel.br\/inclusaosocial\/wp-json\/wp\/v2\/comments?post=21"}],"version-history":[{"count":6,"href":"https:\/\/sites.uel.br\/inclusaosocial\/wp-json\/wp\/v2\/pages\/21\/revisions"}],"predecessor-version":[{"id":149,"href":"https:\/\/sites.uel.br\/inclusaosocial\/wp-json\/wp\/v2\/pages\/21\/revisions\/149"}],"wp:attachment":[{"href":"https:\/\/sites.uel.br\/inclusaosocial\/wp-json\/wp\/v2\/media?parent=21"}],"curies":[{"name":"wp","href":"https:\/\/api.w.org\/{rel}","templated":true}]}}