{"id":404,"date":"2024-08-30T08:17:02","date_gmt":"2024-08-30T11:17:02","guid":{"rendered":"https:\/\/sites.uel.br\/hu-londrina\/?page_id=404"},"modified":"2025-03-18T09:08:38","modified_gmt":"2025-03-18T12:08:38","slug":"identidade-organizacional","status":"publish","type":"page","link":"https:\/\/sites.uel.br\/hu-londrina\/identidade-organizacional\/","title":{"rendered":"Identidade Organizacional"},"content":{"rendered":"\n<!--O Maior Hospital estrat\u00e9gico-->\n<div style=\"width: 100%;height: 100%;overflow: hidden\">\n    <a href=\"#next-section\">\n        <img decoding=\"async\" src=\"https:\/\/sites.uel.br\/hu-londrina\/wp-content\/uploads\/2025\/01\/Inicio-Hospital-HU.png\" style=\"width: 100%;height: auto;object-fit: contain\" alt=\"O Maior Hospital estrat\u00e9gico e refer\u00eancia SUS do interior do Paran\u00e1. Conhe\u00e7a nossa hist\u00f3ria\">\n    <\/a>\n<\/div>\n\n<!--Nossa Hist\u00f3ria-->\n<div style=\"width: 100%;height: 100%;overflow: hidden;padding: 10% 0 0 0\" id=\"next-section\">\n    <img decoding=\"async\" src=\"https:\/\/sites.uel.br\/hu-londrina\/wp-content\/uploads\/2024\/09\/Nossa-Historia.png\" style=\"width: 100%;height: auto;object-fit:     contain\" alt=\"Nossa Hist\u00f3ria: O Hospital Universit\u00e1rio (HU) \u00e9 o maior \u00d3rg\u00e3o Suplementar da Universidade Estadual de \n    Londrina (UEL), fundado em 01 de agosto de 1971. Est\u00e1 vinculado administrativamente \u00e0 Reitoria da UEL e academicamente ao Centro de \n    Ci\u00eancias da Sa\u00fade -CCS.\">\n<\/div>\n\n<!--Miss\u00e3o-->\n<div style=\"width: 100%;height: 100%;overflow: hidden;padding: 10% 0 0 0\">\n    <img decoding=\"async\" src=\"https:\/\/sites.uel.br\/hu-londrina\/wp-content\/uploads\/2024\/09\/Missao.png\" style=\"width: 100%;height: auto;object-fit: contain\" alt=\"Miss\u00e3o: Prestar assist\u00eancia integral \u00e0 sa\u00fade, com excel\u00eancia e qualidade, participando na pr\u00e1tica do ensino, pesquisa e extens\u00e3o, integrado ao SUS e contribuindo para a melhoria da qualidade de vida da popula\u00e7\u00e3o.\">\n<\/div>\n\n<!--Valores-->\n<div style=\"width: 100%;height: 100%;overflow: hidden;padding: 10% 0 0 0\">\n    <img decoding=\"async\" src=\"https:\/\/sites.uel.br\/hu-londrina\/wp-content\/uploads\/2024\/09\/Valores.png\" style=\"width: 100%;height: auto;object-fit: contain\" alt=\"Nossos Valores: \u00c9tica, Assist\u00eancia, Ensino e Qualidade.\">\n<\/div>\n\n<!--Vis\u00e3o-->\n<div style=\"width: 100%;height: 100%;overflow: hidden;padding: 10% 0 0 0\">\n    <img decoding=\"async\" src=\"https:\/\/sites.uel.br\/hu-londrina\/wp-content\/uploads\/2024\/09\/Visao.png\" style=\"width: 100%;height: auto;object-fit: contain\" alt=\"Vis\u00e3o: Ser um hospital p\u00fablico, universit\u00e1rio, aut\u00f4nomo, autossuficiente, de excel\u00eancia, de refer\u00eancia na\n assist\u00eancia e na gest\u00e3o hospitalar integrada com os Hospitais do estado na regi\u00e3o de Londrina.\">\n<\/div>\n\n<!--Abrang\u00eancia-->\n<div style=\"width: 100%;height: 100%;overflow: hidden;padding: 10% 0 0 0\">\n    <img decoding=\"async\" src=\"https:\/\/sites.uel.br\/hu-londrina\/wp-content\/uploads\/2024\/09\/Abrangencia.png\" style=\"width: 100%;height: auto;object-fit: contain\" alt=\"Abrange toda a Macrorregional Norte, que possui 1.995.912 habitantes\">\n<\/div>\n\n<!--T\u00edtulo de Dados sobre a Capacidade Instalada e Desempenho Operacional-->\n<div style=\"width: 100%;height: 100%;overflow: hidden;padding: 10% 0 0 0\">\n    <img decoding=\"async\" src=\"https:\/\/sites.uel.br\/hu-londrina\/wp-content\/uploads\/2024\/09\/Titulo-Capacidade.png\" style=\"width: 100%;height: auto;object-fit: contain\" alt=\"Dados sobre a Capacidade Instalada e Desempenho Operacional, referente ao per\u00edodo de jan. a dez. de 2023 \">\n<\/div>\n\n<!--Primeiro T\u00f3pico de Dados sobre a Capacidade Instalada e Desempenho Operacional-->\n<div style=\"width: 100%;height: 100%;overflow: hidden;padding: 10% 0 0 0\">\n    <img decoding=\"async\" src=\"https:\/\/sites.uel.br\/hu-londrina\/wp-content\/uploads\/2025\/01\/Capacidade-Primeiro-Topico-Ilustracao.png\" style=\"width: 100%;height: auto;object-fit: contain\" alt=\" S\u00e3o 430 leitos sendo 94 UTI e 336 Retaguarda Cl\u00ednica. Cerca de 2.939 trabalhadores. Total de 113 consult\u00f3rios e 17 salas cir\u00fargicas. Al\u00e9m disso, o hospital possui 65 mil m\u00b2. \">\n<\/div>\n\n<!--Segundo T\u00f3pico de Dados sobre a Capacidade Instalada e Desempenho Operacional-->\n<div style=\"width: 100%;height: 100%;overflow: hidden;padding: 10% 0 0 0\">\n    <img decoding=\"async\" src=\"https:\/\/sites.uel.br\/hu-londrina\/wp-content\/uploads\/2025\/01\/Capacidade-Segundo-Topico-Ilustracao.png\" style=\"width: 100%;height: auto;object-fit: contain\" alt=\" S\u00e3o 156 mil atendimentos ambulatoriais, 490 atendimentos n\u00e3o m\u00e9dicos como nutri\u00e7\u00e3o, fisioterapia, fonoaudiologia, enfermagem, servi\u00e7o social, psicologia e odontologia. Al\u00e9m disso, s\u00e3o 29 mil tomografias e 6.330 hemodi\u00e1lises.\">\n<\/div>\n\n<!--Terceiro T\u00f3pico de Dados sobre a Capacidade Instalada e Desempenho Operacional-->\n<div style=\"width: 100%;height: 100%;overflow: hidden;padding: 10% 0 0 0\">\n    <img decoding=\"async\" src=\"https:\/\/sites.uel.br\/hu-londrina\/wp-content\/uploads\/2025\/01\/Capacidade-Terceiro-Topico-Ilustracao.png\" style=\"width: 100%;height: auto;object-fit: contain\" alt=\" S\u00e3o 14 mil bolsas de sangue coletadas, 28 transplantes de m\u00e9dula \u00f3ssea, 280 capta\u00e7\u00f5es de corn\u00e9as e 48 capta\u00e7\u00f5es de \u00f3rg\u00e3os.\">\n<\/div>\n\n<!--Quarto T\u00f3pico de Dados sobre a Capacidade Instalada e Desempenho Operacional-->\n<div style=\"width: 100%;height: 100%;overflow: hidden;padding: 10% 0 0 0\">\n    <img decoding=\"async\" src=\"https:\/\/sites.uel.br\/hu-londrina\/wp-content\/uploads\/2025\/01\/Capacidade-Quarto-Topico-Ilustracao.png\" style=\"width: 100%;height: auto;object-fit: contain\" alt=\" S\u00e3o 1,9 milh\u00f5es de exames de an\u00e1lises cl\u00ednicas, 1,2 milh\u00f5es de refei\u00e7\u00f5es preparadas, 65 mil exames de radiologia e 1.600 partos.\">\n<\/div>\n\n<!--Quinto T\u00f3pico de Dados sobre a Capacidade Instalada e Desempenho Operacional-->\n<div style=\"width: 100%;height: 100%;overflow: hidden;padding: 10% 0 0 0\">\n    <img decoding=\"async\" src=\"https:\/\/sites.uel.br\/hu-londrina\/wp-content\/uploads\/2025\/01\/Capacidade-Quinta-Topico-Ilustracao.png\" style=\"width: 100%;height: auto;object-fit: contain\" alt=\" S\u00e3o 8.400 atendimentos CIATox, 5.500 atendimentos PS, 20 mil interna\u00e7\u00f5es e 14 mil cirurgias.\">\n<\/div>\n\n<!--Reconhecimento Institucional-->\n<div style=\"width: 100%;height: 100%;overflow: hidden;padding: 10% 0 0 0\">\n    <img decoding=\"async\" src=\"https:\/\/sites.uel.br\/hu-londrina\/wp-content\/uploads\/2024\/09\/Reconhecimento-Institucional.png\" style=\"width: 100%;height: auto;object-fit: contain\" alt=\"Pr\u00eamios de Reconhecimento Institucional: no ano de 2000 ganhou o T\u00edtulo Centro Colaborador para Qualidade da Gest\u00e3o e Assist\u00eancia Hospitalar pelo Minist\u00e9rio da Sa\u00fade e o pr\u00eamio Hospital Amigo da Crian\u00e7a Minist\u00e9rio da Sa\u00fade.\n    Em 2001 ganhou o Pr\u00eamio Qualidade Hospitalar pelo Minist\u00e9rio da Sa\u00fade.\n    Em 2003 a Comenda Ouro Verde pela Prefeitura Londrina.\n    Em 2011 a Homenagem pelos 40 anos do HU pela C\u00e2mara de Londrina (vereador Lenir de Assis).\n    Em 2013 o Certificado de Excel\u00eancia pelo Minist\u00e9rio da Sa\u00fade e a Comemora\u00e7\u00e3o do Primeiro Transplante Renal Ocorrido 40 Anos Antes pela C\u00e2mara de Londrina (ver. Sandra Pra\u00e7a).\n    Em 2014 o Diploma de Reconhecimento P\u00fablico pela C\u00e2mara de Londrina e Mo\u00e7\u00e3o de Aplausos pelo ALEP (dep. Andr\u00e9 Bueno).\n    Em 2016 os Votos de Confratula\u00e7\u00f5es pelos 45 anos do Hospital pela C\u00e2mara de Londrina (ver. Mara Lima).\n    Em 2018 a Men\u00e7\u00e3o Honrosa pela Pol\u00edcia Militar.\n    Em 2021 a Men\u00e7\u00e3o Honrosa aos profissionais do HU-UEL pelos servi\u00e7os prestados durante a pandemia de Covid-19 pela Prefeitura Londrina, Men\u00e7\u00e3o Honrosa pelos 50 anos do HU pelo ALEP (dep. Terc\u00edlio Turini), \n    Participa\u00e7\u00e3o da institui\u00e7\u00e3o na Avalia\u00e7\u00e3o Nacional das Pr\u00e1ticas de Seguran\u00e7a do Paciente 2020 pela Anvisa e Men\u00e7\u00e3o Honrosa pelos relevantes servi\u00e7os prestados pelo ALEP (dep. Michele Caputo Neto).\n    Em 2022 o Certificado de Centro Qualificado para a Unidade de Terapia do HU e de participante do BRICNet pela BRICNet.\n    Em 2023 a \u201cAdes\u00e3o Plena\u201d \u00e0s Pr\u00e1ticas de Seguran\u00e7a do Paciente pela Anvisa, o Certificado de Profici\u00eancia em Ensaios Laboratoriais pela Control Lab,\n    o Selo Top Eficiente UTI pela AMIB e Epimed Solutions, Certificado e Medalha de agradecimento e reconhecimento pelos servi\u00e7os prestadores durante a ExpoLondrina 2023 pela Sociedade Rural do Paran\u00e1\">\n<\/div>\n\n<!--Cerca de 38 Habilita\u00e7\u00f5es junto ao Minist\u00e9rio da Sa\u00fade-->\n<div style=\"width: 100%;height: 100%;overflow: hidden;padding: 10% 0 0 0\">\n    <img decoding=\"async\" src=\"https:\/\/sites.uel.br\/hu-londrina\/wp-content\/uploads\/2024\/09\/Cerca-de-38-Habilitacoes-junto-ao-Ministerio-da-Saude.png\" style=\"width: 100%;height: auto;object-fit: contain\" alt=\"Prestamos cerca de 38 Habilita\u00e7\u00f5es junto ao Minist\u00e9rio da Sa\u00fade como:\n    Aten\u00e7\u00e3o Hospitalar de Refer\u00eancia \u00e0 Gesta\u00e7\u00e3o de Alto Risco Tipo II;\n    Assist\u00eancia de Alta Complexidade ao Indiv\u00edduo com Obesidade;\n    Banco de Tecido Ocular Humano;\n    Cadastramento de Doadores Volunt\u00e1rios de Medula \u00d3ssea e Outros Precursores Hematopoi\u00e9ticos;\n    Centro de Refer\u00eancia de Alta Complexidade em Neurologia\/Neurocirurgia;\n    Centro de Refer\u00eancia de Alta Complexidade em Terapia Nutricional;\n    Centro de Refer\u00eancia de Alta Complexidade em Traumato-Ortopedia;\n    Centro de Refer\u00eancia em Alta Complexidade Cardiovascular;\n    Centro de Refer\u00eancia em Assist\u00eancia a Queimados \u2013 Alta Complexidade;\n    Cirurgia Cardiovascular e Procedimentos em Cardiologia Intervencionista;\n    Cirurgia Vascular;\n    Cirurgia Vascular e Procedimentos Endovasculares Extracard\u00edacos;\n    Enteral e Parenteral;\n    Exames de Histocompatibilidade atrav\u00e9s de Sorologia e ou Biologia Molecular Tipo II;\n    Exames de Histocompatibilidade atrav\u00e9s de Sorologia Tipo I;\n    Hospital Amigo da Crian\u00e7a;\n    Hospital Dia em Intercorr\u00eancias P\u00f3s-Transplante de Medula \u00d3ssea e de outros Precursores Hematopoi\u00e9ticos;\n    Hospital Tipo III em Urg\u00eancia;\n    Laborat\u00f3rio de Eletrofisiologia, Cirurgia Vascular e Procedimentos Endovasculares Extracard\u00edacos;\n    Laborat\u00f3rio Especializado em Contagem de Linf\u00f3citos T CD4+\/CD8+ HIV-1 Quantifica\u00e7\u00e3o de RNA;\n    Laqueadura;\n    Retirada de \u00d3rg\u00e3os e Tecidos;\n    Servi\u00e7o Hospitalar para Tratamento de AIDS;\n    Transplante de C\u00f3rnea e Esclera;\n    Transplante de Medula \u00d3ssea \u2013 Autog\u00eanico;\n    Transplante de Pele;\n    Transplante de Tecido Musculoesquel\u00e9tico;\n    UCI \u2013 Neonatal Canguru - UCINCA;\n    UCI \u2013 Neonatal Convencional - UCINCO;\n    UNACON com Servi\u00e7o de Hematologia;\n    UNACON com Servi\u00e7o de Oncologia Pedi\u00e1trica;\n    UTI - Neonatal Tipo III;\n    UTI - Queimados;\n    UTI - Adulto Tipo II;\n    UTI - Adulto Tipo III;\n    UTI - Pedi\u00e1trica Tipo III;\n    Vasectomia;\n    Videocirurgia;\">\n<\/div>\n\n<!--Dire\u00e7\u00e3o-->\n<div style=\"width: 100%;height: 100%;overflow: hidden;padding: 10% 0 0 0\">\n    <img decoding=\"async\" src=\"https:\/\/sites.uel.br\/hu-londrina\/wp-content\/uploads\/2025\/03\/Direcao_Site1-1.png\" style=\"width: 100%;height: auto;object-fit: contain\" alt=\" Nossa Dire\u00e7\u00e3o: na Diretoria Superintendente a respons\u00e1vel \u00e9 a Iara Aparecida de Oliveira Secco, o email para contato \u00e9 dir.sup@uel.br. Na Diretoria Administrativa a respon\u00e1vel \u00e9 Daiane Vieira Cardoso, o email para contato \u00e9 dir.adm@uel.br. Na Diretoria Cl\u00ednica o respons\u00e1vel \u00e9 a Priscila Audibert Nader, o email para contato \u00e9 dir.clin@uel.br. Na Diretoria de Enfermagem a respons\u00e1vel \u00e9 Fl\u00e1via Mendon\u00e7a da Silva Oussaki, o email para contato \u00e9 dir.enf@uel.br.\">\n<\/div>\n\n<!--Fique por dentro-->\n<div style=\"width: 100%;height: 100%;overflow: hidden;padding: 10% 0 0 0\">\n    <a href=\"https:\/\/sites.uel.br\/hu-londrina\/\">\n        <img decoding=\"async\" src=\"https:\/\/sites.uel.br\/hu-londrina\/wp-content\/uploads\/2024\/09\/Fique-por-dentro-das-nossas-noticias-sombra.png\" style=\"width: 100%;height: auto;object-fit: contain\" alt=\"Fique por dentro das nossas not\u00edcias! Acessar Not\u00edcias.\">\n    <\/a>\n<\/div>\n\n\n\n<p><\/p>\n","protected":false},"excerpt":{"rendered":"","protected":false},"author":9,"featured_media":0,"parent":0,"menu_order":0,"comment_status":"closed","ping_status":"closed","template":"","meta":{"_acf_changed":false,"footnotes":""},"class_list":["post-404","page","type-page","status-publish","hentry"],"acf":[],"_links":{"self":[{"href":"https:\/\/sites.uel.br\/hu-londrina\/wp-json\/wp\/v2\/pages\/404","targetHints":{"allow":["GET"]}}],"collection":[{"href":"https:\/\/sites.uel.br\/hu-londrina\/wp-json\/wp\/v2\/pages"}],"about":[{"href":"https:\/\/sites.uel.br\/hu-londrina\/wp-json\/wp\/v2\/types\/page"}],"author":[{"embeddable":true,"href":"https:\/\/sites.uel.br\/hu-londrina\/wp-json\/wp\/v2\/users\/9"}],"replies":[{"embeddable":true,"href":"https:\/\/sites.uel.br\/hu-londrina\/wp-json\/wp\/v2\/comments?post=404"}],"version-history":[{"count":542,"href":"https:\/\/sites.uel.br\/hu-londrina\/wp-json\/wp\/v2\/pages\/404\/revisions"}],"predecessor-version":[{"id":1919,"href":"https:\/\/sites.uel.br\/hu-londrina\/wp-json\/wp\/v2\/pages\/404\/revisions\/1919"}],"wp:attachment":[{"href":"https:\/\/sites.uel.br\/hu-londrina\/wp-json\/wp\/v2\/media?parent=404"}],"curies":[{"name":"wp","href":"https:\/\/api.w.org\/{rel}","templated":true}]}}