{"id":311,"date":"2022-03-17T13:42:41","date_gmt":"2022-03-17T16:42:41","guid":{"rendered":"https:\/\/sites.uel.br\/gtcovid19\/?page_id=311"},"modified":"2022-03-21T15:45:16","modified_gmt":"2022-03-21T18:45:16","slug":"orientacoes-2","status":"publish","type":"page","link":"https:\/\/sites.uel.br\/gtcovid19\/orientacoes-2\/","title":{"rendered":"Orienta\u00e7\u00f5es"},"content":{"rendered":"\n<p><\/p>\n\n\n\n<p><a rel=\"noreferrer noopener\" href=\"https:\/\/sites.uel.br\/gtcovid19\/orientacoes\/\" data-type=\"URL\" data-id=\"https:\/\/sites.uel.br\/gtcovid19\/orientacoes\/\" target=\"_blank\">Como Proceder em Situa\u00e7\u00f5es que Envolvam a COVID-19?<\/a><\/p>\n\n\n\n<p><a href=\"https:\/\/sites.uel.br\/gtcovid19\/medidas-de-seguranca-sanitaria\/\" data-type=\"URL\" data-id=\"https:\/\/sites.uel.br\/gtcovid19\/medidas-de-seguranca-sanitaria\/\" target=\"_blank\" rel=\"noreferrer noopener\">Medidas de Seguran\u00e7a Sanit\u00e1ria<\/a><\/p>\n","protected":false},"excerpt":{"rendered":"<p>Como Proceder em Situa\u00e7\u00f5es que Envolvam a COVID-19? Medidas de Seguran\u00e7a Sanit\u00e1ria<\/p>\n","protected":false},"author":10,"featured_media":0,"parent":0,"menu_order":0,"comment_status":"closed","ping_status":"closed","template":"","meta":{"footnotes":""},"class_list":["post-311","page","type-page","status-publish","hentry"],"_links":{"self":[{"href":"https:\/\/sites.uel.br\/gtcovid19\/wp-json\/wp\/v2\/pages\/311","targetHints":{"allow":["GET"]}}],"collection":[{"href":"https:\/\/sites.uel.br\/gtcovid19\/wp-json\/wp\/v2\/pages"}],"about":[{"href":"https:\/\/sites.uel.br\/gtcovid19\/wp-json\/wp\/v2\/types\/page"}],"author":[{"embeddable":true,"href":"https:\/\/sites.uel.br\/gtcovid19\/wp-json\/wp\/v2\/users\/10"}],"replies":[{"embeddable":true,"href":"https:\/\/sites.uel.br\/gtcovid19\/wp-json\/wp\/v2\/comments?post=311"}],"version-history":[{"count":2,"href":"https:\/\/sites.uel.br\/gtcovid19\/wp-json\/wp\/v2\/pages\/311\/revisions"}],"predecessor-version":[{"id":346,"href":"https:\/\/sites.uel.br\/gtcovid19\/wp-json\/wp\/v2\/pages\/311\/revisions\/346"}],"wp:attachment":[{"href":"https:\/\/sites.uel.br\/gtcovid19\/wp-json\/wp\/v2\/media?parent=311"}],"curies":[{"name":"wp","href":"https:\/\/api.w.org\/{rel}","templated":true}]}}