{"id":301,"date":"2022-03-17T13:32:12","date_gmt":"2022-03-17T16:32:12","guid":{"rendered":"https:\/\/sites.uel.br\/gtcovid19\/?page_id=301"},"modified":"2022-08-03T13:55:43","modified_gmt":"2022-08-03T16:55:43","slug":"medidas-de-seguranca-sanitaria","status":"publish","type":"page","link":"https:\/\/sites.uel.br\/gtcovid19\/medidas-de-seguranca-sanitaria\/","title":{"rendered":"Medidas de Seguran\u00e7a Sanit\u00e1ria"},"content":{"rendered":"\n<p><\/p>\n\n\n\n<p>\u00c9 necess\u00e1rio utilizar como arma principal para enfrentamento desta doen\u00e7a o senso de coletividade, visto que adotar medidas de seguran\u00e7a sanit\u00e1ria beneficia ao indiv\u00edduo e ao seu c\u00edrculo social. <strong>Pessoas podem ser salvas a partir do momento que cada indiv\u00edduo entende que pertence a um coletivo e realiza as medidas de seguran\u00e7a.<\/strong><\/p>\n\n\n\n<p><\/p>\n\n\n\n<p>A transmiss\u00e3o da COVID-19 ocorre principalmente por meio de got\u00edculas respirat\u00f3rias eliminadas pelo indiv\u00edduo infectado quando em contato pr\u00f3ximo com outro suscept\u00edvel. As orienta\u00e7\u00f5es a seguir visam incentivar e nortear a cria\u00e7\u00e3o de rotinas nos espa\u00e7os de trabalho e acad\u00eamicos desta Universidade, para que haja um ambiente seguro e com redu\u00e7\u00e3o dos riscos de contamina\u00e7\u00e3o. Ser\u00e3o abordadas orienta\u00e7\u00f5es para a promo\u00e7\u00e3o de sa\u00fade e preven\u00e7\u00e3o da contamina\u00e7\u00e3o pela COVID-19 em duas dimens\u00f5es, sendo elas:<strong><em> a) medidas individuais b) medidas coletivas e com o ambiente.<\/em><\/strong><\/p>\n\n\n\n<p><\/p>\n\n\n\n<p class=\"has-medium-font-size\"><strong>a)<\/strong> <strong>Medidas Individuais<\/strong><\/p>\n\n\n\n<p><\/p>\n\n\n\n<ul class=\"wp-block-list\"><li>\u00c9 altamente recomendado o uso de m\u00e1scara facial de prote\u00e7\u00e3o individual em ambientes fechados, como salas de aulas, laborat\u00f3rios, setores, divis\u00f5es, entre outros;<\/li><li>\u00c9 altamente recomendada a utiliza\u00e7\u00e3o de m\u00e1scara em ambientes abertos que promovam alta concentra\u00e7\u00e3o de pessoas, como \u00e1reas externas de salas de aula e audit\u00f3rios, filas, entre outros;<\/li><li><span style=\"font-size: 1.2rem\">\u00c9 obrigat\u00f3rio o uso de m\u00e1scaras de prote\u00e7\u00e3o facial com total cobertura do nariz, boca e queixo por indiv\u00edduos com sintomas de s\u00edndrome gripal, teste positivo, ou exposi\u00e7\u00e3o a algu\u00e9m com COVID-19 em ambientes abertos e fechados<\/span>;<\/li><li>Deve ser feito o uso de m\u00e1scara durante a perman\u00eancia nos ambientes destinados \u00e0 alimenta\u00e7\u00e3o, sendo permitida sua retirada apenas para o momento da refei\u00e7\u00e3o, devendo a mesma ser recolocada imediatamente ap\u00f3s a finaliza\u00e7\u00e3o;<\/li><li>Trocar a m\u00e1scara sempre que estiver \u00famida, com sujeira aparente, danificada ou se houver dificuldade para respirar;<\/li><li>Manter dois sacos pl\u00e1sticos na bolsa\/mochila particular: um para m\u00e1scaras de tecido limpas (usadas para ir e vir ao trabalho) e um para m\u00e1scaras usadas. Sempre trazer mais de uma m\u00e1scara;<\/li><li>Lavar frequentemente as m\u00e3os, com \u00e1gua e sab\u00e3o, ou higienize com \u00e1lcool 70%; ap\u00f3s tocar superf\u00edcies e antes de tocar na face;<\/li><li>Higienizar as m\u00e3os ap\u00f3s entrar no banheiro, antes de usar o fio dental ou escovar os dentes (o contato com a ma\u00e7aneta pode contaminar as m\u00e3os);<\/li><li>Seguir as regras de etiqueta respirat\u00f3ria para prote\u00e7\u00e3o como ao tossir ou espirrar, cobrir o nariz e boca com len\u00e7o de papel e descart\u00e1-los adequadamente. Na indisponibilidade dos len\u00e7os, cobrir com a parte interna do cotovelo, nunca com as m\u00e3os;<\/li><li>Evitar levar as m\u00e3os aos olhos, boca e nariz;<\/li><li>Evitar aglomera\u00e7\u00f5es nos ambientes da Universidade;<\/li><li>Manter o distanciamento f\u00edsico das outras pessoas, sem contatos pessoais (apertos de m\u00e3o, abra\u00e7os e beijos);<\/li><li>Se poss\u00edvel, tenha sempre um frasco de \u00e1lcool em gel 70% no bolso ou na bolsa;<\/li><li>Trazer garrafa de \u00e1gua pot\u00e1vel para uso pessoal e N\u00c3O USAR os bebedouros;<\/li><li>N\u00e3o compartilhar objetos de uso pessoal;<\/li><li>Aderir \u00e0 campanha de vacina\u00e7\u00e3o contra a COVID-19, que \u00e9 gratuita e fornecida pelo SUS.<\/li><\/ul>\n\n\n\n<p><\/p>\n\n\n\n<p class=\"has-text-align-center\"><strong>Figura 1<\/strong> \u2013 Uso correto das m\u00e1scaras<\/p>\n\n\n<div class=\"wp-block-image\">\n<figure class=\"aligncenter size-full\"><img loading=\"lazy\" decoding=\"async\" width=\"723\" height=\"771\" src=\"https:\/\/sites.uel.br\/gtcovid19\/wp-content\/uploads\/2022\/03\/image-1.png\" alt=\"\" class=\"wp-image-302\" srcset=\"https:\/\/sites.uel.br\/gtcovid19\/wp-content\/uploads\/2022\/03\/image-1.png 723w, https:\/\/sites.uel.br\/gtcovid19\/wp-content\/uploads\/2022\/03\/image-1-281x300.png 281w\" sizes=\"auto, (max-width: 723px) 100vw, 723px\" \/><figcaption><strong>Fonte:<\/strong> http:\/\/www.coronavirus.pr.gov.br\/Campanha\/Pagina\/Use-mascaras-da-forma-correta<\/figcaption><\/figure>\n<\/div>\n\n\n<p><\/p>\n\n\n\n<p class=\"has-medium-font-size\"><strong>b)<\/strong> <strong>Medidas Coletivas e Com o Ambiente<\/strong><\/p>\n\n\n\n<p><\/p>\n\n\n\n<p>Al\u00e9m de seguir todas as medidas individuais, \u00e9 preciso que toda a comunidade universit\u00e1ria adote medidas coletivas e com o ambiente que visem a preven\u00e7\u00e3o e controle da COVID-19, mitigando o risco de contamina\u00e7\u00e3o e transmiss\u00e3o da doen\u00e7a na universidade, adotando a\u00e7\u00f5es como:<\/p>\n\n\n\n<ul class=\"wp-block-list\"><li>Devem ser disponibilizados cartazes com orienta\u00e7\u00f5es das medidas para o controle e preven\u00e7\u00e3o da COVID-19 em diferentes pontos da Universidade;<\/li><li>Deve ser estimulada a higiene de m\u00e3os com \u00e1gua corrente e sabonete l\u00edquido ou com \u00e1lcool 70%;<\/li><li>Contatos f\u00edsicos como aperto de m\u00e3os, abra\u00e7os e beijos devem ser evitados entre os membros da comunidade universit\u00e1ria;<\/li><li>Os espa\u00e7os devem ser mantidos constantemente arejados e ventilados, preferencialmente de forma natural;<\/li><li>Portas e janelas devem ser mantidas abertas minimamente a fim de garantir ventila\u00e7\u00e3o, e o sistema de ar-condicionado deve ser mantido com seus componentes limpos e com a manuten\u00e7\u00e3o preventiva em dia;<\/li><li>O uso compartilhado de equipamentos ou materiais destinados ao ensino deve ser evitado;<\/li><li>Os arm\u00e1rios compartilhados devem ser desinfetados entre o uso por diferentes estudantes;<\/li><li>Todos os bebedouros nos quais exista a possibilidade de aproxima\u00e7\u00e3o da boca com a fonte de \u00e1gua devem ser desativados;<\/li><li>Devem ser mantidos dispensadores de \u00e1gua para garantir o abastecimento de copos e garrafas de uso pessoal, com orienta\u00e7\u00e3o clara de que estes utens\u00edlios n\u00e3o podem tocar as superf\u00edcies do equipamento durante este abastecimento;<\/li><li>As garrafas para abastecimento de \u00e1gua devem ser de uso individualizado, n\u00e3o devendo ser compartilhadas em nenhuma hip\u00f3tese;<\/li><li>A ocupa\u00e7\u00e3o dos elevadores deve ser restrita ao m\u00ednimo necess\u00e1rio, com uso priorit\u00e1rio a pessoas com prefer\u00eancia estabelecida em Lei.<\/li><\/ul>\n\n\n\n<p><a id=\"_msocom_1\"><\/a><\/p>\n","protected":false},"excerpt":{"rendered":"<p>\u00c9 necess\u00e1rio utilizar como arma principal para enfrentamento desta doen\u00e7a o senso de coletividade, visto que adotar medidas de seguran\u00e7a sanit\u00e1ria beneficia ao indiv\u00edduo e ao seu c\u00edrculo social. Pessoas podem ser salvas a partir do momento que cada indiv\u00edduo entende que pertence a um coletivo e realiza as medidas de seguran\u00e7a. A transmiss\u00e3o da [&hellip;]<\/p>\n","protected":false},"author":10,"featured_media":0,"parent":0,"menu_order":0,"comment_status":"closed","ping_status":"closed","template":"","meta":{"footnotes":""},"class_list":["post-301","page","type-page","status-publish","hentry"],"_links":{"self":[{"href":"https:\/\/sites.uel.br\/gtcovid19\/wp-json\/wp\/v2\/pages\/301","targetHints":{"allow":["GET"]}}],"collection":[{"href":"https:\/\/sites.uel.br\/gtcovid19\/wp-json\/wp\/v2\/pages"}],"about":[{"href":"https:\/\/sites.uel.br\/gtcovid19\/wp-json\/wp\/v2\/types\/page"}],"author":[{"embeddable":true,"href":"https:\/\/sites.uel.br\/gtcovid19\/wp-json\/wp\/v2\/users\/10"}],"replies":[{"embeddable":true,"href":"https:\/\/sites.uel.br\/gtcovid19\/wp-json\/wp\/v2\/comments?post=301"}],"version-history":[{"count":11,"href":"https:\/\/sites.uel.br\/gtcovid19\/wp-json\/wp\/v2\/pages\/301\/revisions"}],"predecessor-version":[{"id":440,"href":"https:\/\/sites.uel.br\/gtcovid19\/wp-json\/wp\/v2\/pages\/301\/revisions\/440"}],"wp:attachment":[{"href":"https:\/\/sites.uel.br\/gtcovid19\/wp-json\/wp\/v2\/media?parent=301"}],"curies":[{"name":"wp","href":"https:\/\/api.w.org\/{rel}","templated":true}]}}