{"id":4859,"date":"2024-08-23T16:26:39","date_gmt":"2024-08-23T19:26:39","guid":{"rendered":"https:\/\/sites.uel.br\/feira\/?page_id=4859"},"modified":"2024-08-26T10:03:10","modified_gmt":"2024-08-26T13:03:10","slug":"galeria-12a-feira-das-profissoes-uel-2024","status":"publish","type":"page","link":"https:\/\/sites.uel.br\/feira\/galeria-12a-feira-das-profissoes-uel-2024\/","title":{"rendered":"Galeria (12\u00aa Feira das Profiss\u00f5es UEL 2024)"},"content":{"rendered":"\n<hr class=\"wp-block-separator has-alpha-channel-opacity is-style-wide\" \/>\n\n\n\n<figure class=\"wp-block-image size-full\"><img loading=\"lazy\" decoding=\"async\" width=\"1600\" height=\"439\" src=\"https:\/\/sites.uel.br\/feira\/wp-content\/uploads\/2024\/07\/banner_feira_profissoes_2024.png\" alt=\"\" class=\"wp-image-4570\" srcset=\"https:\/\/sites.uel.br\/feira\/wp-content\/uploads\/2024\/07\/banner_feira_profissoes_2024.png 1600w, https:\/\/sites.uel.br\/feira\/wp-content\/uploads\/2024\/07\/banner_feira_profissoes_2024-300x82.png 300w, https:\/\/sites.uel.br\/feira\/wp-content\/uploads\/2024\/07\/banner_feira_profissoes_2024-1024x281.png 1024w, https:\/\/sites.uel.br\/feira\/wp-content\/uploads\/2024\/07\/banner_feira_profissoes_2024-768x211.png 768w, https:\/\/sites.uel.br\/feira\/wp-content\/uploads\/2024\/07\/banner_feira_profissoes_2024-1536x421.png 1536w\" sizes=\"auto, (max-width: 1600px) 100vw, 1600px\" \/><\/figure>\n\n\n\n<div style=\"height:20px\" aria-hidden=\"true\" class=\"wp-block-spacer\"><\/div>\n\n\n\n<h2 class=\"wp-block-heading has-text-align-center\">Fotos e V\u00eddeos<\/h2>\n\n\n\n<div class=\"wp-block-columns is-layout-flex wp-container-core-columns-is-layout-9d6595d7 wp-block-columns-is-layout-flex\">\n<div class=\"wp-block-column is-layout-flow wp-block-column-is-layout-flow\"><div class=\"wp-block-image\">\n<figure class=\"aligncenter size-full\"><a href=\"https:\/\/drive.google.com\/drive\/folders\/1B3P7UgNidrjzDV4p3CuS-Bpr2iXgPOxw?usp=sharing\" target=\"_blank\" rel=\"noreferrer noopener\"><img loading=\"lazy\" decoding=\"async\" width=\"32\" height=\"32\" src=\"https:\/\/sites.uel.br\/feira\/wp-content\/uploads\/2023\/05\/google_drive.png\" alt=\"\" class=\"wp-image-2887\" \/><\/a><\/figure>\n<\/div>\n\n\n<p class=\"has-text-align-center\"><strong>Galeria 01<\/strong><\/p>\n\n\n\n<p class=\"has-text-align-center has-small-font-size\">Cr\u00e9ditos: Docentes, Funcion\u00e1rios e Estudantes da UEL<\/p>\n<\/div>\n\n\n\n<div class=\"wp-block-column is-layout-flow wp-block-column-is-layout-flow\"><div class=\"wp-block-image\">\n<figure class=\"aligncenter size-full\"><a href=\"https:\/\/drive.google.com\/drive\/folders\/1aImCFauG6SN09Y_EkMthG1ONQkSolk7Y?usp=sharing\" target=\"_blank\" rel=\"noreferrer noopener\"><img loading=\"lazy\" decoding=\"async\" width=\"32\" height=\"32\" src=\"https:\/\/sites.uel.br\/feira\/wp-content\/uploads\/2023\/05\/google_drive.png\" alt=\"\" class=\"wp-image-2887\" \/><\/a><\/figure>\n<\/div>\n\n\n<p class=\"has-text-align-center\"><strong>Galeria 02<\/strong><br><strong>COM\/UEL<\/strong><\/p>\n\n\n\n<p class=\"has-text-align-center has-small-font-size\">Cr\u00e9ditos: Andr\u00e9 Rid\u00e3o<\/p>\n<\/div>\n\n\n\n<div class=\"wp-block-column is-layout-flow wp-block-column-is-layout-flow\"><div class=\"wp-block-image\">\n<figure class=\"aligncenter size-full\"><a href=\"https:\/\/drive.google.com\/drive\/folders\/1E0PJNw-cnZy1O8wedmI4OOCl0y25i9hJ?usp=sharing\" target=\"_blank\" rel=\"noreferrer noopener\"><img loading=\"lazy\" decoding=\"async\" width=\"32\" height=\"32\" src=\"https:\/\/sites.uel.br\/feira\/wp-content\/uploads\/2023\/05\/google_drive.png\" alt=\"\" class=\"wp-image-2887\" \/><\/a><\/figure>\n<\/div>\n\n\n<p class=\"has-text-align-center\"><strong>Galeria 03<\/strong><br><strong>COM\/UEL<\/strong><\/p>\n\n\n\n<p class=\"has-text-align-center has-small-font-size\">Cr\u00e9ditos: Cau\u00e3 Totini Ferranti<\/p>\n<\/div>\n<\/div>\n\n\n\n<div class=\"wp-block-columns is-layout-flex wp-container-core-columns-is-layout-9d6595d7 wp-block-columns-is-layout-flex\">\n<div class=\"wp-block-column is-layout-flow wp-block-column-is-layout-flow\"><div class=\"wp-block-image\">\n<figure class=\"aligncenter size-full\"><a href=\"https:\/\/drive.google.com\/drive\/folders\/117hJep8SUKLpCV-LhwFShKD209hd79lZ?usp=sharing\" target=\"_blank\" rel=\"noreferrer noopener\"><img loading=\"lazy\" decoding=\"async\" width=\"32\" height=\"32\" src=\"https:\/\/sites.uel.br\/feira\/wp-content\/uploads\/2023\/05\/google_drive.png\" alt=\"\" class=\"wp-image-2887\" \/><\/a><\/figure>\n<\/div>\n\n\n<p class=\"has-text-align-center\"><strong>Galeria 04<\/strong><br><strong>COM\/UEL<\/strong><\/p>\n\n\n\n<p class=\"has-text-align-center has-small-font-size\">Cr\u00e9ditos: J\u00e9ssica Prado<\/p>\n<\/div>\n\n\n\n<div class=\"wp-block-column is-layout-flow wp-block-column-is-layout-flow\"><div class=\"wp-block-image\">\n<figure class=\"aligncenter size-full\"><a href=\"https:\/\/drive.google.com\/drive\/folders\/1GIqJ-gGwwwxf8F-p0eAl8kiM2BOVYMDP?usp=sharing\" target=\"_blank\" rel=\"noreferrer noopener\"><img loading=\"lazy\" decoding=\"async\" width=\"32\" height=\"32\" src=\"https:\/\/sites.uel.br\/feira\/wp-content\/uploads\/2023\/05\/google_drive.png\" alt=\"\" class=\"wp-image-2887\" \/><\/a><\/figure>\n<\/div>\n\n\n<p class=\"has-text-align-center\"><strong>Galeria 05<\/strong><br><strong>COM\/UEL<\/strong><\/p>\n\n\n\n<p class=\"has-text-align-center has-small-font-size\">Cr\u00e9ditos: Kauane Bertegani<\/p>\n<\/div>\n<\/div>\n\n\n\n<div style=\"height:20px\" aria-hidden=\"true\" class=\"wp-block-spacer\"><\/div>\n\n\n\n<h2 class=\"wp-block-heading has-text-align-center\">M\u00eddia Televisiva, R\u00e1dio e Jornal<\/h2>\n\n\n\n<p><strong>RPC Londrina\/Paran\u00e1<\/strong><\/p>\n\n\n\n<p><a href=\"https:\/\/globoplay.globo.com\/v\/12826035\/\" target=\"_blank\" rel=\"noreferrer noopener\">Alunos de 266 escolas participam da Feira das Profiss\u00f5es da UEL<\/a><br><a href=\"https:\/\/globoplay.globo.com\/v\/12825306\/\" target=\"_blank\" rel=\"noreferrer noopener\">Estudantes participam de feira das profiss\u00f5es na UEL<\/a><\/p>\n\n\n\n<div style=\"height:20px\" aria-hidden=\"true\" class=\"wp-block-spacer\"><\/div>\n\n\n\n<p><strong>Folha de Londrina<\/strong><\/p>\n\n\n\n<p><a href=\"https:\/\/www.folhadelondrina.com.br\/geral\/feira-de-profissoes-reune-milhares-de-estudantes-no-campus-da-uel-3263812e.html?d=1\" target=\"_blank\" rel=\"noreferrer noopener\">Feira de Profiss\u00f5es re\u00fane milhares de estudantes no campus da UEL<\/a><\/p>\n\n\n\n<div style=\"height:20px\" aria-hidden=\"true\" class=\"wp-block-spacer\"><\/div>\n\n\n\n<p><strong>TV UEL<\/strong><\/p>\n\n\n\n<p><a href=\"https:\/\/www.youtube.com\/watch?v=94LStl7xcL8&amp;t=1s\" target=\"_blank\" rel=\"noreferrer noopener\">12\u00aa edi\u00e7\u00e3o da Feira das Profiss\u00f5es da UEL recebe estudantes do Ensino M\u00e9dio de bra\u00e7os abertos<\/a><\/p>\n\n\n\n<div style=\"height:20px\" aria-hidden=\"true\" class=\"wp-block-spacer\"><\/div>\n\n\n\n<p><strong>TV Tarob\u00e1<\/strong><\/p>\n\n\n\n<p><a href=\"https:\/\/www.youtube.com\/watch?v=M7PJ-VSolss\" target=\"_blank\" rel=\"noreferrer noopener\">Feira das Profiss\u00f5es abre Universidade Estadual de Londrina a estudantes do Ensino M\u00e9dio<\/a><\/p>\n\n\n\n<div style=\"height:20px\" aria-hidden=\"true\" class=\"wp-block-spacer\"><\/div>\n\n\n\n<p><strong>O Perobal<\/strong><\/p>\n\n\n\n<p><a href=\"https:\/\/operobal.uel.br\/prograd\/2024\/08\/05\/abertas-inscricoes-para-a-12a-feira-das-profissoes-vitrine-dos-cursos-de-graduacao-da-uel\/\" target=\"_blank\" rel=\"noreferrer noopener\">Abertas inscri\u00e7\u00f5es para Feira das Profiss\u00f5es, vitrine dos cursos de gradua\u00e7\u00e3o da UEL<\/a><\/p>\n\n\n\n<p><a href=\"https:\/\/operobal.uel.br\/ciencia\/2024\/08\/12\/feira-das-profissoes-recebe-mais-de-19-mil-inscritos-de-266-escolas-nesta-quinta-15\/\" target=\"_blank\" rel=\"noreferrer noopener\">Feira das Profiss\u00f5es recebe mais de 19 mil inscritos de 266 escolas, nesta quinta (15)<\/a><\/p>\n\n\n\n<p><a href=\"https:\/\/operobal.uel.br\/prograd\/2024\/08\/15\/feira-das-profissoes-da-uel-acolhe-estudantes-do-ensino-medio-com-conhecimento-gerado-na-graduacao\/\" target=\"_blank\" rel=\"noreferrer noopener\">Feira das Profiss\u00f5es abre Universidade a estudantes do Ensino M\u00e9dio<\/a><\/p>\n\n\n\n<p><a href=\"https:\/\/operobal.uel.br\/prograd\/2024\/08\/15\/estudantes-da-uel-apresentam-cursos-na-12a-feira-de-profissoes\/\" target=\"_blank\" rel=\"noreferrer noopener\">Graduandos da UEL dividem experi\u00eancias e apresentam cursos na Feira de Profiss\u00f5es<\/a><\/p>\n\n\n\n<p><a href=\"https:\/\/operobal.uel.br\/prograd\/2024\/08\/16\/pregao-megafone-e-show-ao-vivo-estudantes-roubam-a-cena-na-feira-das-profissoes\/\" target=\"_blank\" rel=\"noreferrer noopener\">Preg\u00e3o, megafone e show ao vivo: estudantes roubam a cena na Feira das Profiss\u00f5es<\/a><\/p>\n\n\n\n<p><a href=\"https:\/\/operobal.uel.br\/radio-uel\/2024\/08\/22\/feira-das-profissoes-2024-registra-mais-de-17-mil-visitantes-e-recorde-em-retencao-de-publico\/\" target=\"_blank\" rel=\"noreferrer noopener\">Feira das Profiss\u00f5es registra mais de 17 mil visitantes e recorde em reten\u00e7\u00e3o de p\u00fablico<\/a><\/p>\n\n\n\n<div style=\"height:20px\" aria-hidden=\"true\" class=\"wp-block-spacer\"><\/div>\n\n\n\n<p class=\"has-text-align-center has-verde-claro-background-color has-background\"><strong>A Coordena\u00e7\u00e3o Geral da Feira das Profiss\u00f5es, agradece a todos os docentes, estudantes, funcion\u00e1rios, estagi\u00e1rios e visitantes, que contribu\u00edram para a composi\u00e7\u00e3o de nossa Galeria de Fotos e V\u00eddeos. <\/strong><\/p>\n\n\n\n<p class=\"has-text-align-center\"><\/p>\n","protected":false},"excerpt":{"rendered":"<p>Fotos e V\u00eddeos Galeria 01 Cr\u00e9ditos: Docentes, Funcion\u00e1rios e Estudantes da UEL Galeria 02COM\/UEL Cr\u00e9ditos: Andr\u00e9 Rid\u00e3o Galeria 03COM\/UEL Cr\u00e9ditos: Cau\u00e3 Totini Ferranti Galeria 04COM\/UEL Cr\u00e9ditos: J\u00e9ssica Prado Galeria 05COM\/UEL Cr\u00e9ditos: Kauane Bertegani M\u00eddia Televisiva, R\u00e1dio e Jornal RPC Londrina\/Paran\u00e1 Alunos de 266 escolas participam da Feira das Profiss\u00f5es da UELEstudantes participam de feira das [&hellip;]<\/p>\n","protected":false},"author":8,"featured_media":0,"parent":0,"menu_order":0,"comment_status":"closed","ping_status":"closed","template":"","meta":{"_themeisle_gutenberg_block_has_review":false,"footnotes":""},"class_list":["post-4859","page","type-page","status-publish","hentry"],"_links":{"self":[{"href":"https:\/\/sites.uel.br\/feira\/wp-json\/wp\/v2\/pages\/4859","targetHints":{"allow":["GET"]}}],"collection":[{"href":"https:\/\/sites.uel.br\/feira\/wp-json\/wp\/v2\/pages"}],"about":[{"href":"https:\/\/sites.uel.br\/feira\/wp-json\/wp\/v2\/types\/page"}],"author":[{"embeddable":true,"href":"https:\/\/sites.uel.br\/feira\/wp-json\/wp\/v2\/users\/8"}],"replies":[{"embeddable":true,"href":"https:\/\/sites.uel.br\/feira\/wp-json\/wp\/v2\/comments?post=4859"}],"version-history":[{"count":18,"href":"https:\/\/sites.uel.br\/feira\/wp-json\/wp\/v2\/pages\/4859\/revisions"}],"predecessor-version":[{"id":4880,"href":"https:\/\/sites.uel.br\/feira\/wp-json\/wp\/v2\/pages\/4859\/revisions\/4880"}],"wp:attachment":[{"href":"https:\/\/sites.uel.br\/feira\/wp-json\/wp\/v2\/media?parent=4859"}],"curies":[{"name":"wp","href":"https:\/\/api.w.org\/{rel}","templated":true}]}}