{"id":4431,"date":"2023-09-04T14:47:15","date_gmt":"2023-09-04T17:47:15","guid":{"rendered":"https:\/\/sites.uel.br\/feira\/?page_id=4431"},"modified":"2024-08-23T16:25:55","modified_gmt":"2024-08-23T19:25:55","slug":"galeria-11a-feira-das-profissoes-uel-2023","status":"publish","type":"page","link":"https:\/\/sites.uel.br\/feira\/galeria-11a-feira-das-profissoes-uel-2023\/","title":{"rendered":"Galeria (11\u00aa Feira das Profiss\u00f5es UEL 2023)"},"content":{"rendered":"\n<hr class=\"wp-block-separator has-alpha-channel-opacity is-style-wide\" \/>\n\n\n\n<figure class=\"wp-block-image size-full\"><img loading=\"lazy\" decoding=\"async\" width=\"1600\" height=\"439\" src=\"https:\/\/sites.uel.br\/feira\/wp-content\/uploads\/2023\/08\/banner_feira_profissoes_2023.png\" alt=\"\" class=\"wp-image-3056\" srcset=\"https:\/\/sites.uel.br\/feira\/wp-content\/uploads\/2023\/08\/banner_feira_profissoes_2023.png 1600w, https:\/\/sites.uel.br\/feira\/wp-content\/uploads\/2023\/08\/banner_feira_profissoes_2023-300x82.png 300w, https:\/\/sites.uel.br\/feira\/wp-content\/uploads\/2023\/08\/banner_feira_profissoes_2023-1024x281.png 1024w, https:\/\/sites.uel.br\/feira\/wp-content\/uploads\/2023\/08\/banner_feira_profissoes_2023-768x211.png 768w, https:\/\/sites.uel.br\/feira\/wp-content\/uploads\/2023\/08\/banner_feira_profissoes_2023-1536x421.png 1536w\" sizes=\"auto, (max-width: 1600px) 100vw, 1600px\" \/><\/figure>\n\n\n\n<div style=\"height:20px\" aria-hidden=\"true\" class=\"wp-block-spacer\"><\/div>\n\n\n\n<h2 class=\"wp-block-heading has-text-align-center\">Fotos<\/h2>\n\n\n\n<div class=\"wp-block-columns is-layout-flex wp-container-core-columns-is-layout-9d6595d7 wp-block-columns-is-layout-flex\">\n<div class=\"wp-block-column is-layout-flow wp-block-column-is-layout-flow\"><div class=\"wp-block-image\">\n<figure class=\"aligncenter size-full\"><a href=\"https:\/\/drive.google.com\/drive\/folders\/1S0Wp-SE0QBGHkhdDirkUQw7xMZT-x33p?usp=sharing\" target=\"_blank\" rel=\"noreferrer noopener\"><img loading=\"lazy\" decoding=\"async\" width=\"32\" height=\"32\" src=\"https:\/\/sites.uel.br\/feira\/wp-content\/uploads\/2023\/05\/google_drive.png\" alt=\"\" class=\"wp-image-2887\" \/><\/a><\/figure>\n<\/div>\n\n\n<p class=\"has-text-align-center\"><strong>Galeria 01<\/strong><\/p>\n\n\n\n<p class=\"has-text-align-center has-small-font-size\">Cr\u00e9ditos: Docentes, Funcion\u00e1rios e Estudantes da UEL<\/p>\n<\/div>\n\n\n\n<div class=\"wp-block-column is-layout-flow wp-block-column-is-layout-flow\"><div class=\"wp-block-image\">\n<figure class=\"aligncenter size-full\"><a href=\"https:\/\/drive.google.com\/drive\/folders\/13fZctGaW_KEc_YwqbbMfk71ge9RgJtnp?usp=drive_link\" target=\"_blank\" rel=\"noreferrer noopener\"><img loading=\"lazy\" decoding=\"async\" width=\"32\" height=\"32\" src=\"https:\/\/sites.uel.br\/feira\/wp-content\/uploads\/2023\/05\/google_drive.png\" alt=\"\" class=\"wp-image-2887\" \/><\/a><\/figure>\n<\/div>\n\n\n<p class=\"has-text-align-center\"><strong>Galeria 02<\/strong><br><strong>Centros de Estudos<\/strong><\/p>\n\n\n\n<p class=\"has-text-align-center has-small-font-size\">Cr\u00e9ditos: Kauane Bertegani<\/p>\n<\/div>\n\n\n\n<div class=\"wp-block-column is-layout-flow wp-block-column-is-layout-flow\"><div class=\"wp-block-image\">\n<figure class=\"aligncenter size-full\"><a href=\"https:\/\/drive.google.com\/drive\/folders\/1_B7_JV6OlMQER0ThluWJD3iviAh9qYQX?usp=drive_link\" target=\"_blank\" rel=\"noreferrer noopener\"><img loading=\"lazy\" decoding=\"async\" width=\"32\" height=\"32\" src=\"https:\/\/sites.uel.br\/feira\/wp-content\/uploads\/2023\/05\/google_drive.png\" alt=\"\" class=\"wp-image-2887\" \/><\/a><\/figure>\n<\/div>\n\n\n<p class=\"has-text-align-center\"><strong>Galeria 03<\/strong><br><strong>Cal\u00e7ad\u00e3o<\/strong><\/p>\n\n\n\n<p class=\"has-text-align-center has-small-font-size\">Cr\u00e9ditos: Kauane Bertegani<\/p>\n<\/div>\n<\/div>\n\n\n\n<div class=\"wp-block-columns is-layout-flex wp-container-core-columns-is-layout-9d6595d7 wp-block-columns-is-layout-flex\">\n<div class=\"wp-block-column is-layout-flow wp-block-column-is-layout-flow\"><div class=\"wp-block-image\">\n<figure class=\"aligncenter size-full\"><a href=\"https:\/\/drive.google.com\/drive\/folders\/18ZF5Y-9ojL7vU6L5TJ-e5ScD4YrtT2Ea?usp=drive_link\" target=\"_blank\" rel=\"noreferrer noopener\"><img loading=\"lazy\" decoding=\"async\" width=\"32\" height=\"32\" src=\"https:\/\/sites.uel.br\/feira\/wp-content\/uploads\/2023\/05\/google_drive.png\" alt=\"\" class=\"wp-image-2887\" \/><\/a><\/figure>\n<\/div>\n\n\n<p class=\"has-text-align-center\"><strong>Galeria 04<\/strong><br><strong>Estacionamento<\/strong><\/p>\n\n\n\n<p class=\"has-text-align-center has-small-font-size\">Cr\u00e9ditos: Kauane Bertegani<\/p>\n\n\n\n<p class=\"has-text-align-center\"><\/p>\n<\/div>\n<\/div>\n\n\n\n<p><\/p>\n\n\n\n<h2 class=\"wp-block-heading has-text-align-center\">V\u00eddeos<\/h2>\n\n\n\n<div class=\"wp-block-columns is-layout-flex wp-container-core-columns-is-layout-9d6595d7 wp-block-columns-is-layout-flex\">\n<div class=\"wp-block-column is-layout-flow wp-block-column-is-layout-flow\"><div class=\"wp-block-image\">\n<figure class=\"aligncenter size-full\"><a href=\"https:\/\/drive.google.com\/drive\/folders\/1V29KtfrgCJd_If6RBWCWDj5Ts9QBRpi2?usp=sharing\" target=\"_blank\" rel=\"noreferrer noopener\"><img loading=\"lazy\" decoding=\"async\" width=\"32\" height=\"32\" src=\"https:\/\/sites.uel.br\/feira\/wp-content\/uploads\/2023\/05\/google_drive.png\" alt=\"\" class=\"wp-image-2887\" \/><\/a><\/figure>\n<\/div>\n\n\n<p class=\"has-text-align-center\"><strong>Galeria 01<\/strong><\/p>\n\n\n\n<p class=\"has-text-align-center has-small-font-size\">Cr\u00e9ditos: Docentes, Funcion\u00e1rios e Estudantes da UEL<\/p>\n<\/div>\n<\/div>\n\n\n\n<div style=\"height:20px\" aria-hidden=\"true\" class=\"wp-block-spacer\"><\/div>\n\n\n\n<p class=\"has-text-align-center has-verde-claro-background-color has-background\"><strong>A Coordena\u00e7\u00e3o Geral da Feira das Profiss\u00f5es, agradece a todos os docentes, estudantes, funcion\u00e1rios, estagi\u00e1rios e visitantes, que contribu\u00edram para a composi\u00e7\u00e3o de nossa Galeria de Fotos e V\u00eddeos. <\/strong><\/p>\n\n\n\n<p class=\"has-text-align-center\"><\/p>\n","protected":false},"excerpt":{"rendered":"<p>Fotos Galeria 01 Cr\u00e9ditos: Docentes, Funcion\u00e1rios e Estudantes da UEL Galeria 02Centros de Estudos Cr\u00e9ditos: Kauane Bertegani Galeria 03Cal\u00e7ad\u00e3o Cr\u00e9ditos: Kauane Bertegani Galeria 04Estacionamento Cr\u00e9ditos: Kauane Bertegani V\u00eddeos Galeria 01 Cr\u00e9ditos: Docentes, Funcion\u00e1rios e Estudantes da UEL A Coordena\u00e7\u00e3o Geral da Feira das Profiss\u00f5es, agradece a todos os docentes, estudantes, funcion\u00e1rios, estagi\u00e1rios e visitantes, que [&hellip;]<\/p>\n","protected":false},"author":8,"featured_media":0,"parent":0,"menu_order":0,"comment_status":"closed","ping_status":"closed","template":"","meta":{"_themeisle_gutenberg_block_has_review":false,"footnotes":""},"class_list":["post-4431","page","type-page","status-publish","hentry"],"_links":{"self":[{"href":"https:\/\/sites.uel.br\/feira\/wp-json\/wp\/v2\/pages\/4431","targetHints":{"allow":["GET"]}}],"collection":[{"href":"https:\/\/sites.uel.br\/feira\/wp-json\/wp\/v2\/pages"}],"about":[{"href":"https:\/\/sites.uel.br\/feira\/wp-json\/wp\/v2\/types\/page"}],"author":[{"embeddable":true,"href":"https:\/\/sites.uel.br\/feira\/wp-json\/wp\/v2\/users\/8"}],"replies":[{"embeddable":true,"href":"https:\/\/sites.uel.br\/feira\/wp-json\/wp\/v2\/comments?post=4431"}],"version-history":[{"count":41,"href":"https:\/\/sites.uel.br\/feira\/wp-json\/wp\/v2\/pages\/4431\/revisions"}],"predecessor-version":[{"id":4858,"href":"https:\/\/sites.uel.br\/feira\/wp-json\/wp\/v2\/pages\/4431\/revisions\/4858"}],"wp:attachment":[{"href":"https:\/\/sites.uel.br\/feira\/wp-json\/wp\/v2\/media?parent=4431"}],"curies":[{"name":"wp","href":"https:\/\/api.w.org\/{rel}","templated":true}]}}