{"id":2849,"date":"2023-05-18T15:51:39","date_gmt":"2023-05-18T18:51:39","guid":{"rendered":"https:\/\/sites.uel.br\/feira\/?page_id=2849"},"modified":"2023-06-29T14:43:05","modified_gmt":"2023-06-29T17:43:05","slug":"galeria-feira-das-profissoes-uel-2019","status":"publish","type":"page","link":"https:\/\/sites.uel.br\/feira\/galeria-feira-das-profissoes-uel-2019\/","title":{"rendered":"Galeria (8\u00aa Feira das Profiss\u00f5es UEL 2019)"},"content":{"rendered":"\n<hr class=\"wp-block-separator has-alpha-channel-opacity is-style-wide\" \/>\n\n\n<div class=\"wp-block-image\">\n<figure class=\"aligncenter size-full\"><img loading=\"lazy\" decoding=\"async\" width=\"569\" height=\"805\" src=\"https:\/\/sites.uel.br\/feira\/wp-content\/uploads\/2023\/05\/cartaz_viii_feira_profissoes_site.jpg\" alt=\"\" class=\"wp-image-2873\" srcset=\"https:\/\/sites.uel.br\/feira\/wp-content\/uploads\/2023\/05\/cartaz_viii_feira_profissoes_site.jpg 569w, https:\/\/sites.uel.br\/feira\/wp-content\/uploads\/2023\/05\/cartaz_viii_feira_profissoes_site-212x300.jpg 212w\" sizes=\"auto, (max-width: 569px) 100vw, 569px\" \/><\/figure>\n<\/div>\n\n\n<h2 class=\"wp-block-heading\">ACESSE FOTOS, V\u00cdDEOS E NOT\u00cdCIAS DA VIII FEIRA DAS PROFISS\u00d5ES<\/h2>\n\n\n\n<div class=\"wp-block-columns is-layout-flex wp-container-core-columns-is-layout-9d6595d7 wp-block-columns-is-layout-flex\">\n<div class=\"wp-block-column is-layout-flow wp-block-column-is-layout-flow\"><div class=\"wp-block-image\">\n<figure class=\"aligncenter size-full\"><a href=\"https:\/\/www.facebook.com\/events\/2125761467476938\/?active_tab=discussion\" target=\"_blank\" rel=\"noreferrer noopener\"><img loading=\"lazy\" decoding=\"async\" width=\"32\" height=\"32\" src=\"https:\/\/sites.uel.br\/feira\/wp-content\/uploads\/2023\/05\/facebook.png\" alt=\"\" class=\"wp-image-2886\" \/><\/a><\/figure>\n<\/div>\n\n\n<p class=\"has-text-align-center\"><strong>Not\u00edcias e Fotos<\/strong><\/p>\n<\/div>\n\n\n\n<div class=\"wp-block-column is-layout-flow wp-block-column-is-layout-flow\"><div class=\"wp-block-image\">\n<figure class=\"aligncenter size-full\"><a href=\"https:\/\/drive.google.com\/drive\/folders\/14bPsq7yqc1N4rd4Lwe-oZbsfy8kJ4b9G?usp=sharing\" target=\"_blank\" rel=\"noreferrer noopener\"><img loading=\"lazy\" decoding=\"async\" width=\"32\" height=\"32\" src=\"https:\/\/sites.uel.br\/feira\/wp-content\/uploads\/2023\/05\/google_drive.png\" alt=\"\" class=\"wp-image-2887\" \/><\/a><\/figure>\n<\/div>\n\n\n<p class=\"has-text-align-center\"><strong>(Galeria 01)<\/strong><\/p>\n\n\n\n<p class=\"has-text-align-center\">Cr\u00e9ditos:<br>Ag\u00eancia UEL<\/p>\n<\/div>\n\n\n\n<div class=\"wp-block-column is-layout-flow wp-block-column-is-layout-flow\"><div class=\"wp-block-image\">\n<figure class=\"aligncenter size-full\"><a href=\"https:\/\/drive.google.com\/drive\/folders\/1XJCCo4t_uoSzx3-3YLAje2WLV-j-hEbv?usp=sharing\" target=\"_blank\" rel=\"noreferrer noopener\"><img loading=\"lazy\" decoding=\"async\" width=\"32\" height=\"32\" src=\"https:\/\/sites.uel.br\/feira\/wp-content\/uploads\/2023\/05\/google_drive.png\" alt=\"\" class=\"wp-image-2887\" \/><\/a><\/figure>\n<\/div>\n\n\n<p class=\"has-text-align-center\"><strong>(Galeria 02)<\/strong><\/p>\n\n\n\n<p class=\"has-text-align-center\">Cr\u00e9ditos:<br>Ag\u00eancia UEL<\/p>\n<\/div>\n<\/div>\n\n\n\n<div class=\"wp-block-columns is-layout-flex wp-container-core-columns-is-layout-9d6595d7 wp-block-columns-is-layout-flex\">\n<div class=\"wp-block-column is-layout-flow wp-block-column-is-layout-flow\"><div class=\"wp-block-image\">\n<figure class=\"aligncenter size-full\"><a href=\"https:\/\/drive.google.com\/drive\/folders\/1SPgxM6b61Qkb6el9KQCuoS3X0UNR0xmP?usp=sharing\" target=\"_blank\" rel=\"noreferrer noopener\"><img loading=\"lazy\" decoding=\"async\" width=\"32\" height=\"32\" src=\"https:\/\/sites.uel.br\/feira\/wp-content\/uploads\/2023\/05\/google_drive.png\" alt=\"\" class=\"wp-image-2887\" \/><\/a><\/figure>\n<\/div>\n\n\n<p class=\"has-text-align-center\"><strong>(Galeria 03)<\/strong><\/p>\n\n\n\n<p class=\"has-text-align-center\">Cr\u00e9ditos:<br>Comiss\u00e3o Organizadora Geral e dos Centros de Estudos<\/p>\n<\/div>\n\n\n\n<div class=\"wp-block-column is-layout-flow wp-block-column-is-layout-flow\"><div class=\"wp-block-image\">\n<figure class=\"aligncenter size-full\"><a href=\"https:\/\/drive.google.com\/drive\/folders\/1dVBggqsQqFfCZy3VCT9J4IX2f3BYhIWG?usp=sharing\" target=\"_blank\" rel=\"noreferrer noopener\"><img loading=\"lazy\" decoding=\"async\" width=\"32\" height=\"32\" src=\"https:\/\/sites.uel.br\/feira\/wp-content\/uploads\/2023\/05\/google_drive.png\" alt=\"\" class=\"wp-image-2887\" \/><\/a><\/figure>\n<\/div>\n\n\n<p class=\"has-text-align-center\"><strong>(Galeria 04)<\/strong><\/p>\n\n\n\n<p class=\"has-text-align-center\">Cr\u00e9ditos:<br>Marta Favaro<\/p>\n<\/div>\n\n\n\n<div class=\"wp-block-column is-layout-flow wp-block-column-is-layout-flow\"><div class=\"wp-block-image\">\n<figure class=\"aligncenter size-full\"><a href=\"https:\/\/drive.google.com\/drive\/folders\/1yYa_dQEpxsLWn01_2RoqQyPgyK1PMkqb?usp=sharinguoSzx3-3YLAje2WLV-j-hEbv?usp=sharing\" target=\"_blank\" rel=\"noreferrer noopener\"><img loading=\"lazy\" decoding=\"async\" width=\"32\" height=\"32\" src=\"https:\/\/sites.uel.br\/feira\/wp-content\/uploads\/2023\/05\/google_drive.png\" alt=\"\" class=\"wp-image-2887\" \/><\/a><\/figure>\n<\/div>\n\n\n<p class=\"has-text-align-center\"><strong>(Galeria 05)<\/strong><\/p>\n\n\n\n<p class=\"has-text-align-center\">Cr\u00e9ditos:<br>N\u00facleo de Acessibilidade da UEL<\/p>\n<\/div>\n<\/div>\n","protected":false},"excerpt":{"rendered":"<p>ACESSE FOTOS, V\u00cdDEOS E NOT\u00cdCIAS DA VIII FEIRA DAS PROFISS\u00d5ES Not\u00edcias e Fotos (Galeria 01) Cr\u00e9ditos:Ag\u00eancia UEL (Galeria 02) Cr\u00e9ditos:Ag\u00eancia UEL (Galeria 03) Cr\u00e9ditos:Comiss\u00e3o Organizadora Geral e dos Centros de Estudos (Galeria 04) Cr\u00e9ditos:Marta Favaro (Galeria 05) Cr\u00e9ditos:N\u00facleo de Acessibilidade da UEL<\/p>\n","protected":false},"author":8,"featured_media":0,"parent":0,"menu_order":0,"comment_status":"closed","ping_status":"closed","template":"","meta":{"_themeisle_gutenberg_block_has_review":false,"footnotes":""},"class_list":["post-2849","page","type-page","status-publish","hentry"],"_links":{"self":[{"href":"https:\/\/sites.uel.br\/feira\/wp-json\/wp\/v2\/pages\/2849","targetHints":{"allow":["GET"]}}],"collection":[{"href":"https:\/\/sites.uel.br\/feira\/wp-json\/wp\/v2\/pages"}],"about":[{"href":"https:\/\/sites.uel.br\/feira\/wp-json\/wp\/v2\/types\/page"}],"author":[{"embeddable":true,"href":"https:\/\/sites.uel.br\/feira\/wp-json\/wp\/v2\/users\/8"}],"replies":[{"embeddable":true,"href":"https:\/\/sites.uel.br\/feira\/wp-json\/wp\/v2\/comments?post=2849"}],"version-history":[{"count":9,"href":"https:\/\/sites.uel.br\/feira\/wp-json\/wp\/v2\/pages\/2849\/revisions"}],"predecessor-version":[{"id":2961,"href":"https:\/\/sites.uel.br\/feira\/wp-json\/wp\/v2\/pages\/2849\/revisions\/2961"}],"wp:attachment":[{"href":"https:\/\/sites.uel.br\/feira\/wp-json\/wp\/v2\/media?parent=2849"}],"curies":[{"name":"wp","href":"https:\/\/api.w.org\/{rel}","templated":true}]}}

Galeria (8ª Feira das Profissões UEL 2019)

<hr class="wp-block-separator has-alpha-channel-opacity is-style-wide" />


<div class="wp-block-image">
<figure class="aligncenter size-full"><img loading="lazy" decoding="async" width="569" height="805" src="https://sites.uel.br/feira/wp-content/uploads/2023/05/cartaz_viii_feira_profissoes_site.jpg" alt="" class="wp-image-2873" srcset="https://sites.uel.br/feira/wp-content/uploads/2023/05/cartaz_viii_feira_profissoes_site.jpg 569w, https://sites.uel.br/feira/wp-content/uploads/2023/05/cartaz_viii_feira_profissoes_site-212x300.jpg 212w" sizes="auto, (max-width: 569px) 100vw, 569px" /></figure>
</div>


<h2 class="wp-block-heading">ACESSE FOTOS, VÍDEOS E NOTÍCIAS DA VIII FEIRA DAS PROFISSÕES</h2>



<div class="wp-block-columns is-layout-flex wp-container-core-columns-is-layout-9d6595d7 wp-block-columns-is-layout-flex">
<div class="wp-block-column is-layout-flow wp-block-column-is-layout-flow"><div class="wp-block-image">
<figure class="aligncenter size-full"><a href="https://www.facebook.com/events/2125761467476938/?active_tab=discussion" target="_blank" rel="noreferrer noopener"><img loading="lazy" decoding="async" width="32" height="32" src="https://sites.uel.br/feira/wp-content/uploads/2023/05/facebook.png" alt="" class="wp-image-2886" /></a></figure>
</div>


<p class="has-text-align-center"><strong>Notícias e Fotos</strong></p>
</div>



<div class="wp-block-column is-layout-flow wp-block-column-is-layout-flow"><div class="wp-block-image">
<figure class="aligncenter size-full"><a href="https://drive.google.com/drive/folders/14bPsq7yqc1N4rd4Lwe-oZbsfy8kJ4b9G?usp=sharing" target="_blank" rel="noreferrer noopener"><img loading="lazy" decoding="async" width="32" height="32" src="https://sites.uel.br/feira/wp-content/uploads/2023/05/google_drive.png" alt="" class="wp-image-2887" /></a></figure>
</div>


<p class="has-text-align-center"><strong>(Galeria 01)</strong></p>



<p class="has-text-align-center">Créditos:<br>Agência UEL</p>
</div>



<div class="wp-block-column is-layout-flow wp-block-column-is-layout-flow"><div class="wp-block-image">
<figure class="aligncenter size-full"><a href="https://drive.google.com/drive/folders/1XJCCo4t_uoSzx3-3YLAje2WLV-j-hEbv?usp=sharing" target="_blank" rel="noreferrer noopener"><img loading="lazy" decoding="async" width="32" height="32" src="https://sites.uel.br/feira/wp-content/uploads/2023/05/google_drive.png" alt="" class="wp-image-2887" /></a></figure>
</div>


<p class="has-text-align-center"><strong>(Galeria 02)</strong></p>



<p class="has-text-align-center">Créditos:<br>Agência UEL</p>
</div>
</div>



<div class="wp-block-columns is-layout-flex wp-container-core-columns-is-layout-9d6595d7 wp-block-columns-is-layout-flex">
<div class="wp-block-column is-layout-flow wp-block-column-is-layout-flow"><div class="wp-block-image">
<figure class="aligncenter size-full"><a href="https://drive.google.com/drive/folders/1SPgxM6b61Qkb6el9KQCuoS3X0UNR0xmP?usp=sharing" target="_blank" rel="noreferrer noopener"><img loading="lazy" decoding="async" width="32" height="32" src="https://sites.uel.br/feira/wp-content/uploads/2023/05/google_drive.png" alt="" class="wp-image-2887" /></a></figure>
</div>


<p class="has-text-align-center"><strong>(Galeria 03)</strong></p>



<p class="has-text-align-center">Créditos:<br>Comissão Organizadora Geral e dos Centros de Estudos</p>
</div>



<div class="wp-block-column is-layout-flow wp-block-column-is-layout-flow"><div class="wp-block-image">
<figure class="aligncenter size-full"><a href="https://drive.google.com/drive/folders/1dVBggqsQqFfCZy3VCT9J4IX2f3BYhIWG?usp=sharing" target="_blank" rel="noreferrer noopener"><img loading="lazy" decoding="async" width="32" height="32" src="https://sites.uel.br/feira/wp-content/uploads/2023/05/google_drive.png" alt="" class="wp-image-2887" /></a></figure>
</div>


<p class="has-text-align-center"><strong>(Galeria 04)</strong></p>



<p class="has-text-align-center">Créditos:<br>Marta Favaro</p>
</div>



<div class="wp-block-column is-layout-flow wp-block-column-is-layout-flow"><div class="wp-block-image">
<figure class="aligncenter size-full"><a href="https://drive.google.com/drive/folders/1yYa_dQEpxsLWn01_2RoqQyPgyK1PMkqb?usp=sharinguoSzx3-3YLAje2WLV-j-hEbv?usp=sharing" target="_blank" rel="noreferrer noopener"><img loading="lazy" decoding="async" width="32" height="32" src="https://sites.uel.br/feira/wp-content/uploads/2023/05/google_drive.png" alt="" class="wp-image-2887" /></a></figure>
</div>


<p class="has-text-align-center"><strong>(Galeria 05)</strong></p>



<p class="has-text-align-center">Créditos:<br>Núcleo de Acessibilidade da UEL</p>
</div>
</div>

<p>ACESSE FOTOS, VÍDEOS E NOTÍCIAS DA VIII FEIRA DAS PROFISSÕES Notícias e Fotos (Galeria 01) Créditos:Agência UEL (Galeria 02) Créditos:Agência UEL (Galeria 03) Créditos:Comissão Organizadora Geral e dos Centros de Estudos (Galeria 04) Créditos:Marta Favaro (Galeria 05) Créditos:Núcleo de Acessibilidade da UEL</p>
