{"id":2839,"date":"2023-05-15T10:46:08","date_gmt":"2023-05-15T13:46:08","guid":{"rendered":"https:\/\/sites.uel.br\/feira\/?page_id=2839"},"modified":"2023-06-29T14:42:48","modified_gmt":"2023-06-29T17:42:48","slug":"galeria-feira-das-profissoes-uel-2022","status":"publish","type":"page","link":"https:\/\/sites.uel.br\/feira\/galeria-feira-das-profissoes-uel-2022\/","title":{"rendered":"Galeria (10\u00aa Feira das Profiss\u00f5es UEL 2022)"},"content":{"rendered":"\n<hr class=\"wp-block-separator has-alpha-channel-opacity is-style-wide\" \/>\n\n\n\n<figure class=\"wp-block-image size-full\"><img decoding=\"async\" src=\"https:\/\/sites.uel.br\/feira\/wp-content\/uploads\/2022\/08\/Banner-Feira-das-Profissoes.png\" alt=\"\" class=\"wp-image-1981\" \/><\/figure>\n\n\n\n<p class=\"has-text-align-center has-laranja-destaque-color has-text-color\"><em>Obs: role at\u00e9 o final da p\u00e1gina, para link com mais imagens e v\u00eddeos<\/em><\/p>\n\n\n\n<figure class=\"wp-block-embed is-type-video is-provider-youtube wp-block-embed-youtube wp-embed-aspect-16-9 wp-has-aspect-ratio\"><div class=\"wp-block-embed__wrapper\">\n<iframe loading=\"lazy\" title=\"10\u00aa Feira das Profiss\u00f5es UEL 2022\" width=\"500\" height=\"281\" src=\"https:\/\/www.youtube.com\/embed\/H6kyqc4xUUA?feature=oembed\" frameborder=\"0\" allow=\"accelerometer; autoplay; clipboard-write; encrypted-media; gyroscope; picture-in-picture; web-share\" referrerpolicy=\"strict-origin-when-cross-origin\" allowfullscreen><\/iframe>\n<\/div><\/figure>\n\n\n\n<p class=\"has-text-align-center\">Cr\u00e9ditos Imagens: Sergio Henrique Gerelus (PROPLAN\/UEL)<\/p>\n\n\n\n<figure class=\"wp-block-image size-full\"><img loading=\"lazy\" decoding=\"async\" width=\"2560\" height=\"1707\" src=\"https:\/\/sites.uel.br\/feira\/wp-content\/uploads\/2022\/09\/img_feira_01-scaled.jpg\" alt=\"\" class=\"wp-image-2683\" srcset=\"https:\/\/sites.uel.br\/feira\/wp-content\/uploads\/2022\/09\/img_feira_01-scaled.jpg 2560w, https:\/\/sites.uel.br\/feira\/wp-content\/uploads\/2022\/09\/img_feira_01-300x200.jpg 300w, https:\/\/sites.uel.br\/feira\/wp-content\/uploads\/2022\/09\/img_feira_01-1024x683.jpg 1024w, https:\/\/sites.uel.br\/feira\/wp-content\/uploads\/2022\/09\/img_feira_01-768x512.jpg 768w, https:\/\/sites.uel.br\/feira\/wp-content\/uploads\/2022\/09\/img_feira_01-1536x1024.jpg 1536w, https:\/\/sites.uel.br\/feira\/wp-content\/uploads\/2022\/09\/img_feira_01-2048x1365.jpg 2048w\" sizes=\"auto, (max-width: 2560px) 100vw, 2560px\" \/><\/figure>\n\n\n\n<figure class=\"wp-block-image size-full\"><img loading=\"lazy\" decoding=\"async\" width=\"2560\" height=\"1707\" src=\"https:\/\/sites.uel.br\/feira\/wp-content\/uploads\/2022\/09\/img_feira_02-scaled.jpg\" alt=\"\" class=\"wp-image-2686\" srcset=\"https:\/\/sites.uel.br\/feira\/wp-content\/uploads\/2022\/09\/img_feira_02-scaled.jpg 2560w, https:\/\/sites.uel.br\/feira\/wp-content\/uploads\/2022\/09\/img_feira_02-300x200.jpg 300w, https:\/\/sites.uel.br\/feira\/wp-content\/uploads\/2022\/09\/img_feira_02-1024x683.jpg 1024w, https:\/\/sites.uel.br\/feira\/wp-content\/uploads\/2022\/09\/img_feira_02-768x512.jpg 768w, https:\/\/sites.uel.br\/feira\/wp-content\/uploads\/2022\/09\/img_feira_02-1536x1024.jpg 1536w, https:\/\/sites.uel.br\/feira\/wp-content\/uploads\/2022\/09\/img_feira_02-2048x1365.jpg 2048w\" sizes=\"auto, (max-width: 2560px) 100vw, 2560px\" \/><\/figure>\n\n\n\n<figure class=\"wp-block-image size-full\"><img loading=\"lazy\" decoding=\"async\" width=\"2560\" height=\"1707\" src=\"https:\/\/sites.uel.br\/feira\/wp-content\/uploads\/2022\/09\/img_feira_03-scaled.jpg\" alt=\"\" class=\"wp-image-2688\" srcset=\"https:\/\/sites.uel.br\/feira\/wp-content\/uploads\/2022\/09\/img_feira_03-scaled.jpg 2560w, https:\/\/sites.uel.br\/feira\/wp-content\/uploads\/2022\/09\/img_feira_03-300x200.jpg 300w, https:\/\/sites.uel.br\/feira\/wp-content\/uploads\/2022\/09\/img_feira_03-1024x683.jpg 1024w, https:\/\/sites.uel.br\/feira\/wp-content\/uploads\/2022\/09\/img_feira_03-768x512.jpg 768w, https:\/\/sites.uel.br\/feira\/wp-content\/uploads\/2022\/09\/img_feira_03-1536x1024.jpg 1536w, https:\/\/sites.uel.br\/feira\/wp-content\/uploads\/2022\/09\/img_feira_03-2048x1365.jpg 2048w\" sizes=\"auto, (max-width: 2560px) 100vw, 2560px\" \/><\/figure>\n\n\n\n<figure class=\"wp-block-image size-full\"><img loading=\"lazy\" decoding=\"async\" width=\"2560\" height=\"1707\" src=\"https:\/\/sites.uel.br\/feira\/wp-content\/uploads\/2022\/09\/img_feira_04-scaled.jpg\" alt=\"\" class=\"wp-image-2689\" srcset=\"https:\/\/sites.uel.br\/feira\/wp-content\/uploads\/2022\/09\/img_feira_04-scaled.jpg 2560w, https:\/\/sites.uel.br\/feira\/wp-content\/uploads\/2022\/09\/img_feira_04-300x200.jpg 300w, https:\/\/sites.uel.br\/feira\/wp-content\/uploads\/2022\/09\/img_feira_04-1024x683.jpg 1024w, https:\/\/sites.uel.br\/feira\/wp-content\/uploads\/2022\/09\/img_feira_04-768x512.jpg 768w, https:\/\/sites.uel.br\/feira\/wp-content\/uploads\/2022\/09\/img_feira_04-1536x1024.jpg 1536w, https:\/\/sites.uel.br\/feira\/wp-content\/uploads\/2022\/09\/img_feira_04-2048x1365.jpg 2048w\" sizes=\"auto, (max-width: 2560px) 100vw, 2560px\" \/><\/figure>\n\n\n\n<figure class=\"wp-block-image size-full\"><img loading=\"lazy\" decoding=\"async\" width=\"2560\" height=\"1707\" src=\"https:\/\/sites.uel.br\/feira\/wp-content\/uploads\/2022\/09\/img_feira_05-scaled.jpg\" alt=\"\" class=\"wp-image-2691\" srcset=\"https:\/\/sites.uel.br\/feira\/wp-content\/uploads\/2022\/09\/img_feira_05-scaled.jpg 2560w, https:\/\/sites.uel.br\/feira\/wp-content\/uploads\/2022\/09\/img_feira_05-300x200.jpg 300w, https:\/\/sites.uel.br\/feira\/wp-content\/uploads\/2022\/09\/img_feira_05-1024x683.jpg 1024w, https:\/\/sites.uel.br\/feira\/wp-content\/uploads\/2022\/09\/img_feira_05-768x512.jpg 768w, https:\/\/sites.uel.br\/feira\/wp-content\/uploads\/2022\/09\/img_feira_05-1536x1024.jpg 1536w, https:\/\/sites.uel.br\/feira\/wp-content\/uploads\/2022\/09\/img_feira_05-2048x1365.jpg 2048w\" sizes=\"auto, (max-width: 2560px) 100vw, 2560px\" \/><\/figure>\n\n\n\n<figure class=\"wp-block-image size-full\"><img loading=\"lazy\" decoding=\"async\" width=\"2560\" height=\"1707\" src=\"https:\/\/sites.uel.br\/feira\/wp-content\/uploads\/2022\/09\/img_feira_06-scaled.jpg\" alt=\"\" class=\"wp-image-2692\" srcset=\"https:\/\/sites.uel.br\/feira\/wp-content\/uploads\/2022\/09\/img_feira_06-scaled.jpg 2560w, https:\/\/sites.uel.br\/feira\/wp-content\/uploads\/2022\/09\/img_feira_06-300x200.jpg 300w, https:\/\/sites.uel.br\/feira\/wp-content\/uploads\/2022\/09\/img_feira_06-1024x683.jpg 1024w, https:\/\/sites.uel.br\/feira\/wp-content\/uploads\/2022\/09\/img_feira_06-768x512.jpg 768w, https:\/\/sites.uel.br\/feira\/wp-content\/uploads\/2022\/09\/img_feira_06-1536x1024.jpg 1536w, https:\/\/sites.uel.br\/feira\/wp-content\/uploads\/2022\/09\/img_feira_06-2048x1365.jpg 2048w\" sizes=\"auto, (max-width: 2560px) 100vw, 2560px\" \/><\/figure>\n\n\n\n<figure class=\"wp-block-image size-full\"><img loading=\"lazy\" decoding=\"async\" width=\"2560\" height=\"1707\" src=\"https:\/\/sites.uel.br\/feira\/wp-content\/uploads\/2022\/09\/img_feira_07-scaled.jpg\" alt=\"\" class=\"wp-image-2693\" srcset=\"https:\/\/sites.uel.br\/feira\/wp-content\/uploads\/2022\/09\/img_feira_07-scaled.jpg 2560w, https:\/\/sites.uel.br\/feira\/wp-content\/uploads\/2022\/09\/img_feira_07-300x200.jpg 300w, https:\/\/sites.uel.br\/feira\/wp-content\/uploads\/2022\/09\/img_feira_07-1024x683.jpg 1024w, https:\/\/sites.uel.br\/feira\/wp-content\/uploads\/2022\/09\/img_feira_07-768x512.jpg 768w, https:\/\/sites.uel.br\/feira\/wp-content\/uploads\/2022\/09\/img_feira_07-1536x1024.jpg 1536w, https:\/\/sites.uel.br\/feira\/wp-content\/uploads\/2022\/09\/img_feira_07-2048x1365.jpg 2048w\" sizes=\"auto, (max-width: 2560px) 100vw, 2560px\" \/><\/figure>\n\n\n\n<figure class=\"wp-block-image size-full\"><img loading=\"lazy\" decoding=\"async\" width=\"2560\" height=\"1707\" src=\"https:\/\/sites.uel.br\/feira\/wp-content\/uploads\/2022\/09\/img_feira_08-scaled.jpg\" alt=\"\" class=\"wp-image-2694\" srcset=\"https:\/\/sites.uel.br\/feira\/wp-content\/uploads\/2022\/09\/img_feira_08-scaled.jpg 2560w, https:\/\/sites.uel.br\/feira\/wp-content\/uploads\/2022\/09\/img_feira_08-300x200.jpg 300w, https:\/\/sites.uel.br\/feira\/wp-content\/uploads\/2022\/09\/img_feira_08-1024x683.jpg 1024w, https:\/\/sites.uel.br\/feira\/wp-content\/uploads\/2022\/09\/img_feira_08-768x512.jpg 768w, https:\/\/sites.uel.br\/feira\/wp-content\/uploads\/2022\/09\/img_feira_08-1536x1024.jpg 1536w, https:\/\/sites.uel.br\/feira\/wp-content\/uploads\/2022\/09\/img_feira_08-2048x1365.jpg 2048w\" sizes=\"auto, (max-width: 2560px) 100vw, 2560px\" \/><\/figure>\n\n\n\n<figure class=\"wp-block-image size-full\"><img loading=\"lazy\" decoding=\"async\" width=\"2560\" height=\"1707\" src=\"https:\/\/sites.uel.br\/feira\/wp-content\/uploads\/2022\/09\/img_feira_09-scaled.jpg\" alt=\"\" class=\"wp-image-2695\" srcset=\"https:\/\/sites.uel.br\/feira\/wp-content\/uploads\/2022\/09\/img_feira_09-scaled.jpg 2560w, https:\/\/sites.uel.br\/feira\/wp-content\/uploads\/2022\/09\/img_feira_09-300x200.jpg 300w, https:\/\/sites.uel.br\/feira\/wp-content\/uploads\/2022\/09\/img_feira_09-1024x683.jpg 1024w, https:\/\/sites.uel.br\/feira\/wp-content\/uploads\/2022\/09\/img_feira_09-768x512.jpg 768w, https:\/\/sites.uel.br\/feira\/wp-content\/uploads\/2022\/09\/img_feira_09-1536x1024.jpg 1536w, https:\/\/sites.uel.br\/feira\/wp-content\/uploads\/2022\/09\/img_feira_09-2048x1365.jpg 2048w\" sizes=\"auto, (max-width: 2560px) 100vw, 2560px\" \/><\/figure>\n\n\n\n<figure class=\"wp-block-image size-full\"><img loading=\"lazy\" decoding=\"async\" width=\"2560\" height=\"1707\" src=\"https:\/\/sites.uel.br\/feira\/wp-content\/uploads\/2022\/09\/img_feira_10-scaled.jpg\" alt=\"\" class=\"wp-image-2697\" srcset=\"https:\/\/sites.uel.br\/feira\/wp-content\/uploads\/2022\/09\/img_feira_10-scaled.jpg 2560w, https:\/\/sites.uel.br\/feira\/wp-content\/uploads\/2022\/09\/img_feira_10-300x200.jpg 300w, https:\/\/sites.uel.br\/feira\/wp-content\/uploads\/2022\/09\/img_feira_10-1024x683.jpg 1024w, https:\/\/sites.uel.br\/feira\/wp-content\/uploads\/2022\/09\/img_feira_10-768x512.jpg 768w, https:\/\/sites.uel.br\/feira\/wp-content\/uploads\/2022\/09\/img_feira_10-1536x1024.jpg 1536w, https:\/\/sites.uel.br\/feira\/wp-content\/uploads\/2022\/09\/img_feira_10-2048x1365.jpg 2048w\" sizes=\"auto, (max-width: 2560px) 100vw, 2560px\" \/><\/figure>\n\n\n\n<figure class=\"wp-block-image size-full\"><img loading=\"lazy\" decoding=\"async\" width=\"2560\" height=\"1707\" src=\"https:\/\/sites.uel.br\/feira\/wp-content\/uploads\/2022\/09\/img_feira_11-scaled.jpg\" alt=\"\" class=\"wp-image-2698\" srcset=\"https:\/\/sites.uel.br\/feira\/wp-content\/uploads\/2022\/09\/img_feira_11-scaled.jpg 2560w, https:\/\/sites.uel.br\/feira\/wp-content\/uploads\/2022\/09\/img_feira_11-300x200.jpg 300w, https:\/\/sites.uel.br\/feira\/wp-content\/uploads\/2022\/09\/img_feira_11-1024x683.jpg 1024w, https:\/\/sites.uel.br\/feira\/wp-content\/uploads\/2022\/09\/img_feira_11-768x512.jpg 768w, https:\/\/sites.uel.br\/feira\/wp-content\/uploads\/2022\/09\/img_feira_11-1536x1024.jpg 1536w, https:\/\/sites.uel.br\/feira\/wp-content\/uploads\/2022\/09\/img_feira_11-2048x1365.jpg 2048w\" sizes=\"auto, (max-width: 2560px) 100vw, 2560px\" \/><\/figure>\n\n\n\n<figure class=\"wp-block-image size-full\"><img loading=\"lazy\" decoding=\"async\" width=\"2560\" height=\"1707\" src=\"https:\/\/sites.uel.br\/feira\/wp-content\/uploads\/2022\/09\/img_feira_12-scaled.jpg\" alt=\"\" class=\"wp-image-2699\" srcset=\"https:\/\/sites.uel.br\/feira\/wp-content\/uploads\/2022\/09\/img_feira_12-scaled.jpg 2560w, https:\/\/sites.uel.br\/feira\/wp-content\/uploads\/2022\/09\/img_feira_12-300x200.jpg 300w, https:\/\/sites.uel.br\/feira\/wp-content\/uploads\/2022\/09\/img_feira_12-1024x683.jpg 1024w, https:\/\/sites.uel.br\/feira\/wp-content\/uploads\/2022\/09\/img_feira_12-768x512.jpg 768w, https:\/\/sites.uel.br\/feira\/wp-content\/uploads\/2022\/09\/img_feira_12-1536x1024.jpg 1536w, https:\/\/sites.uel.br\/feira\/wp-content\/uploads\/2022\/09\/img_feira_12-2048x1365.jpg 2048w\" sizes=\"auto, (max-width: 2560px) 100vw, 2560px\" \/><\/figure>\n\n\n\n<figure class=\"wp-block-image size-full\"><img loading=\"lazy\" decoding=\"async\" width=\"2560\" height=\"1707\" src=\"https:\/\/sites.uel.br\/feira\/wp-content\/uploads\/2022\/09\/img_feira_13-scaled.jpg\" alt=\"\" class=\"wp-image-2701\" srcset=\"https:\/\/sites.uel.br\/feira\/wp-content\/uploads\/2022\/09\/img_feira_13-scaled.jpg 2560w, https:\/\/sites.uel.br\/feira\/wp-content\/uploads\/2022\/09\/img_feira_13-300x200.jpg 300w, https:\/\/sites.uel.br\/feira\/wp-content\/uploads\/2022\/09\/img_feira_13-1024x683.jpg 1024w, https:\/\/sites.uel.br\/feira\/wp-content\/uploads\/2022\/09\/img_feira_13-768x512.jpg 768w, https:\/\/sites.uel.br\/feira\/wp-content\/uploads\/2022\/09\/img_feira_13-1536x1024.jpg 1536w, https:\/\/sites.uel.br\/feira\/wp-content\/uploads\/2022\/09\/img_feira_13-2048x1365.jpg 2048w\" sizes=\"auto, (max-width: 2560px) 100vw, 2560px\" \/><\/figure>\n\n\n\n<figure class=\"wp-block-image size-full\"><img loading=\"lazy\" decoding=\"async\" width=\"2560\" height=\"1707\" src=\"https:\/\/sites.uel.br\/feira\/wp-content\/uploads\/2022\/09\/img_feira_14-scaled.jpg\" alt=\"\" class=\"wp-image-2702\" srcset=\"https:\/\/sites.uel.br\/feira\/wp-content\/uploads\/2022\/09\/img_feira_14-scaled.jpg 2560w, https:\/\/sites.uel.br\/feira\/wp-content\/uploads\/2022\/09\/img_feira_14-300x200.jpg 300w, https:\/\/sites.uel.br\/feira\/wp-content\/uploads\/2022\/09\/img_feira_14-1024x683.jpg 1024w, https:\/\/sites.uel.br\/feira\/wp-content\/uploads\/2022\/09\/img_feira_14-768x512.jpg 768w, https:\/\/sites.uel.br\/feira\/wp-content\/uploads\/2022\/09\/img_feira_14-1536x1024.jpg 1536w, https:\/\/sites.uel.br\/feira\/wp-content\/uploads\/2022\/09\/img_feira_14-2048x1365.jpg 2048w\" sizes=\"auto, (max-width: 2560px) 100vw, 2560px\" \/><\/figure>\n\n\n\n<figure class=\"wp-block-image size-full\"><img loading=\"lazy\" decoding=\"async\" width=\"2560\" height=\"1707\" src=\"https:\/\/sites.uel.br\/feira\/wp-content\/uploads\/2022\/09\/img_feira_15-scaled.jpg\" alt=\"\" class=\"wp-image-2703\" srcset=\"https:\/\/sites.uel.br\/feira\/wp-content\/uploads\/2022\/09\/img_feira_15-scaled.jpg 2560w, https:\/\/sites.uel.br\/feira\/wp-content\/uploads\/2022\/09\/img_feira_15-300x200.jpg 300w, https:\/\/sites.uel.br\/feira\/wp-content\/uploads\/2022\/09\/img_feira_15-1024x683.jpg 1024w, https:\/\/sites.uel.br\/feira\/wp-content\/uploads\/2022\/09\/img_feira_15-768x512.jpg 768w, https:\/\/sites.uel.br\/feira\/wp-content\/uploads\/2022\/09\/img_feira_15-1536x1024.jpg 1536w, https:\/\/sites.uel.br\/feira\/wp-content\/uploads\/2022\/09\/img_feira_15-2048x1365.jpg 2048w\" sizes=\"auto, (max-width: 2560px) 100vw, 2560px\" \/><\/figure>\n\n\n\n<figure class=\"wp-block-image size-full\"><img loading=\"lazy\" decoding=\"async\" width=\"2560\" height=\"1707\" src=\"https:\/\/sites.uel.br\/feira\/wp-content\/uploads\/2022\/09\/img_feira_16-scaled.jpg\" alt=\"\" class=\"wp-image-2704\" srcset=\"https:\/\/sites.uel.br\/feira\/wp-content\/uploads\/2022\/09\/img_feira_16-scaled.jpg 2560w, https:\/\/sites.uel.br\/feira\/wp-content\/uploads\/2022\/09\/img_feira_16-300x200.jpg 300w, https:\/\/sites.uel.br\/feira\/wp-content\/uploads\/2022\/09\/img_feira_16-1024x683.jpg 1024w, https:\/\/sites.uel.br\/feira\/wp-content\/uploads\/2022\/09\/img_feira_16-768x512.jpg 768w, https:\/\/sites.uel.br\/feira\/wp-content\/uploads\/2022\/09\/img_feira_16-1536x1024.jpg 1536w, https:\/\/sites.uel.br\/feira\/wp-content\/uploads\/2022\/09\/img_feira_16-2048x1365.jpg 2048w\" sizes=\"auto, (max-width: 2560px) 100vw, 2560px\" \/><\/figure>\n\n\n\n<figure class=\"wp-block-image size-full\"><img loading=\"lazy\" decoding=\"async\" width=\"2560\" height=\"1707\" src=\"https:\/\/sites.uel.br\/feira\/wp-content\/uploads\/2022\/09\/img_feira_17-scaled.jpg\" alt=\"\" class=\"wp-image-2705\" srcset=\"https:\/\/sites.uel.br\/feira\/wp-content\/uploads\/2022\/09\/img_feira_17-scaled.jpg 2560w, https:\/\/sites.uel.br\/feira\/wp-content\/uploads\/2022\/09\/img_feira_17-300x200.jpg 300w, https:\/\/sites.uel.br\/feira\/wp-content\/uploads\/2022\/09\/img_feira_17-1024x683.jpg 1024w, https:\/\/sites.uel.br\/feira\/wp-content\/uploads\/2022\/09\/img_feira_17-768x512.jpg 768w, https:\/\/sites.uel.br\/feira\/wp-content\/uploads\/2022\/09\/img_feira_17-1536x1024.jpg 1536w, https:\/\/sites.uel.br\/feira\/wp-content\/uploads\/2022\/09\/img_feira_17-2048x1365.jpg 2048w\" sizes=\"auto, (max-width: 2560px) 100vw, 2560px\" \/><\/figure>\n\n\n\n<figure class=\"wp-block-image size-full\"><img loading=\"lazy\" decoding=\"async\" width=\"2560\" height=\"1707\" src=\"https:\/\/sites.uel.br\/feira\/wp-content\/uploads\/2022\/09\/img_feira_18-scaled.jpg\" alt=\"\" class=\"wp-image-2706\" srcset=\"https:\/\/sites.uel.br\/feira\/wp-content\/uploads\/2022\/09\/img_feira_18-scaled.jpg 2560w, https:\/\/sites.uel.br\/feira\/wp-content\/uploads\/2022\/09\/img_feira_18-300x200.jpg 300w, https:\/\/sites.uel.br\/feira\/wp-content\/uploads\/2022\/09\/img_feira_18-1024x683.jpg 1024w, https:\/\/sites.uel.br\/feira\/wp-content\/uploads\/2022\/09\/img_feira_18-768x512.jpg 768w, https:\/\/sites.uel.br\/feira\/wp-content\/uploads\/2022\/09\/img_feira_18-1536x1024.jpg 1536w, https:\/\/sites.uel.br\/feira\/wp-content\/uploads\/2022\/09\/img_feira_18-2048x1365.jpg 2048w\" sizes=\"auto, (max-width: 2560px) 100vw, 2560px\" \/><\/figure>\n\n\n\n<p class=\"has-text-align-center\">Cr\u00e9ditos Imagens: Gilberto Abelha Lisboa (LABTED\/UEL)<\/p>\n\n\n\n<figure class=\"wp-block-image size-full\"><img loading=\"lazy\" decoding=\"async\" width=\"2560\" height=\"1705\" src=\"https:\/\/sites.uel.br\/feira\/wp-content\/uploads\/2022\/09\/img_feira_19-scaled.jpg\" alt=\"\" class=\"wp-image-2707\" srcset=\"https:\/\/sites.uel.br\/feira\/wp-content\/uploads\/2022\/09\/img_feira_19-scaled.jpg 2560w, https:\/\/sites.uel.br\/feira\/wp-content\/uploads\/2022\/09\/img_feira_19-300x200.jpg 300w, https:\/\/sites.uel.br\/feira\/wp-content\/uploads\/2022\/09\/img_feira_19-1024x682.jpg 1024w, https:\/\/sites.uel.br\/feira\/wp-content\/uploads\/2022\/09\/img_feira_19-768x511.jpg 768w, https:\/\/sites.uel.br\/feira\/wp-content\/uploads\/2022\/09\/img_feira_19-1536x1023.jpg 1536w, https:\/\/sites.uel.br\/feira\/wp-content\/uploads\/2022\/09\/img_feira_19-2048x1364.jpg 2048w\" sizes=\"auto, (max-width: 2560px) 100vw, 2560px\" \/><\/figure>\n\n\n\n<figure class=\"wp-block-image size-full\"><img loading=\"lazy\" decoding=\"async\" width=\"2560\" height=\"1705\" src=\"https:\/\/sites.uel.br\/feira\/wp-content\/uploads\/2022\/09\/img_feira_20-scaled.jpg\" alt=\"\" class=\"wp-image-2708\" srcset=\"https:\/\/sites.uel.br\/feira\/wp-content\/uploads\/2022\/09\/img_feira_20-scaled.jpg 2560w, https:\/\/sites.uel.br\/feira\/wp-content\/uploads\/2022\/09\/img_feira_20-300x200.jpg 300w, https:\/\/sites.uel.br\/feira\/wp-content\/uploads\/2022\/09\/img_feira_20-1024x682.jpg 1024w, https:\/\/sites.uel.br\/feira\/wp-content\/uploads\/2022\/09\/img_feira_20-768x511.jpg 768w, https:\/\/sites.uel.br\/feira\/wp-content\/uploads\/2022\/09\/img_feira_20-1536x1023.jpg 1536w, https:\/\/sites.uel.br\/feira\/wp-content\/uploads\/2022\/09\/img_feira_20-2048x1364.jpg 2048w\" sizes=\"auto, (max-width: 2560px) 100vw, 2560px\" \/><\/figure>\n\n\n\n<figure class=\"wp-block-image size-full\"><img loading=\"lazy\" decoding=\"async\" width=\"2560\" height=\"1705\" src=\"https:\/\/sites.uel.br\/feira\/wp-content\/uploads\/2022\/09\/img_feira_21-scaled.jpg\" alt=\"\" class=\"wp-image-2709\" srcset=\"https:\/\/sites.uel.br\/feira\/wp-content\/uploads\/2022\/09\/img_feira_21-scaled.jpg 2560w, https:\/\/sites.uel.br\/feira\/wp-content\/uploads\/2022\/09\/img_feira_21-300x200.jpg 300w, https:\/\/sites.uel.br\/feira\/wp-content\/uploads\/2022\/09\/img_feira_21-1024x682.jpg 1024w, https:\/\/sites.uel.br\/feira\/wp-content\/uploads\/2022\/09\/img_feira_21-768x511.jpg 768w, https:\/\/sites.uel.br\/feira\/wp-content\/uploads\/2022\/09\/img_feira_21-1536x1023.jpg 1536w, https:\/\/sites.uel.br\/feira\/wp-content\/uploads\/2022\/09\/img_feira_21-2048x1364.jpg 2048w\" sizes=\"auto, (max-width: 2560px) 100vw, 2560px\" \/><\/figure>\n\n\n\n<figure class=\"wp-block-image size-full\"><img loading=\"lazy\" decoding=\"async\" width=\"2560\" height=\"1705\" src=\"https:\/\/sites.uel.br\/feira\/wp-content\/uploads\/2022\/09\/img_feira_22-scaled.jpg\" alt=\"\" class=\"wp-image-2710\" srcset=\"https:\/\/sites.uel.br\/feira\/wp-content\/uploads\/2022\/09\/img_feira_22-scaled.jpg 2560w, https:\/\/sites.uel.br\/feira\/wp-content\/uploads\/2022\/09\/img_feira_22-300x200.jpg 300w, https:\/\/sites.uel.br\/feira\/wp-content\/uploads\/2022\/09\/img_feira_22-1024x682.jpg 1024w, https:\/\/sites.uel.br\/feira\/wp-content\/uploads\/2022\/09\/img_feira_22-768x511.jpg 768w, https:\/\/sites.uel.br\/feira\/wp-content\/uploads\/2022\/09\/img_feira_22-1536x1023.jpg 1536w, https:\/\/sites.uel.br\/feira\/wp-content\/uploads\/2022\/09\/img_feira_22-2048x1364.jpg 2048w\" sizes=\"auto, (max-width: 2560px) 100vw, 2560px\" \/><\/figure>\n\n\n\n<figure class=\"wp-block-image size-full\"><img loading=\"lazy\" decoding=\"async\" width=\"2560\" height=\"1705\" src=\"https:\/\/sites.uel.br\/feira\/wp-content\/uploads\/2022\/09\/img_feira_23-scaled.jpg\" alt=\"\" class=\"wp-image-2711\" srcset=\"https:\/\/sites.uel.br\/feira\/wp-content\/uploads\/2022\/09\/img_feira_23-scaled.jpg 2560w, https:\/\/sites.uel.br\/feira\/wp-content\/uploads\/2022\/09\/img_feira_23-300x200.jpg 300w, https:\/\/sites.uel.br\/feira\/wp-content\/uploads\/2022\/09\/img_feira_23-1024x682.jpg 1024w, https:\/\/sites.uel.br\/feira\/wp-content\/uploads\/2022\/09\/img_feira_23-768x511.jpg 768w, https:\/\/sites.uel.br\/feira\/wp-content\/uploads\/2022\/09\/img_feira_23-1536x1023.jpg 1536w, https:\/\/sites.uel.br\/feira\/wp-content\/uploads\/2022\/09\/img_feira_23-2048x1364.jpg 2048w\" sizes=\"auto, (max-width: 2560px) 100vw, 2560px\" \/><\/figure>\n\n\n\n<figure class=\"wp-block-image size-full\"><img loading=\"lazy\" decoding=\"async\" width=\"2560\" height=\"1705\" src=\"https:\/\/sites.uel.br\/feira\/wp-content\/uploads\/2022\/09\/img_feira_24-scaled.jpg\" alt=\"\" class=\"wp-image-2712\" srcset=\"https:\/\/sites.uel.br\/feira\/wp-content\/uploads\/2022\/09\/img_feira_24-scaled.jpg 2560w, https:\/\/sites.uel.br\/feira\/wp-content\/uploads\/2022\/09\/img_feira_24-300x200.jpg 300w, https:\/\/sites.uel.br\/feira\/wp-content\/uploads\/2022\/09\/img_feira_24-1024x682.jpg 1024w, https:\/\/sites.uel.br\/feira\/wp-content\/uploads\/2022\/09\/img_feira_24-768x511.jpg 768w, https:\/\/sites.uel.br\/feira\/wp-content\/uploads\/2022\/09\/img_feira_24-1536x1023.jpg 1536w, https:\/\/sites.uel.br\/feira\/wp-content\/uploads\/2022\/09\/img_feira_24-2048x1364.jpg 2048w\" sizes=\"auto, (max-width: 2560px) 100vw, 2560px\" \/><\/figure>\n\n\n\n<figure class=\"wp-block-image size-full\"><img loading=\"lazy\" decoding=\"async\" width=\"2560\" height=\"1705\" src=\"https:\/\/sites.uel.br\/feira\/wp-content\/uploads\/2022\/09\/img_feira_25-scaled.jpg\" alt=\"\" class=\"wp-image-2713\" srcset=\"https:\/\/sites.uel.br\/feira\/wp-content\/uploads\/2022\/09\/img_feira_25-scaled.jpg 2560w, https:\/\/sites.uel.br\/feira\/wp-content\/uploads\/2022\/09\/img_feira_25-300x200.jpg 300w, https:\/\/sites.uel.br\/feira\/wp-content\/uploads\/2022\/09\/img_feira_25-1024x682.jpg 1024w, https:\/\/sites.uel.br\/feira\/wp-content\/uploads\/2022\/09\/img_feira_25-768x511.jpg 768w, https:\/\/sites.uel.br\/feira\/wp-content\/uploads\/2022\/09\/img_feira_25-1536x1023.jpg 1536w, https:\/\/sites.uel.br\/feira\/wp-content\/uploads\/2022\/09\/img_feira_25-2048x1364.jpg 2048w\" sizes=\"auto, (max-width: 2560px) 100vw, 2560px\" \/><\/figure>\n\n\n\n<figure class=\"wp-block-image size-full\"><img loading=\"lazy\" decoding=\"async\" width=\"2560\" height=\"1705\" src=\"https:\/\/sites.uel.br\/feira\/wp-content\/uploads\/2022\/09\/img_feira_26-scaled.jpg\" alt=\"\" class=\"wp-image-2714\" srcset=\"https:\/\/sites.uel.br\/feira\/wp-content\/uploads\/2022\/09\/img_feira_26-scaled.jpg 2560w, https:\/\/sites.uel.br\/feira\/wp-content\/uploads\/2022\/09\/img_feira_26-300x200.jpg 300w, https:\/\/sites.uel.br\/feira\/wp-content\/uploads\/2022\/09\/img_feira_26-1024x682.jpg 1024w, https:\/\/sites.uel.br\/feira\/wp-content\/uploads\/2022\/09\/img_feira_26-768x511.jpg 768w, https:\/\/sites.uel.br\/feira\/wp-content\/uploads\/2022\/09\/img_feira_26-1536x1023.jpg 1536w, https:\/\/sites.uel.br\/feira\/wp-content\/uploads\/2022\/09\/img_feira_26-2048x1364.jpg 2048w\" sizes=\"auto, (max-width: 2560px) 100vw, 2560px\" \/><\/figure>\n\n\n\n<figure class=\"wp-block-image size-full\"><img loading=\"lazy\" decoding=\"async\" width=\"2560\" height=\"1705\" src=\"https:\/\/sites.uel.br\/feira\/wp-content\/uploads\/2022\/09\/img_feira_27-scaled.jpg\" alt=\"\" class=\"wp-image-2715\" srcset=\"https:\/\/sites.uel.br\/feira\/wp-content\/uploads\/2022\/09\/img_feira_27-scaled.jpg 2560w, https:\/\/sites.uel.br\/feira\/wp-content\/uploads\/2022\/09\/img_feira_27-300x200.jpg 300w, https:\/\/sites.uel.br\/feira\/wp-content\/uploads\/2022\/09\/img_feira_27-1024x682.jpg 1024w, https:\/\/sites.uel.br\/feira\/wp-content\/uploads\/2022\/09\/img_feira_27-768x511.jpg 768w, https:\/\/sites.uel.br\/feira\/wp-content\/uploads\/2022\/09\/img_feira_27-1536x1023.jpg 1536w, https:\/\/sites.uel.br\/feira\/wp-content\/uploads\/2022\/09\/img_feira_27-2048x1364.jpg 2048w\" sizes=\"auto, (max-width: 2560px) 100vw, 2560px\" \/><\/figure>\n\n\n\n<p class=\"has-text-align-center has-text-color\" style=\"color:#fc0008\"><strong><a href=\"https:\/\/drive.google.com\/drive\/folders\/1tt_TcHHZM9K6bkd22vRkmOAVcZ457Fns?usp=sharing\" target=\"_blank\" rel=\"noreferrer noopener\">Clique aqui para mais imagens e v\u00eddeos<\/a><br>Cr\u00e9ditos: Representantes dos Cursos de Gradua\u00e7\u00e3o \/ Colegiados \/ Prograd<\/strong><\/p>\n","protected":false},"excerpt":{"rendered":"<p>Obs: role at\u00e9 o final da p\u00e1gina, para link com mais imagens e v\u00eddeos Cr\u00e9ditos Imagens: Sergio Henrique Gerelus (PROPLAN\/UEL) Cr\u00e9ditos Imagens: Gilberto Abelha Lisboa (LABTED\/UEL) Clique aqui para mais imagens e v\u00eddeosCr\u00e9ditos: Representantes dos Cursos de Gradua\u00e7\u00e3o \/ Colegiados \/ Prograd<\/p>\n","protected":false},"author":8,"featured_media":0,"parent":0,"menu_order":0,"comment_status":"closed","ping_status":"closed","template":"","meta":{"_themeisle_gutenberg_block_has_review":false,"footnotes":""},"class_list":["post-2839","page","type-page","status-publish","hentry"],"_links":{"self":[{"href":"https:\/\/sites.uel.br\/feira\/wp-json\/wp\/v2\/pages\/2839","targetHints":{"allow":["GET"]}}],"collection":[{"href":"https:\/\/sites.uel.br\/feira\/wp-json\/wp\/v2\/pages"}],"about":[{"href":"https:\/\/sites.uel.br\/feira\/wp-json\/wp\/v2\/types\/page"}],"author":[{"embeddable":true,"href":"https:\/\/sites.uel.br\/feira\/wp-json\/wp\/v2\/users\/8"}],"replies":[{"embeddable":true,"href":"https:\/\/sites.uel.br\/feira\/wp-json\/wp\/v2\/comments?post=2839"}],"version-history":[{"count":4,"href":"https:\/\/sites.uel.br\/feira\/wp-json\/wp\/v2\/pages\/2839\/revisions"}],"predecessor-version":[{"id":2957,"href":"https:\/\/sites.uel.br\/feira\/wp-json\/wp\/v2\/pages\/2839\/revisions\/2957"}],"wp:attachment":[{"href":"https:\/\/sites.uel.br\/feira\/wp-json\/wp\/v2\/media?parent=2839"}],"curies":[{"name":"wp","href":"https:\/\/api.w.org\/{rel}","templated":true}]}}