{"id":2141,"date":"2022-08-03T15:06:11","date_gmt":"2022-08-03T18:06:11","guid":{"rendered":"https:\/\/sites.uel.br\/feira\/?page_id=2141"},"modified":"2026-02-12T12:49:26","modified_gmt":"2026-02-12T15:49:26","slug":"creditos","status":"publish","type":"page","link":"https:\/\/sites.uel.br\/feira\/creditos\/","title":{"rendered":"Cr\u00e9ditos"},"content":{"rendered":"\n<hr class=\"wp-block-separator has-alpha-channel-opacity is-style-wide\" \/>\n\n\n\n<p class=\"has-text-align-center has-background\" style=\"background-color:#d1a799\"><strong>CONTE\u00daDO E DESENVOLVIMENTO DO SITE<\/strong><\/p>\n\n\n\n<p><strong>PR\u00d3-REITORIA DE EXTENS\u00c3O, CULTURA E SOCIEDADE (PROEX)<\/strong><\/p>\n\n\n\n<p>Profa. Zilda Aparecida Freitas de Andrade (Pr\u00f3-Reitora e Coordenadora Geral)<\/p>\n\n\n\n<p>Prof. Paulo Antonio Liboni Filho (Diretor de Programas, Projetos e Inicia\u00e7\u00e3o Extensionista)<\/p>\n\n\n\n<p>Profa. Ana Luisa Boavista L. Cavalcante (Diretora de Eventos, Cultura e Rela\u00e7\u00f5es com a Sociedade)<\/p>\n\n\n\n<div style=\"height:30px\" aria-hidden=\"true\" class=\"wp-block-spacer\"><\/div>\n\n\n\n<p><strong>PR\u00d3-REITORIA DE GRADUA\u00c7\u00c3O (PROGRAD)<\/strong><\/p>\n\n\n\n<p>Profa. Ana M\u00e1rcia Fernandes Tucci de Carvalho (Pr\u00f3-Reitora de Gradua\u00e7\u00e3o)<\/p>\n\n\n\n<p>Profa. Maria Elisa Wotzasek Cestari (Diretora de Assuntos Acad\u00eamicos)<\/p>\n\n\n\n<p>Profa. Lilian Kemmer Chiment\u00e3o (Diretora de Apoio \u00e0 A\u00e7\u00e3o Pedag\u00f3gica)<\/p>\n\n\n\n<p>Fabiano Ferrari Ribeiro (Site)<\/p>\n\n\n\n<p>Profa. Jamile Carla Baptista (Assessoria)<\/p>\n\n\n\n<p><\/p>\n\n\n\n<div style=\"height:30px\" aria-hidden=\"true\" class=\"wp-block-spacer\"><\/div>\n\n\n\n<p><strong>DEPARTAMENTO DE DESIGN \u2013 CECA<\/strong><\/p>\n\n\n\n<p>Profa. Rosane Fonseca de Freitas Martins (Docente Design Gr\u00e1fico) **<\/p>\n\n\n\n<p>Arthur de Paula  (estudante Design Gr\u00e1fico) *<\/p>\n\n\n\n<p>Jo\u00e3o Carlos Baptista (estudante Design Gr\u00e1fico) *<\/p>\n\n\n\n<p>Vinicius Villa (estudante Design Gr\u00e1fico) *<\/p>\n\n\n\n<p><em>* cria\u00e7\u00e3o da identidade visual Vestibular 2026<\/em><\/p>\n\n\n\n<p><em><em>*<\/em>* supervis\u00e3o cria\u00e7\u00e3o identidade visual Vestibular 2026<\/em><\/p>\n\n\n\n<p><a href=\"https:\/\/operobal.uel.br\/ultimas\/2025\/04\/11\/cops-anuncia-identidade-visual-do-vestibular-uel-2026\/\" target=\"_blank\" rel=\"noreferrer noopener\">saiba mais<\/a><\/p>\n\n\n\n<div style=\"height:30px\" aria-hidden=\"true\" class=\"wp-block-spacer\"><\/div>\n\n\n\n<p><strong>COORDENADORIA DE COMUNICA\u00c7\u00c3O SOCIAL (COM)<\/strong> *<\/p>\n\n\n\n<p>Beatriz Silv\u00e9rio Botelho (Coordenadora)<\/p>\n\n\n\n<p>Isadora Munhoz<\/p>\n\n\n\n<p><\/p>\n\n\n\n<div style=\"height:30px\" aria-hidden=\"true\" class=\"wp-block-spacer\"><\/div>\n\n\n\n<p><strong>COORDENADORIA DE PROCESSOS SELETIVOS (COPS)<\/strong><\/p>\n\n\n\n<p>Profa. Sandra Regina de Oliveira Garcia (Coordenadora)<\/p>\n\n\n\n<p><\/p>\n\n\n\n<div style=\"height:30px\" aria-hidden=\"true\" class=\"wp-block-spacer\"><\/div>\n\n\n\n<p><strong>COLEGIADOS DOS CURSOS DE GRADUA\u00c7\u00c3O DA UEL<\/strong><\/p>\n\n\n\n<p>Representantes dos Centros de Estudos<\/p>\n\n\n\n<p>Coordenadores e Vice-Coordenadores dos Cursos de Gradua\u00e7\u00e3o<\/p>\n\n\n\n<div style=\"height:30px\" aria-hidden=\"true\" class=\"wp-block-spacer\"><\/div>\n\n\n\n<p class=\"has-text-align-center has-background\" style=\"background-color:#d1a799\"><strong>COORDENA\u00c7\u00c3O GERAL<\/strong><\/p>\n\n\n\n<p>Pr\u00f3-Reitoria de Gradua\u00e7\u00e3o (PROGRAD)<\/p>\n\n\n\n<p>Pr\u00f3-Reitoria de Extens\u00e3o, Cultura e Sociedade (PROEX)<\/p>\n\n\n\n<p>Pr\u00f3-Reitoria de Planejamento (PROPLAN)<\/p>\n\n\n\n<p>Pr\u00f3-Reitoria de Administra\u00e7\u00e3o e Finan\u00e7as (PROAF)<\/p>\n\n\n\n<p>Pr\u00f3-Reitoria de Recursos Humanos (PRORH)<\/p>\n\n\n\n<p>Coordenadoria de Processos Seletivos (COPS)<\/p>\n\n\n\n<p>Prefeitura do Campus Universit\u00e1rio (PCU)<\/p>\n\n\n\n<p>Programa de Acesso e Perman\u00eancia da UEL (PROPE)<\/p>\n\n\n\n<p>N\u00facleo de Acessibilidade (NAC)<\/p>\n\n\n\n<p>Assessoria de Tecnologia de Informa\u00e7\u00e3o (ATI)<\/p>\n\n\n\n<p>Servi\u00e7o de Bem-Estar \u00e0 Comunidade Universit\u00e1ria (SEBEC)<\/p>\n\n\n\n<p>Comiss\u00e3o Universidade para Ind\u00edgenas (CUIA)<\/p>\n\n\n\n<p>N\u00facleo de Estudos Afro-Brasileiros (NEAB)<\/p>\n\n\n\n<p>Coordenadoria de Comunica\u00e7\u00e3o Social (COM)<\/p>\n\n\n\n<p>R\u00e1dio UEL FM<\/p>\n\n\n\n<p>TV UEL<\/p>\n\n\n\n<p>Gabinete da Reitoria<\/p>\n\n\n\n<p>Ouvidoria Geral<\/p>\n\n\n\n<p>Colegiados dos Centros de Estudos<\/p>\n\n\n\n<p>Coordenadores e Vice-Coordenadores dos Cursos de Gradua\u00e7\u00e3o<\/p>\n\n\n\n<p><\/p>\n","protected":false},"excerpt":{"rendered":"<p>CONTE\u00daDO E DESENVOLVIMENTO DO SITE PR\u00d3-REITORIA DE EXTENS\u00c3O, CULTURA E SOCIEDADE (PROEX) Profa. Zilda Aparecida Freitas de Andrade (Pr\u00f3-Reitora e Coordenadora Geral) Prof. Paulo Antonio Liboni Filho (Diretor de Programas, Projetos e Inicia\u00e7\u00e3o Extensionista) Profa. Ana Luisa Boavista L. Cavalcante (Diretora de Eventos, Cultura e Rela\u00e7\u00f5es com a Sociedade) PR\u00d3-REITORIA DE GRADUA\u00c7\u00c3O (PROGRAD) Profa. Ana [&hellip;]<\/p>\n","protected":false},"author":8,"featured_media":0,"parent":0,"menu_order":0,"comment_status":"closed","ping_status":"closed","template":"","meta":{"_themeisle_gutenberg_block_has_review":false,"footnotes":""},"class_list":["post-2141","page","type-page","status-publish","hentry"],"_links":{"self":[{"href":"https:\/\/sites.uel.br\/feira\/wp-json\/wp\/v2\/pages\/2141","targetHints":{"allow":["GET"]}}],"collection":[{"href":"https:\/\/sites.uel.br\/feira\/wp-json\/wp\/v2\/pages"}],"about":[{"href":"https:\/\/sites.uel.br\/feira\/wp-json\/wp\/v2\/types\/page"}],"author":[{"embeddable":true,"href":"https:\/\/sites.uel.br\/feira\/wp-json\/wp\/v2\/users\/8"}],"replies":[{"embeddable":true,"href":"https:\/\/sites.uel.br\/feira\/wp-json\/wp\/v2\/comments?post=2141"}],"version-history":[{"count":55,"href":"https:\/\/sites.uel.br\/feira\/wp-json\/wp\/v2\/pages\/2141\/revisions"}],"predecessor-version":[{"id":5169,"href":"https:\/\/sites.uel.br\/feira\/wp-json\/wp\/v2\/pages\/2141\/revisions\/5169"}],"wp:attachment":[{"href":"https:\/\/sites.uel.br\/feira\/wp-json\/wp\/v2\/media?parent=2141"}],"curies":[{"name":"wp","href":"https:\/\/api.w.org\/{rel}","templated":true}]}}