{"id":1953,"date":"2022-07-22T09:31:43","date_gmt":"2022-07-22T12:31:43","guid":{"rendered":"https:\/\/sites.uel.br\/feira\/?page_id=1953"},"modified":"2026-05-12T09:05:40","modified_gmt":"2026-05-12T12:05:40","slug":"egresso-voluntario","status":"publish","type":"page","link":"https:\/\/sites.uel.br\/feira\/egresso-voluntario\/","title":{"rendered":"Campanha: Egresso Volunt\u00e1rio na Feira das Profiss\u00f5es"},"content":{"rendered":"\n<hr class=\"wp-block-separator has-alpha-channel-opacity is-style-wide\" \/>\n\n\n\n<figure class=\"wp-block-image size-large\"><img decoding=\"async\" src=\"https:\/\/sites.uel.br\/feira\/wp-content\/uploads\/img\/2026\/banner_feira_profissoes_2026.png\" alt=\"\" \/><\/figure>\n\n\n\n<p>A Coordena\u00e7\u00e3o Geral da Feira das Profiss\u00f5es est\u00e1 cadastrando estudantes egressos dos Cursos de Gradua\u00e7\u00e3o que desejam atuar como volunt\u00e1rios na \u201c<strong>14\u00aa Feira das Profiss\u00f5es<\/strong>&#8220;, no dia <strong>1\u00ba de julho de 2026 (quarta-feira)<\/strong>. Os interessados podem se inscrever nesta p\u00e1gina (bot\u00e3o ao final), no per\u00edodo de <strong>12 de maio de 2026 at\u00e9 o dia 13 de junho de 2026<\/strong>.<br><br>A inscri\u00e7\u00e3o para esta campanha n\u00e3o gera direito a participa\u00e7\u00e3o autom\u00e1tica no evento. Cada convocado participante receber\u00e1 um certificado expedido pela Pr\u00f3-Reitoria de Gradua\u00e7\u00e3o da Universidade Estadual de Londrina (PROGRAD\/UEL), permitindo o agradecimento institucional pela a\u00e7\u00e3o desenvolvida e o planejamento de futuros mecanismos que facilitem o contato permanente com os ex-alunos graduados na universidade.<br><br>A proposta \u00e9 possibilitar que os egressos, agora licenciados e bachar\u00e9is em diferentes \u00e1reas de atua\u00e7\u00e3o, possam falar sobre seus cursos de gradua\u00e7\u00e3o para estudantes do Ensino M\u00e9dio, numa perspectiva ainda mais abrangente, tecendo interfaces entre o mundo acad\u00eamico e o mundo do trabalho.<br><br>Esta a\u00e7\u00e3o possibilitar\u00e1 \u00e0 Universidade melhor percep\u00e7\u00e3o em rela\u00e7\u00e3o ao percurso acad\u00eamico e profissional de seus egressos e valorizar\u00e1 seus saberes e experi\u00eancias na orienta\u00e7\u00e3o dos novos ingressantes. Para a universidade ser\u00e1&nbsp;uma excelente oportunidade de expandir seus horizontes de interc\u00e2mbio e qualificar seu di\u00e1logo com os estudantes e as escolas de Educa\u00e7\u00e3o B\u00e1sica. Afinal, pretende-se integrar ainda mais os ex-alunos \u00e0s atividades da institui\u00e7\u00e3o.<br><br>Abrir\u00e1 tamb\u00e9m possibilidades para a sistematiza\u00e7\u00e3o de uma pol\u00edtica institucional de intera\u00e7\u00e3o com os egressos da UEL. Em s\u00edntese, sabe-se o quanto esta intera\u00e7\u00e3o colabora significativamente no aperfei\u00e7oamento dos pr\u00f3prios Cursos de Gradua\u00e7\u00e3o e na retroalimenta\u00e7\u00e3o do processo de ensino, pesquisa e extens\u00e3o.<\/p>\n\n\n\n<div style=\"height:39px\" aria-hidden=\"true\" class=\"wp-block-spacer\"><\/div>\n\n\n<div class=\"wp-block-image\">\n<figure class=\"aligncenter size-full\"><a href=\"https:\/\/forms.gle\/jcn5h9NgvgAid4F16\" target=\"_blank\" rel=\" noreferrer noopener\"><img loading=\"lazy\" decoding=\"async\" width=\"365\" height=\"75\" src=\"https:\/\/sites.uel.br\/feira\/wp-content\/uploads\/2022\/07\/b_realizar_inscricao.png\" alt=\"\" class=\"wp-image-1966\" srcset=\"https:\/\/sites.uel.br\/feira\/wp-content\/uploads\/2022\/07\/b_realizar_inscricao.png 365w, https:\/\/sites.uel.br\/feira\/wp-content\/uploads\/2022\/07\/b_realizar_inscricao-300x62.png 300w\" sizes=\"auto, (max-width: 365px) 100vw, 365px\" \/><\/a><figcaption class=\"wp-element-caption\"><strong>Per\u00edodo: 12 de maio a 13 de junho de 2026<\/strong><\/figcaption><\/figure>\n<\/div>\n\n\n<p><\/p>\n","protected":false},"excerpt":{"rendered":"<p>A Coordena\u00e7\u00e3o Geral da Feira das Profiss\u00f5es est\u00e1 cadastrando estudantes egressos dos Cursos de Gradua\u00e7\u00e3o que desejam atuar como volunt\u00e1rios na \u201c14\u00aa Feira das Profiss\u00f5es&#8220;, no dia 1\u00ba de julho de 2026 (quarta-feira). Os interessados podem se inscrever nesta p\u00e1gina (bot\u00e3o ao final), no per\u00edodo de 12 de maio de 2026 at\u00e9 o dia 13 [&hellip;]<\/p>\n","protected":false},"author":8,"featured_media":0,"parent":0,"menu_order":0,"comment_status":"closed","ping_status":"closed","template":"","meta":{"_themeisle_gutenberg_block_has_review":false,"footnotes":""},"class_list":["post-1953","page","type-page","status-publish","hentry"],"_links":{"self":[{"href":"https:\/\/sites.uel.br\/feira\/wp-json\/wp\/v2\/pages\/1953","targetHints":{"allow":["GET"]}}],"collection":[{"href":"https:\/\/sites.uel.br\/feira\/wp-json\/wp\/v2\/pages"}],"about":[{"href":"https:\/\/sites.uel.br\/feira\/wp-json\/wp\/v2\/types\/page"}],"author":[{"embeddable":true,"href":"https:\/\/sites.uel.br\/feira\/wp-json\/wp\/v2\/users\/8"}],"replies":[{"embeddable":true,"href":"https:\/\/sites.uel.br\/feira\/wp-json\/wp\/v2\/comments?post=1953"}],"version-history":[{"count":58,"href":"https:\/\/sites.uel.br\/feira\/wp-json\/wp\/v2\/pages\/1953\/revisions"}],"predecessor-version":[{"id":5233,"href":"https:\/\/sites.uel.br\/feira\/wp-json\/wp\/v2\/pages\/1953\/revisions\/5233"}],"wp:attachment":[{"href":"https:\/\/sites.uel.br\/feira\/wp-json\/wp\/v2\/media?parent=1953"}],"curies":[{"name":"wp","href":"https:\/\/api.w.org\/{rel}","templated":true}]}}