{"id":1772,"date":"2025-01-30T16:25:03","date_gmt":"2025-01-30T19:25:03","guid":{"rendered":"https:\/\/sites.uel.br\/estomatologia\/?page_id=1772"},"modified":"2026-04-30T21:42:36","modified_gmt":"2026-05-01T00:42:36","slug":"equipe","status":"publish","type":"page","link":"https:\/\/sites.uel.br\/estomatologia\/equipe\/","title":{"rendered":"Equipe"},"content":{"rendered":"\n<div style=\"height:15px\" aria-hidden=\"true\" class=\"wp-block-spacer\"><\/div>\n\n\n\n<hr class=\"wp-block-separator has-text-color has-cinza-claro-color has-alpha-channel-opacity has-cinza-claro-background-color has-background is-style-wide\" \/>\n\n\n\n<div style=\"height:25px\" aria-hidden=\"true\" class=\"wp-block-spacer\"><\/div>\n\n\n\n<h4 class=\"wp-block-heading has-text-color has-link-color wp-elements-fed43b898bd4b1515d131ed987b63227\" style=\"color:#004422\">Prof. Dr. Ademar Takahama Junior<\/h4>\n\n\n\n<p class=\"has-cinza-color has-text-color has-link-color wp-elements-f24713f8565e07201b3729c9fe23bbb0\" style=\"font-size:16px\"><strong>Coordenador<\/strong><\/p>\n\n\n\n<div style=\"height:10px\" aria-hidden=\"true\" class=\"wp-block-spacer\"><\/div>\n\n\n\n<p>Possui gradua\u00e7\u00e3o em Odontologia pela Universidade Estadual de Campinas (2000), mestrado em Estomatopatologia pela Universidade Estadual de Campinas (2002) e doutorado em Estomatopatologia pela Universidade Estadual de Campinas (2008).<\/p>\n\n\n\n<p style=\"font-size:16px\"><strong>Lattes: <a href=\"http:\/\/lattes.cnpq.br\/4261908533549454\">http:\/\/lattes.cnpq.br\/4261908533549454<\/a><\/strong><\/p>\n\n\n\n<p style=\"font-size:16px\"><strong>E-mail<\/strong>: <a href=\"mailto:ademartjr@uel.br\"><strong>ademartjr@uel.br<\/strong><\/a><\/p>\n\n\n\n<div style=\"height:10px\" aria-hidden=\"true\" class=\"wp-block-spacer\"><\/div>\n\n\n\n<hr class=\"wp-block-separator has-text-color has-cinza-claro-color has-alpha-channel-opacity has-cinza-claro-background-color has-background is-style-wide\" \/>\n\n\n\n<div style=\"height:25px\" aria-hidden=\"true\" class=\"wp-block-spacer\"><\/div>\n\n\n\n<h4 class=\"wp-block-heading has-text-color has-link-color wp-elements-093860754f943e3ecda081666e5a9164\" style=\"color:#004422\">Profa. Dra. Elisa Emi Tanaka Carloto<\/h4>\n\n\n\n<p class=\"has-cinza-color has-text-color has-link-color wp-elements-8858391afed8c1d3cec8dfdcef461fc3\" style=\"font-size:16px\"><strong>Colaboradora<\/strong><\/p>\n\n\n\n<div style=\"height:10px\" aria-hidden=\"true\" class=\"wp-block-spacer\"><\/div>\n\n\n\n<p>Graduada em Odontologia pela Universidade Estadual de Londrina (1991), mestrado em Diagn\u00f3stico Bucal &#8211; Radiologia pela Universidade de S\u00e3o Paulo (1996) e doutorado em Diagn\u00f3stico Bucal &#8211; Radiologia pela Universidade de S\u00e3o Paulo (2000).<\/p>\n\n\n\n<p style=\"font-size:16px\"><strong>Lattes: <\/strong><a href=\"http:\/\/lattes.cnpq.br\/2645674570759111\"><strong>http:\/\/lattes.cnpq.br\/2645674570759111<\/strong><\/a><\/p>\n\n\n\n<p style=\"font-size:16px\"><strong>E-mail<\/strong>: <a href=\"mailto:ademartjr@uel.br\"><strong>elisaemi@uel.br<\/strong><\/a><\/p>\n\n\n\n<div style=\"height:10px\" aria-hidden=\"true\" class=\"wp-block-spacer\"><\/div>\n\n\n\n<hr class=\"wp-block-separator has-text-color has-cinza-claro-color has-alpha-channel-opacity has-cinza-claro-background-color has-background is-style-wide\" \/>\n\n\n\n<div style=\"height:25px\" aria-hidden=\"true\" class=\"wp-block-spacer\"><\/div>\n\n\n\n<h4 class=\"wp-block-heading is-style-default has-text-color has-link-color wp-elements-d64dad41513f5d7cbb66fcf33b32bb62\" style=\"color:#004422\">Profa. Dra. Evelise Ono<\/h4>\n\n\n\n<p class=\"has-cinza-color has-text-color has-link-color wp-elements-7b3c960c41c90de5faeb3972670fbee8\" style=\"font-size:16px\"><strong>Colaboradora<\/strong><\/p>\n\n\n\n<div style=\"height:15px\" aria-hidden=\"true\" class=\"wp-block-spacer\"><\/div>\n\n\n\n<p>Possui gradua\u00e7\u00e3o em Odontologia pela Universidade Estadual de Londrina (2000), especializa\u00e7\u00e3o em Radiologia Odontol\u00f3gica pela ABENO-SP, mestrado e doutorado em Biopatologia Bucal (Radiologia Odontol\u00f3gica) [S.J.Campos] pela Universidade Estadual Paulista J\u00falio de Mesquita Filho (2008).<\/p>\n\n\n\n<p style=\"font-size:16px\"><strong>Lattes: <\/strong><a href=\"http:\/\/lattes.cnpq.br\/7950469423871515\"><strong>http:\/\/lattes.cnpq.br\/7950469423871515<\/strong><\/a><\/p>\n\n\n\n<p style=\"font-size:16px\"><strong>E-mail<\/strong>: <strong><a href=\"mailto:evelise.ono@uel.br\">evelise.ono@uel.br<\/a><\/strong><\/p>\n\n\n\n<div style=\"height:10px\" aria-hidden=\"true\" class=\"wp-block-spacer\"><\/div>\n\n\n\n<hr class=\"wp-block-separator has-text-color has-cinza-claro-color has-alpha-channel-opacity has-cinza-claro-background-color has-background is-style-wide\" \/>\n\n\n\n<div style=\"height:25px\" aria-hidden=\"true\" class=\"wp-block-spacer\"><\/div>\n\n\n\n<h4 class=\"wp-block-heading is-style-default has-text-color has-link-color wp-elements-efddb91e412d0beb361f295e7ae6c858\" style=\"color:#004422\">Prof. Dr. Fabio Augusto Ito<\/h4>\n\n\n\n<p class=\"has-cinza-color has-text-color has-link-color wp-elements-62fd5072ba90dfcc55fa6ee3cae50ada\" style=\"font-size:16px\"><strong>Colaborador<\/strong><\/p>\n\n\n\n<div style=\"height:10px\" aria-hidden=\"true\" class=\"wp-block-spacer\"><\/div>\n\n\n\n<p>Possui gradua\u00e7\u00e3o em Odontologia pela Universidade Norte do Parana (2000), mestrado em Estomatopatologia pela Universidade Estadual de Campinas (2003) e doutorado em Estomatopatologia pela Universidade Estadual de Campinas (2006).<\/p>\n\n\n\n<p style=\"font-size:16px\"><strong>Lattes: <\/strong><a href=\"http:\/\/lattes.cnpq.br\/5721398090818652\"><strong>http:\/\/lattes.cnpq.br\/5721398090818652<\/strong><\/a><\/p>\n\n\n\n<p style=\"font-size:16px\"><strong>E-mail: <a href=\"mailto:fabioaito@uel.br\">fabioaito@uel.br<\/a><\/strong><\/p>\n\n\n\n<div style=\"height:10px\" aria-hidden=\"true\" class=\"wp-block-spacer\"><\/div>\n\n\n\n<hr class=\"wp-block-separator has-text-color has-cinza-claro-color has-alpha-channel-opacity has-cinza-claro-background-color has-background is-style-wide\" \/>\n\n\n\n<div style=\"height:25px\" aria-hidden=\"true\" class=\"wp-block-spacer\"><\/div>\n\n\n\n<h4 class=\"wp-block-heading is-style-default has-text-color has-link-color wp-elements-038ea926d0e61f5ab0edf27de81ff698\" style=\"color:#004422\">Prof. Dr. Jefferson Luis Oshiro Tanaka<\/h4>\n\n\n\n<p class=\"has-cinza-color has-text-color has-link-color wp-elements-62fd5072ba90dfcc55fa6ee3cae50ada\" style=\"font-size:16px\"><strong>Colaborador<\/strong><\/p>\n\n\n\n<div style=\"height:10px\" aria-hidden=\"true\" class=\"wp-block-spacer\"><\/div>\n\n\n\n<p>Possui gradua\u00e7\u00e3o em Odontologia pela Universidade Estadual de Londrina (2000), especializa\u00e7\u00e3o em Radiologia Odontol\u00f3gica pela ABENO\/SP (2002), especializa\u00e7\u00e3o em Ortodontia e Ortopedia Facial pela Universidade Estadual de Londrina (2004), especializa\u00e7\u00e3o em Implantodontia pela UNICSUL (2016), mestrado em Radiologia Odontol\u00f3gica (S.J.Campos) pela Universidade Estadual Paulista J\u00falio de Mesquita Filho (2006) e doutorado em Radiologia Odontol\u00f3gica (S.J.Campos) pela Universidade Estadual Paulista J\u00falio de Mesquita Filho (2008).<\/p>\n\n\n\n<p style=\"font-size:16px\"><strong>Lattes: <\/strong><a href=\"http:\/\/lattes.cnpq.br\/0397390458851440\"><strong>http:\/\/lattes.cnpq.br\/0397390458851440<\/strong><\/a><\/p>\n\n\n\n<p style=\"font-size:16px\"><strong>E-mail: <a href=\"mailto:jefftanaka@uel.br\">jefftanaka@uel.br<\/a><\/strong><\/p>\n\n\n\n<div style=\"height:10px\" aria-hidden=\"true\" class=\"wp-block-spacer\"><\/div>\n\n\n\n<hr class=\"wp-block-separator has-text-color has-cinza-claro-color has-alpha-channel-opacity has-cinza-claro-background-color has-background is-style-wide\" \/>\n","protected":false},"excerpt":{"rendered":"<p>Prof. Dr. Ademar Takahama Junior Coordenador Possui gradua\u00e7\u00e3o em Odontologia pela Universidade Estadual de Campinas (2000), mestrado em Estomatopatologia pela Universidade Estadual de Campinas (2002) e doutorado em Estomatopatologia pela Universidade Estadual de Campinas (2008). Lattes: http:\/\/lattes.cnpq.br\/4261908533549454 E-mail: ademartjr@uel.br Profa. Dra. Elisa Emi Tanaka Carloto Colaboradora Graduada em Odontologia pela Universidade Estadual de Londrina (1991), [&hellip;]<\/p>\n","protected":false},"author":9,"featured_media":0,"parent":0,"menu_order":0,"comment_status":"closed","ping_status":"closed","template":"","meta":{"_acf_changed":false,"footnotes":""},"class_list":["post-1772","page","type-page","status-publish","hentry"],"acf":[],"_links":{"self":[{"href":"https:\/\/sites.uel.br\/estomatologia\/wp-json\/wp\/v2\/pages\/1772","targetHints":{"allow":["GET"]}}],"collection":[{"href":"https:\/\/sites.uel.br\/estomatologia\/wp-json\/wp\/v2\/pages"}],"about":[{"href":"https:\/\/sites.uel.br\/estomatologia\/wp-json\/wp\/v2\/types\/page"}],"author":[{"embeddable":true,"href":"https:\/\/sites.uel.br\/estomatologia\/wp-json\/wp\/v2\/users\/9"}],"replies":[{"embeddable":true,"href":"https:\/\/sites.uel.br\/estomatologia\/wp-json\/wp\/v2\/comments?post=1772"}],"version-history":[{"count":135,"href":"https:\/\/sites.uel.br\/estomatologia\/wp-json\/wp\/v2\/pages\/1772\/revisions"}],"predecessor-version":[{"id":2511,"href":"https:\/\/sites.uel.br\/estomatologia\/wp-json\/wp\/v2\/pages\/1772\/revisions\/2511"}],"wp:attachment":[{"href":"https:\/\/sites.uel.br\/estomatologia\/wp-json\/wp\/v2\/media?parent=1772"}],"curies":[{"name":"wp","href":"https:\/\/api.w.org\/{rel}","templated":true}]}}

<div style="height:15px" aria-hidden="true" class="wp-block-spacer"></div>



<hr class="wp-block-separator has-text-color has-cinza-claro-color has-alpha-channel-opacity has-cinza-claro-background-color has-background is-style-wide" />



<div style="height:25px" aria-hidden="true" class="wp-block-spacer"></div>



<h4 class="wp-block-heading has-text-color has-link-color wp-elements-fed43b898bd4b1515d131ed987b63227" style="color:#004422">Prof. Dr. Ademar Takahama Junior</h4>



<p class="has-cinza-color has-text-color has-link-color wp-elements-f24713f8565e07201b3729c9fe23bbb0" style="font-size:16px"><strong>Coordenador</strong></p>



<div style="height:10px" aria-hidden="true" class="wp-block-spacer"></div>



<p>Possui graduação em Odontologia pela Universidade Estadual de Campinas (2000), mestrado em Estomatopatologia pela Universidade Estadual de Campinas (2002) e doutorado em Estomatopatologia pela Universidade Estadual de Campinas (2008).</p>



<p style="font-size:16px"><strong>Lattes: <a href="http://lattes.cnpq.br/4261908533549454">http://lattes.cnpq.br/4261908533549454</a></strong></p>



<p style="font-size:16px"><strong>E-mail</strong>: <a href="mailto:ademartjr@uel.br"><strong>ademartjr@uel.br</strong></a></p>



<div style="height:10px" aria-hidden="true" class="wp-block-spacer"></div>



<hr class="wp-block-separator has-text-color has-cinza-claro-color has-alpha-channel-opacity has-cinza-claro-background-color has-background is-style-wide" />



<div style="height:25px" aria-hidden="true" class="wp-block-spacer"></div>



<h4 class="wp-block-heading has-text-color has-link-color wp-elements-093860754f943e3ecda081666e5a9164" style="color:#004422">Profa. Dra. Elisa Emi Tanaka Carloto</h4>



<p class="has-cinza-color has-text-color has-link-color wp-elements-8858391afed8c1d3cec8dfdcef461fc3" style="font-size:16px"><strong>Colaboradora</strong></p>



<div style="height:10px" aria-hidden="true" class="wp-block-spacer"></div>



<p>Graduada em Odontologia pela Universidade Estadual de Londrina (1991), mestrado em Diagnóstico Bucal &#8211; Radiologia pela Universidade de São Paulo (1996) e doutorado em Diagnóstico Bucal &#8211; Radiologia pela Universidade de São Paulo (2000).</p>



<p style="font-size:16px"><strong>Lattes: </strong><a href="http://lattes.cnpq.br/2645674570759111"><strong>http://lattes.cnpq.br/2645674570759111</strong></a></p>



<p style="font-size:16px"><strong>E-mail</strong>: <a href="mailto:ademartjr@uel.br"><strong>elisaemi@uel.br</strong></a></p>



<div style="height:10px" aria-hidden="true" class="wp-block-spacer"></div>



<hr class="wp-block-separator has-text-color has-cinza-claro-color has-alpha-channel-opacity has-cinza-claro-background-color has-background is-style-wide" />



<div style="height:25px" aria-hidden="true" class="wp-block-spacer"></div>



<h4 class="wp-block-heading is-style-default has-text-color has-link-color wp-elements-d64dad41513f5d7cbb66fcf33b32bb62" style="color:#004422">Profa. Dra. Evelise Ono</h4>



<p class="has-cinza-color has-text-color has-link-color wp-elements-7b3c960c41c90de5faeb3972670fbee8" style="font-size:16px"><strong>Colaboradora</strong></p>



<div style="height:15px" aria-hidden="true" class="wp-block-spacer"></div>



<p>Possui graduação em Odontologia pela Universidade Estadual de Londrina (2000), especialização em Radiologia Odontológica pela ABENO-SP, mestrado e doutorado em Biopatologia Bucal (Radiologia Odontológica) [S.J.Campos] pela Universidade Estadual Paulista Júlio de Mesquita Filho (2008).</p>



<p style="font-size:16px"><strong>Lattes: </strong><a href="http://lattes.cnpq.br/7950469423871515"><strong>http://lattes.cnpq.br/7950469423871515</strong></a></p>



<p style="font-size:16px"><strong>E-mail</strong>: <strong><a href="mailto:evelise.ono@uel.br">evelise.ono@uel.br</a></strong></p>



<div style="height:10px" aria-hidden="true" class="wp-block-spacer"></div>



<hr class="wp-block-separator has-text-color has-cinza-claro-color has-alpha-channel-opacity has-cinza-claro-background-color has-background is-style-wide" />



<div style="height:25px" aria-hidden="true" class="wp-block-spacer"></div>



<h4 class="wp-block-heading is-style-default has-text-color has-link-color wp-elements-efddb91e412d0beb361f295e7ae6c858" style="color:#004422">Prof. Dr. Fabio Augusto Ito</h4>



<p class="has-cinza-color has-text-color has-link-color wp-elements-62fd5072ba90dfcc55fa6ee3cae50ada" style="font-size:16px"><strong>Colaborador</strong></p>



<div style="height:10px" aria-hidden="true" class="wp-block-spacer"></div>



<p>Possui graduação em Odontologia pela Universidade Norte do Parana (2000), mestrado em Estomatopatologia pela Universidade Estadual de Campinas (2003) e doutorado em Estomatopatologia pela Universidade Estadual de Campinas (2006).</p>



<p style="font-size:16px"><strong>Lattes: </strong><a href="http://lattes.cnpq.br/5721398090818652"><strong>http://lattes.cnpq.br/5721398090818652</strong></a></p>



<p style="font-size:16px"><strong>E-mail: <a href="mailto:fabioaito@uel.br">fabioaito@uel.br</a></strong></p>



<div style="height:10px" aria-hidden="true" class="wp-block-spacer"></div>



<hr class="wp-block-separator has-text-color has-cinza-claro-color has-alpha-channel-opacity has-cinza-claro-background-color has-background is-style-wide" />



<div style="height:25px" aria-hidden="true" class="wp-block-spacer"></div>



<h4 class="wp-block-heading is-style-default has-text-color has-link-color wp-elements-038ea926d0e61f5ab0edf27de81ff698" style="color:#004422">Prof. Dr. Jefferson Luis Oshiro Tanaka</h4>



<p class="has-cinza-color has-text-color has-link-color wp-elements-62fd5072ba90dfcc55fa6ee3cae50ada" style="font-size:16px"><strong>Colaborador</strong></p>



<div style="height:10px" aria-hidden="true" class="wp-block-spacer"></div>



<p>Possui graduação em Odontologia pela Universidade Estadual de Londrina (2000), especialização em Radiologia Odontológica pela ABENO/SP (2002), especialização em Ortodontia e Ortopedia Facial pela Universidade Estadual de Londrina (2004), especialização em Implantodontia pela UNICSUL (2016), mestrado em Radiologia Odontológica (S.J.Campos) pela Universidade Estadual Paulista Júlio de Mesquita Filho (2006) e doutorado em Radiologia Odontológica (S.J.Campos) pela Universidade Estadual Paulista Júlio de Mesquita Filho (2008).</p>



<p style="font-size:16px"><strong>Lattes: </strong><a href="http://lattes.cnpq.br/0397390458851440"><strong>http://lattes.cnpq.br/0397390458851440</strong></a></p>



<p style="font-size:16px"><strong>E-mail: <a href="mailto:jefftanaka@uel.br">jefftanaka@uel.br</a></strong></p>



<div style="height:10px" aria-hidden="true" class="wp-block-spacer"></div>



<hr class="wp-block-separator has-text-color has-cinza-claro-color has-alpha-channel-opacity has-cinza-claro-background-color has-background is-style-wide" />

<p>Prof. Dr. Ademar Takahama Junior Coordenador Possui graduação em Odontologia pela Universidade Estadual de Campinas (2000), mestrado em Estomatopatologia pela Universidade Estadual de Campinas (2002) e doutorado em Estomatopatologia pela Universidade Estadual de Campinas (2008). Lattes: http://lattes.cnpq.br/4261908533549454 E-mail: ademartjr@uel.br Profa. Dra. Elisa Emi Tanaka Carloto Colaboradora Graduada em Odontologia pela Universidade Estadual de Londrina (1991), [&hellip;]</p>
