{"id":46,"date":"2024-04-13T23:28:47","date_gmt":"2024-04-14T02:28:47","guid":{"rendered":"https:\/\/sites.uel.br\/estagiar\/?page_id=46"},"modified":"2025-11-11T14:51:57","modified_gmt":"2025-11-11T17:51:57","slug":"normas-para-publicacao-do-artigo-completo-2","status":"publish","type":"page","link":"https:\/\/sites.uel.br\/estagiar\/normas-para-publicacao-do-artigo-completo-2\/","title":{"rendered":"Normas para elabora\u00e7\u00e3o de Artigos"},"content":{"rendered":"\n<p>Ser\u00e3o publicados anais dos trabalhos completos com ISSN em&nbsp;<a href=\"https:\/\/anais.uel.br\/portal\/index.php\/estagiar\">https:\/\/anais.uel.br\/portal\/index.php\/estagiar<\/a>.<\/p>\n\n\n\n<p>O ARTIGO COMPLETO dever\u00e1 abordar quest\u00f5es te\u00f3rico-pr\u00e1ticas referentes ao est\u00e1gio curricular obrigat\u00f3rio. <\/p>\n\n\n\n<p>A publica\u00e7\u00e3o do trabalho completo em anais do ESTAGIAR est\u00e1 condicionada \u00e0 inscri\u00e7\u00e3o e apresenta\u00e7\u00e3o do trabalho no evento pelo(s) autor(es).&nbsp;N\u00e3o ser\u00e1 publicado trabalho em coautoria se um ou mais autores n\u00e3o tiverem se inscrito\/apresentado o trabalho no evento.&nbsp;<\/p>\n\n\n\n<p>Envie(m) para o e-mail\u00a0<a href=\"mailto:estagio.letrasportugues@uel.br\">estagio.letrasportugues@uel.br<\/a> <strong>at\u00e9<\/strong> <strong><s>16\/11\/2025<\/s> 23\/11\/2025 (domingo)<\/strong>.\u00a0No campo &#8220;assunto&#8221;, escreva(m): ARTIGO_ESTAGIAR.<\/p>\n\n\n\n<h2 class=\"wp-block-heading\"><strong>1 Configura\u00e7\u00e3o das Margens<\/strong><\/h2>\n\n\n\n<p>Esquerda 3 cm, Direita 2 cm, Superior 3 cm e Inferior 2 cm.<\/p>\n\n\n\n<h2 class=\"wp-block-heading\"><strong>2 Espa\u00e7amentos entre Linhas<\/strong><\/h2>\n\n\n\n<p>1,5 cm, excetuando-se resumo\/palavras-chave, cita\u00e7\u00f5es com mais de tr\u00eas linhas, notas de rodap\u00e9, refer\u00eancias, legendas das ilustra\u00e7\u00f5es e das tabelas, que devem ser digitadas em espa\u00e7o simples.<\/p>\n\n\n\n<h2 class=\"wp-block-heading\"><strong>3 Escrita<\/strong><\/h2>\n\n\n\n<p>\u00b7&nbsp;Fonte Times New Roman, tamanho 12;<\/p>\n\n\n\n<p>\u00b7&nbsp;Papel no formato A4 [21 cm x 29,7 cm];<\/p>\n\n\n\n<p>\u00b7&nbsp;T\u00edtulo centralizado e em negrito, com todas as letras em caixa alta. Duas linhas abaixo, alinhado \u00e0 direita e sem negrito, o nome completo do(s) autor(es) com apenas a primeira letra em caixa alta, seguido da sigla UEL ou do nome da escola (no caso dos professores do campo de est\u00e1gio) entre par\u00eanteses;<br>\u00b7&nbsp;Em seguida, duas linhas abaixo, a palavra Resumo, em caixa alta e seguida de dois pontos; na sequ\u00eancia, o resumo em si, que deve conter at\u00e9 1.000 caracteres com espa\u00e7os. Duas linhas abaixo do Resumo, a express\u00e3o Palavras-Chave, tamb\u00e9m em caixa alta e seguida de dois pontos; devem ser inseridas 3 palavras-chave, separadas por ponto e v\u00edrgula.<\/p>\n\n\n\n<p>\u00b7&nbsp;In\u00edcio do texto duas linhas abaixo das Palavras-chave, com entrada de par\u00e1grafo 1,5;<br>\u00b7&nbsp;Caso o texto apresente se\u00e7\u00f5es, o t\u00edtulo dessas se\u00e7\u00f5es, em negrito e com a primeira letra em mai\u00fascula, deve ser precedido pelo indicativo num\u00e9rico (algarismo ar\u00e1bico), alinhado \u00e0 esquerda, separado por um espa\u00e7o de caractere;<\/p>\n\n\n\n<p>\u00b7&nbsp;Margem justificada para o corpo do trabalho e alinhamento esquerdo para as refer\u00eancias.<\/p>\n\n\n\n<h2 class=\"wp-block-heading\"><strong>4 Numera\u00e7\u00e3o das P\u00e1ginas<\/strong><\/h2>\n\n\n\n<p>A numera\u00e7\u00e3o deve figurar a partir da primeira folha, em algarismos ar\u00e1bicos, no canto inferior direito da p\u00e1gina.<\/p>\n\n\n\n<h2 class=\"wp-block-heading\"><strong>5 N\u00famero de P\u00e1ginas do Trabalho<\/strong><\/h2>\n\n\n\n<p>Os trabalhos devem ter entre 6 a 10 p\u00e1ginas. Anexos podem ser inseridos, mas obedecendo o limite m\u00e1ximo de p\u00e1ginas.<\/p>\n\n\n\n<h2 class=\"wp-block-heading\"><strong>6 Refer\u00eancias, Cita\u00e7\u00f5es e Ilustra\u00e7\u00f5es, dentre outras normas<\/strong><\/h2>\n\n\n\n<p>SISTEMA DE BIBLIOTECAS UEL. Divis\u00e3o de Refer\u00eancia. <em>ABNT<\/em>: manual de normaliza\u00e7\u00e3o de trabalhos acad\u00eamicos. Londrina, 2025. Dispon\u00edvel em: <a href=\"https:\/\/sites.uel.br\/bibliotecas\/wp-content\/uploads\/2025\/02\/ABNT-fev.-2025.pdf\">https:\/\/sites.uel.br\/bibliotecas\/wp-content\/uploads\/2025\/02\/ABNT-fev.-2025.pdf<\/a>.<\/p>\n","protected":false},"excerpt":{"rendered":"<p>Ser\u00e3o publicados anais dos trabalhos completos com ISSN em&nbsp;https:\/\/anais.uel.br\/portal\/index.php\/estagiar. O ARTIGO COMPLETO dever\u00e1 abordar quest\u00f5es te\u00f3rico-pr\u00e1ticas referentes ao est\u00e1gio curricular obrigat\u00f3rio. A publica\u00e7\u00e3o do trabalho completo em anais do ESTAGIAR est\u00e1 condicionada \u00e0 inscri\u00e7\u00e3o e apresenta\u00e7\u00e3o do trabalho no evento pelo(s) autor(es).&nbsp;N\u00e3o ser\u00e1 publicado trabalho em coautoria se um ou mais autores n\u00e3o tiverem se [&hellip;]<\/p>\n","protected":false},"author":7,"featured_media":0,"parent":0,"menu_order":0,"comment_status":"closed","ping_status":"closed","template":"","meta":{"_acf_changed":false,"_themeisle_gutenberg_block_has_review":false,"footnotes":""},"class_list":["post-46","page","type-page","status-publish","hentry"],"acf":[],"_links":{"self":[{"href":"https:\/\/sites.uel.br\/estagiar\/wp-json\/wp\/v2\/pages\/46","targetHints":{"allow":["GET"]}}],"collection":[{"href":"https:\/\/sites.uel.br\/estagiar\/wp-json\/wp\/v2\/pages"}],"about":[{"href":"https:\/\/sites.uel.br\/estagiar\/wp-json\/wp\/v2\/types\/page"}],"author":[{"embeddable":true,"href":"https:\/\/sites.uel.br\/estagiar\/wp-json\/wp\/v2\/users\/7"}],"replies":[{"embeddable":true,"href":"https:\/\/sites.uel.br\/estagiar\/wp-json\/wp\/v2\/comments?post=46"}],"version-history":[{"count":15,"href":"https:\/\/sites.uel.br\/estagiar\/wp-json\/wp\/v2\/pages\/46\/revisions"}],"predecessor-version":[{"id":420,"href":"https:\/\/sites.uel.br\/estagiar\/wp-json\/wp\/v2\/pages\/46\/revisions\/420"}],"wp:attachment":[{"href":"https:\/\/sites.uel.br\/estagiar\/wp-json\/wp\/v2\/media?parent=46"}],"curies":[{"name":"wp","href":"https:\/\/api.w.org\/{rel}","templated":true}]}}

Normas para elaboração de Artigos

<p>Serão publicados anais dos trabalhos completos com ISSN em&nbsp;<a href="https://anais.uel.br/portal/index.php/estagiar">https://anais.uel.br/portal/index.php/estagiar</a>.</p>



<p>O ARTIGO COMPLETO deverá abordar questões teórico-práticas referentes ao estágio curricular obrigatório. </p>



<p>A publicação do trabalho completo em anais do ESTAGIAR está condicionada à inscrição e apresentação do trabalho no evento pelo(s) autor(es).&nbsp;Não será publicado trabalho em coautoria se um ou mais autores não tiverem se inscrito/apresentado o trabalho no evento.&nbsp;</p>



<p>Envie(m) para o e-mail <a href="mailto:estagio.letrasportugues@uel.br">estagio.letrasportugues@uel.br</a> <strong>até</strong> <strong><s>16/11/2025</s> 23/11/2025 (domingo)</strong>. No campo &#8220;assunto&#8221;, escreva(m): ARTIGO_ESTAGIAR.</p>



<h2 class="wp-block-heading"><strong>1 Configuração das Margens</strong></h2>



<p>Esquerda 3 cm, Direita 2 cm, Superior 3 cm e Inferior 2 cm.</p>



<h2 class="wp-block-heading"><strong>2 Espaçamentos entre Linhas</strong></h2>



<p>1,5 cm, excetuando-se resumo/palavras-chave, citações com mais de três linhas, notas de rodapé, referências, legendas das ilustrações e das tabelas, que devem ser digitadas em espaço simples.</p>



<h2 class="wp-block-heading"><strong>3 Escrita</strong></h2>



<p>·&nbsp;Fonte Times New Roman, tamanho 12;</p>



<p>·&nbsp;Papel no formato A4 [21 cm x 29,7 cm];</p>



<p>·&nbsp;Título centralizado e em negrito, com todas as letras em caixa alta. Duas linhas abaixo, alinhado à direita e sem negrito, o nome completo do(s) autor(es) com apenas a primeira letra em caixa alta, seguido da sigla UEL ou do nome da escola (no caso dos professores do campo de estágio) entre parênteses;<br>·&nbsp;Em seguida, duas linhas abaixo, a palavra Resumo, em caixa alta e seguida de dois pontos; na sequência, o resumo em si, que deve conter até 1.000 caracteres com espaços. Duas linhas abaixo do Resumo, a expressão Palavras-Chave, também em caixa alta e seguida de dois pontos; devem ser inseridas 3 palavras-chave, separadas por ponto e vírgula.</p>



<p>·&nbsp;Início do texto duas linhas abaixo das Palavras-chave, com entrada de parágrafo 1,5;<br>·&nbsp;Caso o texto apresente seções, o título dessas seções, em negrito e com a primeira letra em maiúscula, deve ser precedido pelo indicativo numérico (algarismo arábico), alinhado à esquerda, separado por um espaço de caractere;</p>



<p>·&nbsp;Margem justificada para o corpo do trabalho e alinhamento esquerdo para as referências.</p>



<h2 class="wp-block-heading"><strong>4 Numeração das Páginas</strong></h2>



<p>A numeração deve figurar a partir da primeira folha, em algarismos arábicos, no canto inferior direito da página.</p>



<h2 class="wp-block-heading"><strong>5 Número de Páginas do Trabalho</strong></h2>



<p>Os trabalhos devem ter entre 6 a 10 páginas. Anexos podem ser inseridos, mas obedecendo o limite máximo de páginas.</p>



<h2 class="wp-block-heading"><strong>6 Referências, Citações e Ilustrações, dentre outras normas</strong></h2>



<p>SISTEMA DE BIBLIOTECAS UEL. Divisão de Referência. <em>ABNT</em>: manual de normalização de trabalhos acadêmicos. Londrina, 2025. Disponível em: <a href="https://sites.uel.br/bibliotecas/wp-content/uploads/2025/02/ABNT-fev.-2025.pdf">https://sites.uel.br/bibliotecas/wp-content/uploads/2025/02/ABNT-fev.-2025.pdf</a>.</p>

<p>Serão publicados anais dos trabalhos completos com ISSN em&nbsp;https://anais.uel.br/portal/index.php/estagiar. O ARTIGO COMPLETO deverá abordar questões teórico-práticas referentes ao estágio curricular obrigatório. A publicação do trabalho completo em anais do ESTAGIAR está condicionada à inscrição e apresentação do trabalho no evento pelo(s) autor(es).&nbsp;Não será publicado trabalho em coautoria se um ou mais autores não tiverem se [&hellip;]</p>
