{"id":441,"date":"2025-11-13T14:30:14","date_gmt":"2025-11-13T17:30:14","guid":{"rendered":"https:\/\/sites.uel.br\/estagiar\/?page_id=441"},"modified":"2025-11-13T14:30:14","modified_gmt":"2025-11-13T17:30:14","slug":"valores-de-inscricao","status":"publish","type":"page","link":"https:\/\/sites.uel.br\/estagiar\/valores-de-inscricao\/","title":{"rendered":"Valores de Inscri\u00e7\u00e3o"},"content":{"rendered":"\n<p>LINK para as inscri\u00e7\u00f5es:&nbsp;<a href=\"http:\/\/www.uel.br\/eventos\/sigec\/?id=10756\">http:\/\/www.uel.br\/eventos\/sigec\/?id=10756<\/a><br>VALORES:<br>\u2013 participantes com&nbsp;apresenta\u00e7\u00e3o de trabalho:&nbsp;<strong>R$ 40,00<\/strong>;&nbsp;<br>\u2013&nbsp;ouvintes:<strong>&nbsp;R$ 20,00<\/strong>.<\/p>\n\n\n\n<p>Para a efetiva\u00e7\u00e3o da inscri\u00e7\u00e3o, ser\u00e1 necess\u00e1rio o preenchimento dos dados e a gera\u00e7\u00e3o do&nbsp;boleto banc\u00e1rio&nbsp;para pagamento.<\/p>\n\n\n\n<p><\/p>\n","protected":false},"excerpt":{"rendered":"<p>LINK para as inscri\u00e7\u00f5es:&nbsp;http:\/\/www.uel.br\/eventos\/sigec\/?id=10756VALORES:\u2013 participantes com&nbsp;apresenta\u00e7\u00e3o de trabalho:&nbsp;R$ 40,00;&nbsp;\u2013&nbsp;ouvintes:&nbsp;R$ 20,00. Para a efetiva\u00e7\u00e3o da inscri\u00e7\u00e3o, ser\u00e1 necess\u00e1rio o preenchimento dos dados e a gera\u00e7\u00e3o do&nbsp;boleto banc\u00e1rio&nbsp;para pagamento.<\/p>\n","protected":false},"author":6,"featured_media":0,"parent":0,"menu_order":0,"comment_status":"closed","ping_status":"closed","template":"","meta":{"_acf_changed":false,"_themeisle_gutenberg_block_has_review":false,"footnotes":""},"class_list":["post-441","page","type-page","status-publish","hentry"],"acf":[],"_links":{"self":[{"href":"https:\/\/sites.uel.br\/estagiar\/wp-json\/wp\/v2\/pages\/441","targetHints":{"allow":["GET"]}}],"collection":[{"href":"https:\/\/sites.uel.br\/estagiar\/wp-json\/wp\/v2\/pages"}],"about":[{"href":"https:\/\/sites.uel.br\/estagiar\/wp-json\/wp\/v2\/types\/page"}],"author":[{"embeddable":true,"href":"https:\/\/sites.uel.br\/estagiar\/wp-json\/wp\/v2\/users\/6"}],"replies":[{"embeddable":true,"href":"https:\/\/sites.uel.br\/estagiar\/wp-json\/wp\/v2\/comments?post=441"}],"version-history":[{"count":1,"href":"https:\/\/sites.uel.br\/estagiar\/wp-json\/wp\/v2\/pages\/441\/revisions"}],"predecessor-version":[{"id":442,"href":"https:\/\/sites.uel.br\/estagiar\/wp-json\/wp\/v2\/pages\/441\/revisions\/442"}],"wp:attachment":[{"href":"https:\/\/sites.uel.br\/estagiar\/wp-json\/wp\/v2\/media?parent=441"}],"curies":[{"name":"wp","href":"https:\/\/api.w.org\/{rel}","templated":true}]}}