{"id":26,"date":"2024-04-13T23:20:56","date_gmt":"2024-04-14T02:20:56","guid":{"rendered":"https:\/\/sites.uel.br\/estagiar\/?page_id=26"},"modified":"2025-09-30T11:27:25","modified_gmt":"2025-09-30T14:27:25","slug":"modalidades-de-participacao-e-valores-de-inscricao","status":"publish","type":"page","link":"https:\/\/sites.uel.br\/estagiar\/modalidades-de-participacao-e-valores-de-inscricao\/","title":{"rendered":"Inscri\u00e7\u00f5es: modalidades, prazos, link e valores"},"content":{"rendered":"\n<h2 class=\"wp-block-heading\">Modalidades de Participa\u00e7\u00e3o com apresenta\u00e7\u00e3o de trabalho (comunica\u00e7\u00f5es):<\/h2>\n\n\n\n<p>(A)&nbsp;estagi\u00e1rios de Letras-Portugu\u00eas da UEL,<br>(B)&nbsp;egressos do ano letivo&nbsp;anterior de Letras-Portugu\u00eas da UEL,<br>(C) orientadores de est\u00e1gio&nbsp;de Letras-Portugu\u00eas da UEL&nbsp;e\/ou<br>(D) professores dos campos de est\u00e1gio vinculados ao NRE-Londrina.&nbsp;<br>ATEN\u00c7\u00c3O: Participantes com apresenta\u00e7\u00e3o de trabalho dever\u00e3o enviar o&nbsp;resumo&nbsp;no ato da inscri\u00e7\u00e3o.<br><strong>Demais participantes podem se inscrever na condi\u00e7\u00e3o de Ouvintes.&nbsp;&nbsp;<\/strong><\/p>\n\n\n\n<h2 class=\"wp-block-heading\"><strong>Prazos para inscri\u00e7\u00f5es:<\/strong><\/h2>\n\n\n\n<p>Apresentadores(as) de trabalho (comunica\u00e7\u00f5es): de 01\/10\/2025 a 15\/10\/2025<br>Ouvintes: de 01\/10\/2025 a 06\/11\/2025<\/p>\n\n\n\n<h2 class=\"wp-block-heading\"><strong><em>Link<\/em> e valores de inscri\u00e7\u00e3o: <\/strong><\/h2>\n\n\n\n<p>LINK para as inscri\u00e7\u00f5es:\u00a0<a href=\"http:\/\/www.uel.br\/eventos\/sigec\/?id=10756\">http:\/\/www.uel.br\/eventos\/sigec\/?id=10756<\/a><br>VALORES:<br>&#8211; participantes com\u00a0apresenta\u00e7\u00e3o de trabalho:\u00a0<strong>R$ 40,00<\/strong>;\u00a0<br>&#8211;\u00a0ouvintes:<strong>\u00a0R$ 20,00<\/strong>.<\/p>\n\n\n\n<p>Para a efetiva\u00e7\u00e3o da inscri\u00e7\u00e3o, ser\u00e1 necess\u00e1rio o preenchimento dos dados e a gera\u00e7\u00e3o do&nbsp;boleto banc\u00e1rio&nbsp;para pagamento.<\/p>\n","protected":false},"excerpt":{"rendered":"<p>Modalidades de Participa\u00e7\u00e3o com apresenta\u00e7\u00e3o de trabalho (comunica\u00e7\u00f5es): (A)&nbsp;estagi\u00e1rios de Letras-Portugu\u00eas da UEL,(B)&nbsp;egressos do ano letivo&nbsp;anterior de Letras-Portugu\u00eas da UEL,(C) orientadores de est\u00e1gio&nbsp;de Letras-Portugu\u00eas da UEL&nbsp;e\/ou(D) professores dos campos de est\u00e1gio vinculados ao NRE-Londrina.&nbsp;ATEN\u00c7\u00c3O: Participantes com apresenta\u00e7\u00e3o de trabalho dever\u00e3o enviar o&nbsp;resumo&nbsp;no ato da inscri\u00e7\u00e3o.Demais participantes podem se inscrever na condi\u00e7\u00e3o de Ouvintes.&nbsp;&nbsp; Prazos para [&hellip;]<\/p>\n","protected":false},"author":7,"featured_media":0,"parent":0,"menu_order":0,"comment_status":"closed","ping_status":"closed","template":"","meta":{"_acf_changed":false,"_themeisle_gutenberg_block_has_review":false,"footnotes":""},"class_list":["post-26","page","type-page","status-publish","hentry"],"acf":[],"_links":{"self":[{"href":"https:\/\/sites.uel.br\/estagiar\/wp-json\/wp\/v2\/pages\/26","targetHints":{"allow":["GET"]}}],"collection":[{"href":"https:\/\/sites.uel.br\/estagiar\/wp-json\/wp\/v2\/pages"}],"about":[{"href":"https:\/\/sites.uel.br\/estagiar\/wp-json\/wp\/v2\/types\/page"}],"author":[{"embeddable":true,"href":"https:\/\/sites.uel.br\/estagiar\/wp-json\/wp\/v2\/users\/7"}],"replies":[{"embeddable":true,"href":"https:\/\/sites.uel.br\/estagiar\/wp-json\/wp\/v2\/comments?post=26"}],"version-history":[{"count":16,"href":"https:\/\/sites.uel.br\/estagiar\/wp-json\/wp\/v2\/pages\/26\/revisions"}],"predecessor-version":[{"id":392,"href":"https:\/\/sites.uel.br\/estagiar\/wp-json\/wp\/v2\/pages\/26\/revisions\/392"}],"wp:attachment":[{"href":"https:\/\/sites.uel.br\/estagiar\/wp-json\/wp\/v2\/media?parent=26"}],"curies":[{"name":"wp","href":"https:\/\/api.w.org\/{rel}","templated":true}]}}