{"id":25,"date":"2024-04-13T23:20:56","date_gmt":"2024-04-14T02:20:56","guid":{"rendered":"https:\/\/sites.uel.br\/estagiar\/?page_id=25"},"modified":"2024-04-14T23:03:25","modified_gmt":"2024-04-15T02:03:25","slug":"objetivos-e-publico-alvo","status":"publish","type":"page","link":"https:\/\/sites.uel.br\/estagiar\/objetivos-e-publico-alvo\/","title":{"rendered":"Objetivos e P\u00fablico-Alvo"},"content":{"rendered":"\n<h2 class=\"wp-block-heading\">OBJETIVOS:<\/h2>\n\n\n\n<p>&#8211; discutir sobre as pr\u00e1ticas de est\u00e1gio de l\u00edngua portuguesa e literaturas de l\u00edngua portuguesa;<br>&#8211; divulgar metodologias no \u00e2mbito do ensino-aprendizagem de l\u00edngua portuguesa e literaturas de l\u00edngua portuguesa;<br>&#8211; desenvolver um olhar cr\u00edtico do estagi\u00e1rio de Letras\/Portugu\u00eas em rela\u00e7\u00e3o \u00e0 sua pr\u00e1tica docente e ao papel da escola;<br>&#8211; fortalecer os la\u00e7os com a coordena\u00e7\u00e3o de L\u00edngua Portuguesa do NRE-Londrina e os campos de est\u00e1gio.\u00a0<\/p>\n\n\n\n<h2 class=\"wp-block-heading\">P\u00daBLICO-ALVO:<\/h2>\n\n\n\n<p>A) alunos de est\u00e1gio da gradua\u00e7\u00e3o Letras\/Portugu\u00eas da UEL;<br>B) egressos do ano letivo anterior da gradua\u00e7\u00e3o Letras\/Portugu\u00eas da UEL;<br>C) professores de L\u00edngua Portuguesa e Literaturas de L\u00edngua Portuguesa dos campos de est\u00e1gio vinculados ao NRE-Londrina;<br>D) pesquisadores da UEL que trabalhem com o tema \u201cest\u00e1gio de l\u00edngua portuguesa e\/ou literatura\u201d;<br>E) alunos, professores e\/ou pesquisadores na \u00e1rea de Letras de outras IES;<br>F) demais interessados.<\/p>\n","protected":false},"excerpt":{"rendered":"<p>OBJETIVOS: &#8211; discutir sobre as pr\u00e1ticas de est\u00e1gio de l\u00edngua portuguesa e literaturas de l\u00edngua portuguesa;&#8211; divulgar metodologias no \u00e2mbito do ensino-aprendizagem de l\u00edngua portuguesa e literaturas de l\u00edngua portuguesa;&#8211; desenvolver um olhar cr\u00edtico do estagi\u00e1rio de Letras\/Portugu\u00eas em rela\u00e7\u00e3o \u00e0 sua pr\u00e1tica docente e ao papel da escola;&#8211; fortalecer os la\u00e7os com a coordena\u00e7\u00e3o [&hellip;]<\/p>\n","protected":false},"author":7,"featured_media":0,"parent":0,"menu_order":0,"comment_status":"closed","ping_status":"closed","template":"","meta":{"_acf_changed":false,"_themeisle_gutenberg_block_has_review":false,"footnotes":""},"class_list":["post-25","page","type-page","status-publish","hentry"],"acf":[],"_links":{"self":[{"href":"https:\/\/sites.uel.br\/estagiar\/wp-json\/wp\/v2\/pages\/25","targetHints":{"allow":["GET"]}}],"collection":[{"href":"https:\/\/sites.uel.br\/estagiar\/wp-json\/wp\/v2\/pages"}],"about":[{"href":"https:\/\/sites.uel.br\/estagiar\/wp-json\/wp\/v2\/types\/page"}],"author":[{"embeddable":true,"href":"https:\/\/sites.uel.br\/estagiar\/wp-json\/wp\/v2\/users\/7"}],"replies":[{"embeddable":true,"href":"https:\/\/sites.uel.br\/estagiar\/wp-json\/wp\/v2\/comments?post=25"}],"version-history":[{"count":2,"href":"https:\/\/sites.uel.br\/estagiar\/wp-json\/wp\/v2\/pages\/25\/revisions"}],"predecessor-version":[{"id":159,"href":"https:\/\/sites.uel.br\/estagiar\/wp-json\/wp\/v2\/pages\/25\/revisions\/159"}],"wp:attachment":[{"href":"https:\/\/sites.uel.br\/estagiar\/wp-json\/wp\/v2\/media?parent=25"}],"curies":[{"name":"wp","href":"https:\/\/api.w.org\/{rel}","templated":true}]}}

Objetivos e Público-Alvo

<h2 class="wp-block-heading">OBJETIVOS:</h2>



<p>&#8211; discutir sobre as práticas de estágio de língua portuguesa e literaturas de língua portuguesa;<br>&#8211; divulgar metodologias no âmbito do ensino-aprendizagem de língua portuguesa e literaturas de língua portuguesa;<br>&#8211; desenvolver um olhar crítico do estagiário de Letras/Português em relação à sua prática docente e ao papel da escola;<br>&#8211; fortalecer os laços com a coordenação de Língua Portuguesa do NRE-Londrina e os campos de estágio. </p>



<h2 class="wp-block-heading">PÚBLICO-ALVO:</h2>



<p>A) alunos de estágio da graduação Letras/Português da UEL;<br>B) egressos do ano letivo anterior da graduação Letras/Português da UEL;<br>C) professores de Língua Portuguesa e Literaturas de Língua Portuguesa dos campos de estágio vinculados ao NRE-Londrina;<br>D) pesquisadores da UEL que trabalhem com o tema “estágio de língua portuguesa e/ou literatura”;<br>E) alunos, professores e/ou pesquisadores na área de Letras de outras IES;<br>F) demais interessados.</p>

<p>OBJETIVOS: &#8211; discutir sobre as práticas de estágio de língua portuguesa e literaturas de língua portuguesa;&#8211; divulgar metodologias no âmbito do ensino-aprendizagem de língua portuguesa e literaturas de língua portuguesa;&#8211; desenvolver um olhar crítico do estagiário de Letras/Português em relação à sua prática docente e ao papel da escola;&#8211; fortalecer os laços com a coordenação [&hellip;]</p>
