{"id":22,"date":"2024-04-13T23:20:56","date_gmt":"2024-04-14T02:20:56","guid":{"rendered":"https:\/\/sites.uel.br\/estagiar\/?page_id=22"},"modified":"2025-11-13T14:10:53","modified_gmt":"2025-11-13T17:10:53","slug":"apresentacao","status":"publish","type":"page","link":"https:\/\/sites.uel.br\/estagiar\/","title":{"rendered":"Sobre o evento"},"content":{"rendered":"\n<p>O Departamento de Letras Vern\u00e1culas e Cl\u00e1ssicas, Colegiado do Curso de Letras-Portugu\u00eas e \u00c1rea de Metodologia e Pr\u00e1tica de Ensino da Universidade Estadual de Londrina t\u00eam a satisfa\u00e7\u00e3o de anunciar a realiza\u00e7\u00e3o do 8\u00ba ESTAGIAR &#8211; Encontro do Est\u00e1gio de L\u00edngua Portuguesa e Literaturas de L\u00edngua Portuguesa,&nbsp;<strong>de 5 a 7 de novembro de 2025<\/strong>, no CLCH &#8211; Centro de Letras e Ci\u00eancias Humanas.<\/p>\n\n\n\n<p>O evento conta com o apoio da PROEX &#8211; Pr\u00f3-Reitoria de Extens\u00e3o, Cultura e Sociedade, Grupo de Pesquisa FELIP &#8211; Forma\u00e7\u00e3o e Ensino em L\u00edngua Portuguesa e N\u00facleo Regional de Educa\u00e7\u00e3o de Londrina. Al\u00e9m disso, tem a parceria do PPGEL &#8211; Programa de P\u00f3s-Gradua\u00e7\u00e3o em Estudos da Linguagem.<\/p>\n\n\n\n<p>O 8\u00ba ESTAGIAR ser\u00e1 constitu\u00eddo por palestra, mesa-redonda e comunica\u00e7\u00f5es.&nbsp;<\/p>\n","protected":false},"excerpt":{"rendered":"<p>O Departamento de Letras Vern\u00e1culas e Cl\u00e1ssicas, Colegiado do Curso de Letras-Portugu\u00eas e \u00c1rea de Metodologia e Pr\u00e1tica de Ensino da Universidade Estadual de Londrina t\u00eam a satisfa\u00e7\u00e3o de anunciar a realiza\u00e7\u00e3o do 8\u00ba ESTAGIAR &#8211; Encontro do Est\u00e1gio de L\u00edngua Portuguesa e Literaturas de L\u00edngua Portuguesa,&nbsp;de 5 a 7 de novembro de 2025, no [&hellip;]<\/p>\n","protected":false},"author":7,"featured_media":0,"parent":0,"menu_order":0,"comment_status":"closed","ping_status":"closed","template":"template-pages\/template-evento.php","meta":{"_acf_changed":false,"_themeisle_gutenberg_block_has_review":false,"footnotes":""},"class_list":["post-22","page","type-page","status-publish","hentry"],"acf":[],"_links":{"self":[{"href":"https:\/\/sites.uel.br\/estagiar\/wp-json\/wp\/v2\/pages\/22","targetHints":{"allow":["GET"]}}],"collection":[{"href":"https:\/\/sites.uel.br\/estagiar\/wp-json\/wp\/v2\/pages"}],"about":[{"href":"https:\/\/sites.uel.br\/estagiar\/wp-json\/wp\/v2\/types\/page"}],"author":[{"embeddable":true,"href":"https:\/\/sites.uel.br\/estagiar\/wp-json\/wp\/v2\/users\/7"}],"replies":[{"embeddable":true,"href":"https:\/\/sites.uel.br\/estagiar\/wp-json\/wp\/v2\/comments?post=22"}],"version-history":[{"count":12,"href":"https:\/\/sites.uel.br\/estagiar\/wp-json\/wp\/v2\/pages\/22\/revisions"}],"predecessor-version":[{"id":429,"href":"https:\/\/sites.uel.br\/estagiar\/wp-json\/wp\/v2\/pages\/22\/revisions\/429"}],"wp:attachment":[{"href":"https:\/\/sites.uel.br\/estagiar\/wp-json\/wp\/v2\/media?parent=22"}],"curies":[{"name":"wp","href":"https:\/\/api.w.org\/{rel}","templated":true}]}}

<p>O Departamento de Letras Vernáculas e Clássicas, Colegiado do Curso de Letras-Português e Área de Metodologia e Prática de Ensino da Universidade Estadual de Londrina têm a satisfação de anunciar a realização do 8º ESTAGIAR &#8211; Encontro do Estágio de Língua Portuguesa e Literaturas de Língua Portuguesa,&nbsp;<strong>de 5 a 7 de novembro de 2025</strong>, no CLCH &#8211; Centro de Letras e Ciências Humanas.</p>



<p>O evento conta com o apoio da PROEX &#8211; Pró-Reitoria de Extensão, Cultura e Sociedade, Grupo de Pesquisa FELIP &#8211; Formação e Ensino em Língua Portuguesa e Núcleo Regional de Educação de Londrina. Além disso, tem a parceria do PPGEL &#8211; Programa de Pós-Graduação em Estudos da Linguagem.</p>



<p>O 8º ESTAGIAR será constituído por palestra, mesa-redonda e comunicações.&nbsp;</p>

<p>O Departamento de Letras Vernáculas e Clássicas, Colegiado do Curso de Letras-Português e Área de Metodologia e Prática de Ensino da Universidade Estadual de Londrina têm a satisfação de anunciar a realização do 8º ESTAGIAR &#8211; Encontro do Estágio de Língua Portuguesa e Literaturas de Língua Portuguesa,&nbsp;de 5 a 7 de novembro de 2025, no [&hellip;]</p>
