{"id":106,"date":"2024-04-14T21:26:53","date_gmt":"2024-04-15T00:26:53","guid":{"rendered":"https:\/\/sites.uel.br\/estagiar\/?page_id=106"},"modified":"2025-10-01T19:01:35","modified_gmt":"2025-10-01T22:01:35","slug":"comissao-organizadora","status":"publish","type":"page","link":"https:\/\/sites.uel.br\/estagiar\/comissao-organizadora\/","title":{"rendered":"Comiss\u00e3o Organizadora e Comiss\u00e3o Cient\u00edfica"},"content":{"rendered":"\n<h2 class=\"wp-block-heading\">Comiss\u00e3o Organizadora<\/h2>\n\n\n\n<p>Prof. N\u00fabio Delanne Ferraz Mafra (Coordenador)<br>Profa. Paula Baracat De Grande (Vice-Coordenadora)<\/p>\n\n\n\n<h2 class=\"wp-block-heading\">Comiss\u00e3o Cient\u00edfica<\/h2>\n\n\n\n<p>Prof.&nbsp;Alexandre Vilas Boas da Silva<br>Profa.&nbsp;Andr\u00e9ia da Cunha Malheiros Santana<br>Profa. Andressa&nbsp;Aparecida&nbsp;Lopes<br>Profa. Cl\u00e1udia de Faria Barbeta<br>Prof. Cl\u00e1udio de Assis da Cunha<br>Profa. Cleia da Rocha<br>Prof. Eduardo Prazeres dos Santos<br>Profa. Franciela Silva Zamarian<br>Profa. Marcieli&nbsp;Cristina&nbsp;Coelho<br>Profa. Sheila Oliveira Lima<br>Prof. Vladimir Moreira<\/p>\n","protected":false},"excerpt":{"rendered":"<p>Comiss\u00e3o Organizadora Prof. N\u00fabio Delanne Ferraz Mafra (Coordenador)Profa. Paula Baracat De Grande (Vice-Coordenadora) Comiss\u00e3o Cient\u00edfica Prof.&nbsp;Alexandre Vilas Boas da SilvaProfa.&nbsp;Andr\u00e9ia da Cunha Malheiros SantanaProfa. Andressa&nbsp;Aparecida&nbsp;LopesProfa. Cl\u00e1udia de Faria BarbetaProf. Cl\u00e1udio de Assis da CunhaProfa. Cleia da RochaProf. Eduardo Prazeres dos SantosProfa. Franciela Silva ZamarianProfa. Marcieli&nbsp;Cristina&nbsp;CoelhoProfa. Sheila Oliveira LimaProf. Vladimir Moreira<\/p>\n","protected":false},"author":7,"featured_media":0,"parent":0,"menu_order":0,"comment_status":"closed","ping_status":"closed","template":"","meta":{"_acf_changed":false,"_themeisle_gutenberg_block_has_review":false,"footnotes":""},"class_list":["post-106","page","type-page","status-publish","hentry"],"acf":[],"_links":{"self":[{"href":"https:\/\/sites.uel.br\/estagiar\/wp-json\/wp\/v2\/pages\/106","targetHints":{"allow":["GET"]}}],"collection":[{"href":"https:\/\/sites.uel.br\/estagiar\/wp-json\/wp\/v2\/pages"}],"about":[{"href":"https:\/\/sites.uel.br\/estagiar\/wp-json\/wp\/v2\/types\/page"}],"author":[{"embeddable":true,"href":"https:\/\/sites.uel.br\/estagiar\/wp-json\/wp\/v2\/users\/7"}],"replies":[{"embeddable":true,"href":"https:\/\/sites.uel.br\/estagiar\/wp-json\/wp\/v2\/comments?post=106"}],"version-history":[{"count":13,"href":"https:\/\/sites.uel.br\/estagiar\/wp-json\/wp\/v2\/pages\/106\/revisions"}],"predecessor-version":[{"id":404,"href":"https:\/\/sites.uel.br\/estagiar\/wp-json\/wp\/v2\/pages\/106\/revisions\/404"}],"wp:attachment":[{"href":"https:\/\/sites.uel.br\/estagiar\/wp-json\/wp\/v2\/media?parent=106"}],"curies":[{"name":"wp","href":"https:\/\/api.w.org\/{rel}","templated":true}]}}