{"id":604,"date":"2022-10-06T15:54:55","date_gmt":"2022-10-06T18:54:55","guid":{"rendered":"https:\/\/sites.uel.br\/eprotocolo\/?page_id=604"},"modified":"2026-03-19T10:48:13","modified_gmt":"2026-03-19T13:48:13","slug":"novo-processo-docentes-agentes","status":"publish","type":"page","link":"https:\/\/sites.uel.br\/eprotocolo\/novo-processo-docentes-agentes\/","title":{"rendered":"Incluir novo processo &#8211; Docentes e agentes universit\u00e1rios"},"content":{"rendered":"\n<hr class=\"wp-block-separator has-alpha-channel-opacity is-style-wide\"\/>\n\n\n\n<div style=\"height:50px\" aria-hidden=\"true\" class=\"wp-block-spacer\"><\/div>\n\n\n\n<h4 class=\"wp-block-heading\">Tutorial para abertura de processo<\/h4>\n\n\n\n<div style=\"height:103px\" aria-hidden=\"true\" class=\"wp-block-spacer\"><\/div>\n\n\n\n<p><strong>1 &#8211; Acessar o Sistema eProtocolo e iniciar a inclus\u00e3o do processo, conforme segue:<\/strong><br>MENU > Protocolo Geral > Incluir Protocolo<\/p>\n\n\n\n<figure class=\"wp-block-image size-large is-resized\"><img loading=\"lazy\" decoding=\"async\" width=\"1024\" height=\"460\" src=\"https:\/\/sites.uel.br\/eprotocolo\/wp-content\/uploads\/2026\/03\/image-1024x460.png\" alt=\"\" class=\"wp-image-699\" style=\"aspect-ratio:2.2261659686235538;width:1009px;height:auto\" srcset=\"https:\/\/sites.uel.br\/eprotocolo\/wp-content\/uploads\/2026\/03\/image-1024x460.png 1024w, https:\/\/sites.uel.br\/eprotocolo\/wp-content\/uploads\/2026\/03\/image-300x135.png 300w, https:\/\/sites.uel.br\/eprotocolo\/wp-content\/uploads\/2026\/03\/image-768x345.png 768w, https:\/\/sites.uel.br\/eprotocolo\/wp-content\/uploads\/2026\/03\/image-1536x690.png 1536w, https:\/\/sites.uel.br\/eprotocolo\/wp-content\/uploads\/2026\/03\/image.png 1600w\" sizes=\"auto, (max-width: 1024px) 100vw, 1024px\" \/><\/figure>\n\n\n\n<div class=\"wp-block-group\"><div class=\"wp-block-group__inner-container is-layout-constrained wp-block-group-is-layout-constrained\">\n<div style=\"height:15px\" aria-hidden=\"true\" class=\"wp-block-spacer\"><\/div>\n<\/div><\/div>\n\n\n\n<p><strong>2 \u2013 Preencher os campos obrigat\u00f3rios que s\u00e3o marcados com o (*):<\/strong><br>ATEN\u00c7\u00c3O: Selecionar as op\u00e7\u00f5es nas listas, de acordo com cada solicita\u00e7\u00e3o.<\/p>\n\n\n\n<p><strong>Tipo do Processo:<\/strong>&nbsp;Digital;<\/p>\n\n\n\n<p><strong>\u00d3rg\u00e3o de Cadastro:<\/strong>&nbsp;UEL \u2013 Universidade Estadual de Londrina;<\/p>\n\n\n\n<p><strong>Local de Cadastro:&nbsp;<\/strong>Preenchimento autom\u00e1tico de acordo com a lota\u00e7\u00e3o do requerente, servidores vinculados em mais de um local tem a op\u00e7\u00e3o de selecionar em qual deles deseja fazer a abertura do processo;<\/p>\n\n\n\n<p><strong>Esp\u00e9cie de Documento:&nbsp;<\/strong>Refere-se ao documento que ir\u00e1 iniciar o processo. Exemplo: of\u00edcio, formul\u00e1rio, requerimento, carta, etc.;<\/p>\n\n\n\n<p><strong>Restri\u00e7\u00e3o de Acesso:&nbsp;<\/strong><\/p>\n\n\n\n<ul class=\"wp-block-list\">\n<li><strong>Restrito:\u00a0 <\/strong>acesso \u00e0s pessoas vinculadas aos locais pelo quais o processo tramitar, <strong>\u00e9 o mais recomendado<\/strong>;<strong>\u00a0<\/strong><\/li>\n\n\n\n<li><strong>Sigiloso: <\/strong>acesso exclusivo \u00e0s pessoas autorizadas, utilizado apenas para processos de sindic\u00e2ncia, disciplinares e judiciais. Progress\u00e3o de N\u00edvel, Est\u00e1gio, Relat\u00f3rios e outros, n\u00e3o devem ser sigilosos, pois causam dificuldades no acesso \u00e0s informa\u00e7\u00f5es gerando atraso \u00e0s tramita\u00e7\u00f5es e despachos;<\/li>\n<\/ul>\n\n\n\n<p><strong>Assunto:<\/strong>&nbsp;Escolher a op\u00e7\u00e3o de acordo com a solicita\u00e7\u00e3o do processo. Ex:&nbsp; \u00c1rea de Ensino, Recursos Humanos, Or\u00e7amento e Finan\u00e7as, Obras e outros;<\/p>\n\n\n\n<p><strong>Palavra-Chave:&nbsp;<\/strong>Escolher uma ou duas palavras-chave, relacionadas com o assunto do processo indicado anteriormente;<\/p>\n\n\n\n<figure class=\"wp-block-table\"><table class=\"has-fixed-layout\"><tbody><tr><td><strong>Para facilitar, fazer download da lista de palavras chaves e deixar sempre dispon\u00edvel para o procedimento de inclus\u00e3o de processos:<\/strong><br><a href=\"https:\/\/sites.uel.br\/eprotocolo\/wp-content\/uploads\/2022\/10\/2022-22805-1-LISTA-DE-PALAVRAS-CHAVE.pdf\"><strong>https:\/\/sites.uel.br\/eprotocolo\/wp-content\/uploads\/2022\/10\/2022-22805-1-LISTA-DE-PALAVRAS-CHAVE.pdf<\/strong><\/a><\/td><\/tr><\/tbody><\/table><\/figure>\n\n\n\n<p><strong>Classifica\u00e7\u00e3o do Arquivamento: <\/strong>Informar o C\u00f3digo de Classifica\u00e7\u00e3o de Documentos, <strong>n\u00e3o \u00e9 obrigat\u00f3rio<\/strong>;<\/p>\n\n\n\n<div style=\"height:169px\" aria-hidden=\"true\" class=\"wp-block-spacer\"><\/div>\n\n\n\n<figure class=\"wp-block-image size-large\"><img loading=\"lazy\" decoding=\"async\" width=\"1024\" height=\"440\" src=\"https:\/\/sites.uel.br\/eprotocolo\/wp-content\/uploads\/2026\/03\/image-1-1024x440.png\" alt=\"\" class=\"wp-image-700\" srcset=\"https:\/\/sites.uel.br\/eprotocolo\/wp-content\/uploads\/2026\/03\/image-1-1024x440.png 1024w, https:\/\/sites.uel.br\/eprotocolo\/wp-content\/uploads\/2026\/03\/image-1-300x129.png 300w, https:\/\/sites.uel.br\/eprotocolo\/wp-content\/uploads\/2026\/03\/image-1-768x330.png 768w, https:\/\/sites.uel.br\/eprotocolo\/wp-content\/uploads\/2026\/03\/image-1.png 1290w\" sizes=\"auto, (max-width: 1024px) 100vw, 1024px\" \/><\/figure>\n\n\n\n<p><strong>Proposta de Decretos Normativos:&nbsp;<\/strong>N\u00e3o;<\/p>\n\n\n\n<p><strong>Cidade\/Estado:&nbsp;<\/strong>Informar a cidade que reside;<\/p>\n\n\n\n<p><strong>Protocolo abrangido por prioridade legal:<\/strong>\u00a0Quando o requerente tem prioridade legal (Ex: idoso, portador de defici\u00eancia ou doen\u00e7a grave);<\/p>\n\n\n\n<p><strong>Descri\u00e7\u00e3o do protocolo:<\/strong> Informar um t\u00edtulo com uma breve descri\u00e7\u00e3o do assunto, constar\u00e1 na capa do processo (n\u00e3o inclua dados pessoais: ex: CPF, telefone e endere\u00e7o);<br><\/p>\n\n\n\n<div style=\"height:50px\" aria-hidden=\"true\" class=\"wp-block-spacer\"><\/div>\n\n\n\n<div style=\"height:100px\" aria-hidden=\"true\" class=\"wp-block-spacer\"><\/div>\n\n\n\n<p><strong>3 \u2013 <strong>Preencher com as informa\u00e7\u00f5es do requerente do processo:<\/strong><\/strong><\/p>\n\n\n\n<figure class=\"wp-block-image size-large\"><img loading=\"lazy\" decoding=\"async\" width=\"1024\" height=\"428\" src=\"https:\/\/sites.uel.br\/eprotocolo\/wp-content\/uploads\/2026\/03\/image-2-1024x428.png\" alt=\"\" class=\"wp-image-701\" srcset=\"https:\/\/sites.uel.br\/eprotocolo\/wp-content\/uploads\/2026\/03\/image-2-1024x428.png 1024w, https:\/\/sites.uel.br\/eprotocolo\/wp-content\/uploads\/2026\/03\/image-2-300x125.png 300w, https:\/\/sites.uel.br\/eprotocolo\/wp-content\/uploads\/2026\/03\/image-2-768x321.png 768w, https:\/\/sites.uel.br\/eprotocolo\/wp-content\/uploads\/2026\/03\/image-2.png 1415w\" sizes=\"auto, (max-width: 1024px) 100vw, 1024px\" \/><\/figure>\n\n\n\n<div style=\"height:30px\" aria-hidden=\"true\" class=\"wp-block-spacer\"><\/div>\n\n\n\n<p><strong>Interessado:<\/strong>&nbsp;op\u00e7\u00e3o 1 (N\u00e3o Autoridade);<\/p>\n\n\n\n<p><strong>Tipo do interessado:<\/strong>\u00a0Identificar o tipo do requerente de acordo com a solicita\u00e7\u00e3o. Pode ser: servidor, professor, aluno, departamento, divis\u00e3o, etc.;<\/p>\n\n\n\n<p><strong>Exemplos de interessados e seus assuntos:<\/strong><\/p>\n\n\n\n<ul class=\"wp-block-list\">\n<li><strong>Servidor, professor:<\/strong> progress\u00e3o\/promo\u00e7\u00e3o\/ascens\u00e3o, licen\u00e7a, di\u00e1ria, insalubridade, inclus\u00e3o em projetos, declara\u00e7\u00e3o, etc.<\/li>\n\n\n\n<li><strong>\u00d3rg\u00e3os, departamentos, divis\u00f5es, colegiados:<\/strong> of\u00edcio, designa\u00e7\u00e3o\/dispensa de cargo, contrata\u00e7\u00e3o de docente, presta\u00e7\u00e3o de servi\u00e7o, etc.;<\/li>\n<\/ul>\n\n\n\n<p><strong>Tipo de Identifica\u00e7\u00e3o:<\/strong>\u00a0N\u00e3o \u00e9 campo obrigat\u00f3rio, no entanto, se informar o CPF\/CNPJ pode facilitar para buscas e consultas aos processos;<\/p>\n\n\n\n<p><strong>N\u00famero da identifica\u00e7\u00e3o:<\/strong>&nbsp;Informar o n\u00famero do CPF ou CNPJ, quando houver;<\/p>\n\n\n\n<p><strong>Nome Completo:<\/strong>\u00a0Informar o nome completo do interessado e a sigla, quando for o caso. Ex: Universidade Estadual de Londrina \u2013 UEL;<\/p>\n\n\n\n<p><strong>Clicar no bot\u00e3o \u201cIncluir Interessado\u201d<\/strong>:<br>\u00c9 poss\u00edvel incluir mais de um interessado, basta seguir as orienta\u00e7\u00f5es para cada um deles, e os nomes aparecer\u00e3o na lista de \u201cInteressados inclu\u00eddos no processo\u201d.<\/p>\n\n\n\n<div style=\"height:50px\" aria-hidden=\"true\" class=\"wp-block-spacer\"><\/div>\n\n\n\n<div style=\"height:100px\" aria-hidden=\"true\" class=\"wp-block-spacer\"><\/div>\n\n\n\n<p><strong>4 \u2013 <strong>Dados do Requerente:<\/strong><\/strong><\/p>\n\n\n\n<figure class=\"wp-block-image size-large\"><img loading=\"lazy\" decoding=\"async\" width=\"1024\" height=\"334\" src=\"https:\/\/sites.uel.br\/eprotocolo\/wp-content\/uploads\/2026\/03\/image-3-1024x334.png\" alt=\"\" class=\"wp-image-702\" srcset=\"https:\/\/sites.uel.br\/eprotocolo\/wp-content\/uploads\/2026\/03\/image-3-1024x334.png 1024w, https:\/\/sites.uel.br\/eprotocolo\/wp-content\/uploads\/2026\/03\/image-3-300x98.png 300w, https:\/\/sites.uel.br\/eprotocolo\/wp-content\/uploads\/2026\/03\/image-3-768x250.png 768w, https:\/\/sites.uel.br\/eprotocolo\/wp-content\/uploads\/2026\/03\/image-3.png 1415w\" sizes=\"auto, (max-width: 1024px) 100vw, 1024px\" \/><\/figure>\n\n\n\n<div style=\"height:30px\" aria-hidden=\"true\" class=\"wp-block-spacer\"><\/div>\n\n\n\n<p><strong>Nome:&nbsp;<\/strong>Informar o nome de quem ir\u00e1 acompanhar os tr\u00e2mites do processo;<\/p>\n\n\n\n<p><strong>E-mail:&nbsp;<\/strong>Informar o e-mail que receber\u00e1 o comprovante de abertura do processo e demais notifica\u00e7\u00f5es;<\/p>\n\n\n\n<p><strong>Telefone:<\/strong>&nbsp;N\u00e3o \u00e9 necess\u00e1rio informar, mas caso queira \u00e9 preciso colocar 55, DDD e o n\u00famero;<\/p>\n\n\n\n<p><strong>Monitorar este Protocolo:<\/strong>&nbsp;ao assinalar esta op\u00e7\u00e3o, todas as movimenta\u00e7\u00f5es do processo ser\u00e3o notificadas no e-mail do respons\u00e1vel pela abertura do cadastro e o n\u00famero do processo ficar\u00e1 dispon\u00edvel para consulta na&nbsp; aba de \u201cMonitoramento\u201d;<\/p>\n\n\n\n<p><strong>Clicar no bot\u00e3o \u201cPr\u00f3ximo\u201d para inserir os documentos no processo.<\/strong><\/p>\n\n\n\n<p><\/p>\n\n\n\n<div style=\"height:50px\" aria-hidden=\"true\" class=\"wp-block-spacer\"><\/div>\n\n\n\n<div style=\"height:62px\" aria-hidden=\"true\" class=\"wp-block-spacer\"><\/div>\n\n\n\n<p><strong>5 \u2013 <strong>Inclus\u00e3o de Documentos:<\/strong><\/strong><\/p>\n\n\n\n<p>Aten\u00e7\u00e3o quanto ao campo onde dever\u00e3o ser inclu\u00eddos os documentos do processo, conforme orienta\u00e7\u00e3o abaixo:<\/p>\n\n\n\n<figure class=\"wp-block-image size-large\"><img loading=\"lazy\" decoding=\"async\" width=\"1024\" height=\"502\" src=\"https:\/\/sites.uel.br\/eprotocolo\/wp-content\/uploads\/2026\/03\/image-4-1024x502.png\" alt=\"\" class=\"wp-image-703\" srcset=\"https:\/\/sites.uel.br\/eprotocolo\/wp-content\/uploads\/2026\/03\/image-4-1024x502.png 1024w, https:\/\/sites.uel.br\/eprotocolo\/wp-content\/uploads\/2026\/03\/image-4-300x147.png 300w, https:\/\/sites.uel.br\/eprotocolo\/wp-content\/uploads\/2026\/03\/image-4-768x377.png 768w, https:\/\/sites.uel.br\/eprotocolo\/wp-content\/uploads\/2026\/03\/image-4-1536x753.png 1536w, https:\/\/sites.uel.br\/eprotocolo\/wp-content\/uploads\/2026\/03\/image-4.png 1562w\" sizes=\"auto, (max-width: 1024px) 100vw, 1024px\" \/><\/figure>\n\n\n\n<p><strong>Incluindo os documentos:<\/strong>&nbsp;Selecionar o documento inicial do processo. Pode-se incluir v\u00e1rios documentos, no entanto, todos devem estar no formato PDF;<\/p>\n\n\n\n<p>Caso n\u00e3o tenha documentos para incluir no processo, \u00e9 necess\u00e1rio inserir um texto no campo Despacho e &#8220;Salvar Arquivo&#8221;;<\/p>\n\n\n\n<p>Nesta etapa, os documentos inseridos ficam no campo <strong>Documentos tempor\u00e1rios<\/strong> onde podem ser assinados, solicitado assinaturas (quando necess\u00e1rio), e ainda exclu\u00eddos. \u00c9 poss\u00edvel solicitar assinatura de qualquer usu\u00e1rio cadastrado no eProtocolo vinculado a algum \u00f3rg\u00e3o ou para usu\u00e1rios externos informando no campo \u00f3rg\u00e3o os termos Cidad\u00e3o e outros. Selecionar o &#8220;\u00d3rg\u00e3o&#8221;, o &#8220;Destinat\u00e1rio&#8221; e clicar em &#8220;Solicitar Assinatura&#8221;;<\/p>\n\n\n\n<figure class=\"wp-block-image size-large\"><img loading=\"lazy\" decoding=\"async\" width=\"1024\" height=\"121\" src=\"https:\/\/sites.uel.br\/eprotocolo\/wp-content\/uploads\/2026\/03\/image-5-1024x121.png\" alt=\"\" class=\"wp-image-704\" srcset=\"https:\/\/sites.uel.br\/eprotocolo\/wp-content\/uploads\/2026\/03\/image-5-1024x121.png 1024w, https:\/\/sites.uel.br\/eprotocolo\/wp-content\/uploads\/2026\/03\/image-5-300x36.png 300w, https:\/\/sites.uel.br\/eprotocolo\/wp-content\/uploads\/2026\/03\/image-5-768x91.png 768w, https:\/\/sites.uel.br\/eprotocolo\/wp-content\/uploads\/2026\/03\/image-5.png 1520w\" sizes=\"auto, (max-width: 1024px) 100vw, 1024px\" \/><\/figure>\n\n\n\n<p>Ap\u00f3s confirmar que os documentos est\u00e3o corretos e assinados, basta clicar no bot\u00e3o <strong>Atualizar Volume <\/strong>para gerar o volume do processo. A partir daqui, os documentos n\u00e3o podem mais ser exclu\u00eddos;<\/p>\n\n\n\n<figure class=\"wp-block-image size-large\"><img loading=\"lazy\" decoding=\"async\" width=\"1024\" height=\"472\" src=\"https:\/\/sites.uel.br\/eprotocolo\/wp-content\/uploads\/2026\/03\/image-6-1024x472.png\" alt=\"\" class=\"wp-image-705\" srcset=\"https:\/\/sites.uel.br\/eprotocolo\/wp-content\/uploads\/2026\/03\/image-6-1024x472.png 1024w, https:\/\/sites.uel.br\/eprotocolo\/wp-content\/uploads\/2026\/03\/image-6-300x138.png 300w, https:\/\/sites.uel.br\/eprotocolo\/wp-content\/uploads\/2026\/03\/image-6-768x354.png 768w, https:\/\/sites.uel.br\/eprotocolo\/wp-content\/uploads\/2026\/03\/image-6-1536x708.png 1536w, https:\/\/sites.uel.br\/eprotocolo\/wp-content\/uploads\/2026\/03\/image-6.png 1600w\" sizes=\"auto, (max-width: 1024px) 100vw, 1024px\" \/><\/figure>\n\n\n\n<p><strong>Anexos:\u00a0<\/strong>Arquivos de \u00e1udio, v\u00eddeo ou outras extens\u00f5es diferentes de PDF devem ser inclu\u00eddos como anexos e n\u00e3o ficar\u00e3o no volume do processo, por\u00e9m estar\u00e3o dispon\u00edveis para consultas;<\/p>\n\n\n\n<div style=\"height:100px\" aria-hidden=\"true\" class=\"wp-block-spacer\"><\/div>\n\n\n\n<div style=\"height:100px\" aria-hidden=\"true\" class=\"wp-block-spacer\"><\/div>\n\n\n\n<p><strong>6 \u2013 <strong>Encaminhar processo:<\/strong><\/strong><\/p>\n\n\n\n<ul class=\"wp-block-list\">\n<li>\u00d3rg\u00e3o: UEL \u2013 Universidade Estadual de Londrina (para encaminhar dentro da UEL);<\/li>\n\n\n\n<li>Local: Encaminhar para quem o documento est\u00e1 endere\u00e7ado ou o local respons\u00e1vel pelo assunto a ser tratado: Divis\u00e3o, Departamento, Diretoria, Pr\u00f3-Reitoria, etc.<\/li>\n<\/ul>\n\n\n\n<figure class=\"wp-block-image size-large\"><img loading=\"lazy\" decoding=\"async\" width=\"1024\" height=\"491\" src=\"https:\/\/sites.uel.br\/eprotocolo\/wp-content\/uploads\/2026\/03\/image-7-1024x491.png\" alt=\"\" class=\"wp-image-706\" srcset=\"https:\/\/sites.uel.br\/eprotocolo\/wp-content\/uploads\/2026\/03\/image-7-1024x491.png 1024w, https:\/\/sites.uel.br\/eprotocolo\/wp-content\/uploads\/2026\/03\/image-7-300x144.png 300w, https:\/\/sites.uel.br\/eprotocolo\/wp-content\/uploads\/2026\/03\/image-7-768x368.png 768w, https:\/\/sites.uel.br\/eprotocolo\/wp-content\/uploads\/2026\/03\/image-7-1536x736.png 1536w, https:\/\/sites.uel.br\/eprotocolo\/wp-content\/uploads\/2026\/03\/image-7.png 1574w\" sizes=\"auto, (max-width: 1024px) 100vw, 1024px\" \/><\/figure>\n\n\n\n<p><strong>Aten\u00e7\u00e3o!<\/strong> Se houver pend\u00eancia de assinatura, o processo n\u00e3o conseguir\u00e1 ser tramitado. Neste caso o processo ficar\u00e1 salvo na &#8220;Tela Inicial&#8221; em\u00a0 &#8220;Minhas Pend\u00eancias&#8221;, para acess\u00e1-lo \u00e9 necess\u00e1rio entrar em &#8220;Editar&#8221;<\/p>\n\n\n\n<p><strong>Finaliza\u00e7\u00e3o:\u00a0<\/strong>Ao clicar no bot\u00e3o \u201cConcluir Cadastro\u201d o procedimento ser\u00e1 finalizado e o processo encaminhado ao local de destino.<\/p>\n\n\n\n<div style=\"height:50px\" aria-hidden=\"true\" class=\"wp-block-spacer\"><\/div>\n\n\n\n<p><\/p>\n\n\n\n<p><\/p>\n\n\n\n<div style=\"height:50px\" aria-hidden=\"true\" class=\"wp-block-spacer\"><\/div>\n\n\n\n<p><\/p>\n\n\n\n<p><\/p>\n\n\n\n<div style=\"height:30px\" aria-hidden=\"true\" class=\"wp-block-spacer\"><\/div>\n\n\n\n<p><\/p>\n\n\n\n<div style=\"height:50px\" aria-hidden=\"true\" class=\"wp-block-spacer\"><\/div>\n\n\n\n<p><\/p>\n\n\n\n<div style=\"height:30px\" aria-hidden=\"true\" class=\"wp-block-spacer\"><\/div>\n\n\n\n<p><\/p>\n\n\n\n<p><\/p>\n\n\n\n<p><\/p>\n\n\n\n<div style=\"height:100px\" aria-hidden=\"true\" class=\"wp-block-spacer\"><\/div>\n","protected":false},"excerpt":{"rendered":"<p>Tutorial para abertura de processo 1 &#8211; Acessar o Sistema eProtocolo e iniciar a inclus\u00e3o do processo, conforme segue:MENU > Protocolo Geral > Incluir Protocolo 2 \u2013 Preencher os campos obrigat\u00f3rios que s\u00e3o marcados com o (*):ATEN\u00c7\u00c3O: Selecionar as op\u00e7\u00f5es nas listas, de acordo com cada solicita\u00e7\u00e3o. Tipo do Processo:&nbsp;Digital; \u00d3rg\u00e3o de Cadastro:&nbsp;UEL \u2013 Universidade [&hellip;]<\/p>\n","protected":false},"author":7,"featured_media":0,"parent":0,"menu_order":0,"comment_status":"closed","ping_status":"closed","template":"","meta":{"_acf_changed":false,"footnotes":""},"class_list":["post-604","page","type-page","status-publish","hentry"],"acf":[],"_links":{"self":[{"href":"https:\/\/sites.uel.br\/eprotocolo\/wp-json\/wp\/v2\/pages\/604","targetHints":{"allow":["GET"]}}],"collection":[{"href":"https:\/\/sites.uel.br\/eprotocolo\/wp-json\/wp\/v2\/pages"}],"about":[{"href":"https:\/\/sites.uel.br\/eprotocolo\/wp-json\/wp\/v2\/types\/page"}],"author":[{"embeddable":true,"href":"https:\/\/sites.uel.br\/eprotocolo\/wp-json\/wp\/v2\/users\/7"}],"replies":[{"embeddable":true,"href":"https:\/\/sites.uel.br\/eprotocolo\/wp-json\/wp\/v2\/comments?post=604"}],"version-history":[{"count":18,"href":"https:\/\/sites.uel.br\/eprotocolo\/wp-json\/wp\/v2\/pages\/604\/revisions"}],"predecessor-version":[{"id":710,"href":"https:\/\/sites.uel.br\/eprotocolo\/wp-json\/wp\/v2\/pages\/604\/revisions\/710"}],"wp:attachment":[{"href":"https:\/\/sites.uel.br\/eprotocolo\/wp-json\/wp\/v2\/media?parent=604"}],"curies":[{"name":"wp","href":"https:\/\/api.w.org\/{rel}","templated":true}]}}