{"id":564,"date":"2022-06-23T15:27:34","date_gmt":"2022-06-23T18:27:34","guid":{"rendered":"https:\/\/sites.uel.br\/eprotocolo\/?page_id=564"},"modified":"2022-06-23T15:41:15","modified_gmt":"2022-06-23T18:41:15","slug":"impressao-sicor","status":"publish","type":"page","link":"https:\/\/sites.uel.br\/eprotocolo\/impressao-sicor\/","title":{"rendered":"Impress\u00e3o de documentos do Sistema UEL (SICOR)"},"content":{"rendered":"\n<hr class=\"wp-block-separator has-alpha-channel-opacity is-style-wide\"\/>\n\n\n\n<div style=\"height:30px\" aria-hidden=\"true\" class=\"wp-block-spacer\"><\/div>\n\n\n\n<p>Quando for necess\u00e1rio anexar documentos gerados pelo Sistema UEL (SICOR) no eProtocolo, <strong>N\u00c3O <\/strong>utilizar o recurso <strong>Generate to File<\/strong> com op\u00e7\u00e3o <strong>PDF <\/strong>existente nos relat\u00f3rios gerados. <\/p>\n\n\n\n<p class=\"has-laranja-destaque-color has-text-color\"><strong>Ao utilizar este recurso h\u00e1 a probabilidade de erros diversos no documento gerado, impossibilitando a utiliza\u00e7\u00e3o do documento no processo<\/strong>.<\/p>\n\n\n\n<div style=\"height:30px\" aria-hidden=\"true\" class=\"wp-block-spacer\"><\/div>\n\n\n<div class=\"wp-block-image\">\n<figure class=\"aligncenter size-full\"><img loading=\"lazy\" decoding=\"async\" width=\"360\" height=\"300\" src=\"https:\/\/sites.uel.br\/eprotocolo\/wp-content\/uploads\/2022\/06\/Generato-to-File.jpg\" alt=\"\" class=\"wp-image-565\" srcset=\"https:\/\/sites.uel.br\/eprotocolo\/wp-content\/uploads\/2022\/06\/Generato-to-File.jpg 360w, https:\/\/sites.uel.br\/eprotocolo\/wp-content\/uploads\/2022\/06\/Generato-to-File-300x250.jpg 300w\" sizes=\"auto, (max-width: 360px) 100vw, 360px\" \/><figcaption>N\u00e3o utilizar o <strong>Generate to File<\/strong><\/figcaption><\/figure>\n<\/div>\n\n\n<div style=\"height:30px\" aria-hidden=\"true\" class=\"wp-block-spacer\"><\/div>\n\n\n\n<p>Utilizar o menu <strong>FILE <\/strong>e depois <strong>Print<\/strong>, selecionar o conversor para PDF que tiver instalado em seu computador<\/p>\n\n\n\n<div style=\"height:30px\" aria-hidden=\"true\" class=\"wp-block-spacer\"><\/div>\n\n\n<div class=\"wp-block-image\">\n<figure class=\"aligncenter size-full is-resized\"><img loading=\"lazy\" decoding=\"async\" src=\"https:\/\/sites.uel.br\/eprotocolo\/wp-content\/uploads\/2022\/06\/print.jpg\" alt=\"\" class=\"wp-image-567\" width=\"285\" height=\"167\" srcset=\"https:\/\/sites.uel.br\/eprotocolo\/wp-content\/uploads\/2022\/06\/print.jpg 302w, https:\/\/sites.uel.br\/eprotocolo\/wp-content\/uploads\/2022\/06\/print-300x176.jpg 300w\" sizes=\"auto, (max-width: 285px) 100vw, 285px\" \/><\/figure>\n<\/div>\n\n\n<div style=\"height:30px\" aria-hidden=\"true\" class=\"wp-block-spacer\"><\/div>\n\n\n\n<p>Neste caso, no Windows 10 o <strong>Microsoft Print to PDF.<\/strong><\/p>\n\n\n\n<div style=\"height:30px\" aria-hidden=\"true\" class=\"wp-block-spacer\"><\/div>\n\n\n<div class=\"wp-block-image\">\n<figure class=\"aligncenter size-full\"><img loading=\"lazy\" decoding=\"async\" width=\"437\" height=\"322\" src=\"https:\/\/sites.uel.br\/eprotocolo\/wp-content\/uploads\/2022\/06\/2.jpg\" alt=\"\" class=\"wp-image-568\" srcset=\"https:\/\/sites.uel.br\/eprotocolo\/wp-content\/uploads\/2022\/06\/2.jpg 437w, https:\/\/sites.uel.br\/eprotocolo\/wp-content\/uploads\/2022\/06\/2-300x221.jpg 300w\" sizes=\"auto, (max-width: 437px) 100vw, 437px\" \/><\/figure>\n<\/div>\n\n\n<div style=\"height:30px\" aria-hidden=\"true\" class=\"wp-block-spacer\"><\/div>\n\n\n\n<p>Selecione o local onde ser\u00e1 gravado o arquivo, informe o nome do arquivo e clique Salvar<\/p>\n\n\n\n<div style=\"height:30px\" aria-hidden=\"true\" class=\"wp-block-spacer\"><\/div>\n\n\n<div class=\"wp-block-image\">\n<figure class=\"aligncenter size-full is-resized\"><img loading=\"lazy\" decoding=\"async\" src=\"https:\/\/sites.uel.br\/eprotocolo\/wp-content\/uploads\/2022\/06\/salvar.jpg\" alt=\"\" class=\"wp-image-569\" width=\"795\" height=\"101\" srcset=\"https:\/\/sites.uel.br\/eprotocolo\/wp-content\/uploads\/2022\/06\/salvar.jpg 957w, https:\/\/sites.uel.br\/eprotocolo\/wp-content\/uploads\/2022\/06\/salvar-300x38.jpg 300w, https:\/\/sites.uel.br\/eprotocolo\/wp-content\/uploads\/2022\/06\/salvar-768x98.jpg 768w\" sizes=\"auto, (max-width: 795px) 100vw, 795px\" \/><\/figure>\n<\/div>\n\n\n<div style=\"height:50px\" aria-hidden=\"true\" class=\"wp-block-spacer\"><\/div>\n","protected":false},"excerpt":{"rendered":"<p>Quando for necess\u00e1rio anexar documentos gerados pelo Sistema UEL (SICOR) no eProtocolo, N\u00c3O utilizar o recurso Generate to File com op\u00e7\u00e3o PDF existente nos relat\u00f3rios gerados. Ao utilizar este recurso h\u00e1 a probabilidade de erros diversos no documento gerado, impossibilitando a utiliza\u00e7\u00e3o do documento no processo. Utilizar o menu FILE e depois Print, selecionar o [&hellip;]<\/p>\n","protected":false},"author":7,"featured_media":0,"parent":0,"menu_order":0,"comment_status":"closed","ping_status":"closed","template":"","meta":{"_acf_changed":false,"footnotes":""},"class_list":["post-564","page","type-page","status-publish","hentry"],"acf":[],"_links":{"self":[{"href":"https:\/\/sites.uel.br\/eprotocolo\/wp-json\/wp\/v2\/pages\/564","targetHints":{"allow":["GET"]}}],"collection":[{"href":"https:\/\/sites.uel.br\/eprotocolo\/wp-json\/wp\/v2\/pages"}],"about":[{"href":"https:\/\/sites.uel.br\/eprotocolo\/wp-json\/wp\/v2\/types\/page"}],"author":[{"embeddable":true,"href":"https:\/\/sites.uel.br\/eprotocolo\/wp-json\/wp\/v2\/users\/7"}],"replies":[{"embeddable":true,"href":"https:\/\/sites.uel.br\/eprotocolo\/wp-json\/wp\/v2\/comments?post=564"}],"version-history":[{"count":7,"href":"https:\/\/sites.uel.br\/eprotocolo\/wp-json\/wp\/v2\/pages\/564\/revisions"}],"predecessor-version":[{"id":578,"href":"https:\/\/sites.uel.br\/eprotocolo\/wp-json\/wp\/v2\/pages\/564\/revisions\/578"}],"wp:attachment":[{"href":"https:\/\/sites.uel.br\/eprotocolo\/wp-json\/wp\/v2\/media?parent=564"}],"curies":[{"name":"wp","href":"https:\/\/api.w.org\/{rel}","templated":true}]}}