{"id":301,"date":"2022-06-07T17:45:45","date_gmt":"2022-06-07T20:45:45","guid":{"rendered":"https:\/\/sites.uel.br\/eprotocolo\/?page_id=301"},"modified":"2022-07-22T17:02:17","modified_gmt":"2022-07-22T20:02:17","slug":"solicitacao","status":"publish","type":"page","link":"https:\/\/sites.uel.br\/eprotocolo\/solicitacao\/","title":{"rendered":"Solicita\u00e7\u00e3o de Servi\u00e7o"},"content":{"rendered":"\n<hr class=\"wp-block-separator has-alpha-channel-opacity is-style-wide\"\/>\n\n\n\n<div style=\"height:50px\" aria-hidden=\"true\" class=\"wp-block-spacer\"><\/div>\n\n\n\n<p>H\u00e1 a necessidade de abertura de solicita\u00e7\u00e3o de servi\u00e7o para o SAUEL realizar os seguintes procedimentos no eProtocolo:<\/p>\n\n\n\n<ul class=\"wp-block-list\"><li><strong>Vincular ou desvincular cadastro de servidor;<\/strong><\/li><li><strong>Cancelamento de processos;<\/strong><\/li><li><strong>Cria\u00e7\u00e3o de novos locais (\u00d3RG\u00c3O\/DIVIS\u00c3O\/DEPARTAMENTO).<\/strong><\/li><\/ul>\n\n\n\n<p>Para realizar a abertura de solicita\u00e7\u00e3o de servi\u00e7o, acesse <a href=\"https:\/\/sistemas.uel.br\/atendimento\/private\/index\"><strong>https:\/\/sistemas.uel.br\/atendimento\/private\/index<\/strong><\/a> e utilize os c\u00f3digos de servi\u00e7o listados abaixo:<\/p>\n\n\n\n<ul class=\"wp-block-list\"><li><strong>1017 &#8211; Cancelar Processo;<\/strong><\/li><li><strong>1018 &#8211; Vincular cadastro;<\/strong><\/li><li><strong>1019 &#8211; Desvincular cadastro;<\/strong><\/li><li><strong>1020 &#8211; Incluir local no sistema eProtocolo<\/strong>.<\/li><\/ul>\n\n\n\n<p>Para maiores informa\u00e7\u00f5es sobre como utilizar o sistema, clique no manual abaixo<\/p>\n\n\n\n<div style=\"height:30px\" aria-hidden=\"true\" class=\"wp-block-spacer\"><\/div>\n\n\n\n<div class=\"wp-block-buttons is-horizontal is-content-justification-center is-layout-flex wp-container-core-buttons-is-layout-00ace616 wp-block-buttons-is-layout-flex\">\n<div class=\"wp-block-button aligncenter is-style-fill\"><a class=\"wp-block-button__link has-verde-background-color has-text-color has-background\" href=\"https:\/\/sites.uel.br\/eprotocolo\/manual-solicitacao-servico\/\" style=\"color:#fffffd\">Manual &#8211; Solicita\u00e7\u00e3o de Servi\u00e7o<\/a><\/div>\n<\/div>\n\n\n\n<div style=\"height:50px\" aria-hidden=\"true\" class=\"wp-block-spacer\"><\/div>\n","protected":false},"excerpt":{"rendered":"<p>H\u00e1 a necessidade de abertura de solicita\u00e7\u00e3o de servi\u00e7o para o SAUEL realizar os seguintes procedimentos no eProtocolo: Vincular ou desvincular cadastro de servidor; Cancelamento de processos; Cria\u00e7\u00e3o de novos locais (\u00d3RG\u00c3O\/DIVIS\u00c3O\/DEPARTAMENTO). Para realizar a abertura de solicita\u00e7\u00e3o de servi\u00e7o, acesse https:\/\/sistemas.uel.br\/atendimento\/private\/index e utilize os c\u00f3digos de servi\u00e7o listados abaixo: 1017 &#8211; Cancelar Processo; 1018 [&hellip;]<\/p>\n","protected":false},"author":7,"featured_media":0,"parent":0,"menu_order":0,"comment_status":"closed","ping_status":"closed","template":"","meta":{"_acf_changed":false,"footnotes":""},"class_list":["post-301","page","type-page","status-publish","hentry"],"acf":[],"_links":{"self":[{"href":"https:\/\/sites.uel.br\/eprotocolo\/wp-json\/wp\/v2\/pages\/301","targetHints":{"allow":["GET"]}}],"collection":[{"href":"https:\/\/sites.uel.br\/eprotocolo\/wp-json\/wp\/v2\/pages"}],"about":[{"href":"https:\/\/sites.uel.br\/eprotocolo\/wp-json\/wp\/v2\/types\/page"}],"author":[{"embeddable":true,"href":"https:\/\/sites.uel.br\/eprotocolo\/wp-json\/wp\/v2\/users\/7"}],"replies":[{"embeddable":true,"href":"https:\/\/sites.uel.br\/eprotocolo\/wp-json\/wp\/v2\/comments?post=301"}],"version-history":[{"count":15,"href":"https:\/\/sites.uel.br\/eprotocolo\/wp-json\/wp\/v2\/pages\/301\/revisions"}],"predecessor-version":[{"id":595,"href":"https:\/\/sites.uel.br\/eprotocolo\/wp-json\/wp\/v2\/pages\/301\/revisions\/595"}],"wp:attachment":[{"href":"https:\/\/sites.uel.br\/eprotocolo\/wp-json\/wp\/v2\/media?parent=301"}],"curies":[{"name":"wp","href":"https:\/\/api.w.org\/{rel}","templated":true}]}}