{"id":2,"date":"2021-03-21T23:36:11","date_gmt":"2021-03-22T02:36:11","guid":{"rendered":"https:\/\/sites.uel.br\/empreendemais\/?page_id=2"},"modified":"2026-08-28T10:15:40","modified_gmt":"2026-08-28T13:15:40","slug":"inscricoes","status":"publish","type":"page","link":"https:\/\/sites.uel.br\/empreendemais\/","title":{"rendered":"Cursos Paran\u00e1 Empreende Mais"},"content":{"rendered":"\n<h1 class=\"wp-block-heading has-text-align-center\">\ud83d\ude80INSCRI\u00c7\u00d5ES ABERTAS!<\/h1>\n\n\n\n<p class=\"has-text-align-center wp-block-paragraph\"><\/p>\n\n\n\n<p class=\"has-text-align-center wp-block-paragraph\"><strong>MARKETING E VENDAS:<\/strong> Curso presencial, das 8h30 \u00e0s 13h (S\u00c1BADO) nos dias <strong><em>29 <\/em><\/strong>de <strong><em>AGOSTO<\/em><\/strong> e <strong><em>12<\/em><\/strong> de <strong><em>SETEMBRO<\/em><\/strong>  no <strong><em>CEEP<\/em><\/strong> <strong>(<\/strong>Centro Estadual de Educa\u00e7\u00e3o Profissional Prof\u00aa Maria Lydia Cescatto Bomtempo<strong>)<br>Rua:&nbsp;<\/strong>Edgar Bardal, s\/n, Conjuto Eldorado &#8211; ASSA\u00cd-PR<\/p>\n\n\n\n<div class=\"wp-block-buttons is-content-justification-center is-layout-flex wp-container-core-buttons-is-layout-fe48e5de wp-block-buttons-is-layout-flex\">\n<div class=\"wp-block-button\"><a class=\"wp-block-button__link wp-element-button\" href=\"https:\/\/forms.gle\/CaciZcym3DL5hYz96\">INSCRI\u00c7\u00c3O<\/a><\/div>\n<\/div>\n\n\n\n<p class=\"has-text-align-center wp-block-paragraph\"><strong>TRANSFORMA\u00c7\u00c3O DIGITAL E TECNOLOGIA:<\/strong> Curso presencial, das 19h \u00e0s 22h nos dias <strong><em>08, 09 e 15 de S<\/em><\/strong><em><strong>ETEMBRO<\/strong><\/em> no <em><strong>CEP<\/strong><\/em> Centro Profissional de <strong>Camb\u00e9-PR<\/strong> &#8211; Rua da Lapa 160, Jd. Morumbi-CEP:86191-767<\/p>\n\n\n\n<div class=\"wp-block-buttons is-content-justification-center is-layout-flex wp-container-core-buttons-is-layout-fe48e5de wp-block-buttons-is-layout-flex\">\n<div class=\"wp-block-button\"><a class=\"wp-block-button__link has-text-align-center wp-element-button\" href=\"https:\/\/forms.gle\/YAL9a8rrNAAcgdLb7\">INSCRI\u00c7\u00c3O<\/a><\/div>\n<\/div>\n\n\n\n<p class=\"has-text-align-center wp-block-paragraph\"><strong>Novas Trilhas:<\/strong> Jornadas de aprendizado direto ao ponto.<br><strong>Mais Pr\u00e1tica:<\/strong> Oficina m\u00e3os na massa. Como tirar sua ideia do papel.<\/p>\n\n\n\n<p class=\"has-text-align-center wp-block-paragraph\">Cursos destinados <strong>a toda a comunidade<\/strong>, inclusive \u00e0queles que ainda n\u00e3o possuem empresa, mas desejam entender os elementos mais b\u00e1sicos da gest\u00e3o de um neg\u00f3cio.<\/p>\n\n\n\n<p class=\"wp-block-paragraph\"><\/p>\n","protected":false},"excerpt":{"rendered":"<p>\ud83d\ude80INSCRI\u00c7\u00d5ES ABERTAS! MARKETING E VENDAS: Curso presencial, das 8h30 \u00e0s 13h (S\u00c1BADO) nos dias 29 de AGOSTO e 12 de SETEMBRO no CEEP (Centro Estadual de Educa\u00e7\u00e3o Profissional Prof\u00aa Maria Lydia Cescatto Bomtempo)Rua:&nbsp;Edgar Bardal, s\/n, Conjuto Eldorado &#8211; ASSA\u00cd-PR TRANSFORMA\u00c7\u00c3O DIGITAL E TECNOLOGIA: Curso presencial, das 19h \u00e0s 22h nos dias 08, 09 e 15 [&hellip;]<\/p>\n","protected":false},"author":1,"featured_media":0,"parent":0,"menu_order":0,"comment_status":"closed","ping_status":"closed","template":"","meta":{"_acf_changed":false,"footnotes":"","_members_access_role":[],"_members_access_error":""},"class_list":["post-2","page","type-page","status-publish","hentry"],"acf":[],"_links":{"self":[{"href":"https:\/\/sites.uel.br\/empreendemais\/wp-json\/wp\/v2\/pages\/2","targetHints":{"allow":["GET"]}}],"collection":[{"href":"https:\/\/sites.uel.br\/empreendemais\/wp-json\/wp\/v2\/pages"}],"about":[{"href":"https:\/\/sites.uel.br\/empreendemais\/wp-json\/wp\/v2\/types\/page"}],"author":[{"embeddable":true,"href":"https:\/\/sites.uel.br\/empreendemais\/wp-json\/wp\/v2\/users\/1"}],"replies":[{"embeddable":true,"href":"https:\/\/sites.uel.br\/empreendemais\/wp-json\/wp\/v2\/comments?post=2"}],"version-history":[{"count":5,"href":"https:\/\/sites.uel.br\/empreendemais\/wp-json\/wp\/v2\/pages\/2\/revisions"}],"predecessor-version":[{"id":332,"href":"https:\/\/sites.uel.br\/empreendemais\/wp-json\/wp\/v2\/pages\/2\/revisions\/332"}],"wp:attachment":[{"href":"https:\/\/sites.uel.br\/empreendemais\/wp-json\/wp\/v2\/media?parent=2"}],"curies":[{"name":"wp","href":"https:\/\/api.w.org\/{rel}","templated":true}]}}

Cursos Paraná Empreende Mais

<h1 class="wp-block-heading has-text-align-center">🚀INSCRIÇÕES ABERTAS!</h1>



<p class="has-text-align-center wp-block-paragraph"></p>



<p class="has-text-align-center wp-block-paragraph"><strong>MARKETING E VENDAS:</strong> Curso presencial, das 8h30 às 13h (SÁBADO) nos dias <strong><em>29 </em></strong>de <strong><em>AGOSTO</em></strong> e <strong><em>12</em></strong> de <strong><em>SETEMBRO</em></strong>  no <strong><em>CEEP</em></strong> <strong>(</strong>Centro Estadual de Educação Profissional Profª Maria Lydia Cescatto Bomtempo<strong>)<br>Rua:&nbsp;</strong>Edgar Bardal, s/n, Conjuto Eldorado &#8211; ASSAÍ-PR</p>



<div class="wp-block-buttons is-content-justification-center is-layout-flex wp-container-core-buttons-is-layout-fe48e5de wp-block-buttons-is-layout-flex">
<div class="wp-block-button"><a class="wp-block-button__link wp-element-button" href="https://forms.gle/CaciZcym3DL5hYz96">INSCRIÇÃO</a></div>
</div>



<p class="has-text-align-center wp-block-paragraph"><strong>TRANSFORMAÇÃO DIGITAL E TECNOLOGIA:</strong> Curso presencial, das 19h às 22h nos dias <strong><em>08, 09 e 15 de S</em></strong><em><strong>ETEMBRO</strong></em> no <em><strong>CEP</strong></em> Centro Profissional de <strong>Cambé-PR</strong> &#8211; Rua da Lapa 160, Jd. Morumbi-CEP:86191-767</p>



<div class="wp-block-buttons is-content-justification-center is-layout-flex wp-container-core-buttons-is-layout-fe48e5de wp-block-buttons-is-layout-flex">
<div class="wp-block-button"><a class="wp-block-button__link has-text-align-center wp-element-button" href="https://forms.gle/YAL9a8rrNAAcgdLb7">INSCRIÇÃO</a></div>
</div>



<p class="has-text-align-center wp-block-paragraph"><strong>Novas Trilhas:</strong> Jornadas de aprendizado direto ao ponto.<br><strong>Mais Prática:</strong> Oficina mãos na massa. Como tirar sua ideia do papel.</p>



<p class="has-text-align-center wp-block-paragraph">Cursos destinados <strong>a toda a comunidade</strong>, inclusive àqueles que ainda não possuem empresa, mas desejam entender os elementos mais básicos da gestão de um negócio.</p>



<p class="wp-block-paragraph"></p>

<p>🚀INSCRIÇÕES ABERTAS! MARKETING E VENDAS: Curso presencial, das 8h30 às 13h (SÁBADO) nos dias 29 de AGOSTO e 12 de SETEMBRO no CEEP (Centro Estadual de Educação Profissional Profª Maria Lydia Cescatto Bomtempo)Rua:&nbsp;Edgar Bardal, s/n, Conjuto Eldorado &#8211; ASSAÍ-PR TRANSFORMAÇÃO DIGITAL E TECNOLOGIA: Curso presencial, das 19h às 22h nos dias 08, 09 e 15 [&hellip;]</p>
