{"id":545,"date":"2022-09-01T14:15:56","date_gmt":"2022-09-01T17:15:56","guid":{"rendered":"https:\/\/sites.uel.br\/eleicoes\/?page_id=545"},"modified":"2022-09-12T17:43:04","modified_gmt":"2022-09-12T20:43:04","slug":"informativos","status":"publish","type":"page","link":"https:\/\/sites.uel.br\/eleicoes\/informativos\/","title":{"rendered":"Informativos (D22)"},"content":{"rendered":"\n<hr class=\"wp-block-separator has-alpha-channel-opacity is-style-wide\" \/>\n\n\n\n<p><strong>REGISTRO DE CHAPAS<\/strong><\/p>\n\n\n\n<p><strong>Local: <\/strong>Divis\u00e3o de Protocolo e Comunica\u00e7\u00e3o <\/p>\n\n\n\n<p><strong>Per\u00edodo: <\/strong>22 \u00e0 26 de agosto de 2022<\/p>\n\n\n\n<p><strong>Hor\u00e1rio: <\/strong>08h \u00e0s 12h e das 14h \u00e0s 18h. <\/p>\n\n\n\n<hr class=\"wp-block-separator has-alpha-channel-opacity is-style-wide\" \/>\n\n\n\n<p><strong>HOMOLOGA\u00c7\u00d5ES<\/strong><\/p>\n\n\n\n<p>No \u00faltimo dia 26 de agosto de 2022 encerrou o per\u00edodo para os interessados em se candidatarem \u00e0 Diretores e vice-diretores dos Centros de Estudos da UEL, postularem junto \u00e0 Divis\u00e3o de Protocolos e Comunica\u00e7\u00e3o\/SAUEL, a inscri\u00e7\u00e3o das chapas concorrentes ao pleito.<br>Os documentos foram ent\u00e3o encaminhados \u00e0s Comiss\u00f5es Eleitorais de cada Centro, que deferiram as inscri\u00e7\u00f5es das seguintes chapas por Centro de Estudo:<br>CCA &#8211; In\u00eas Fonseca e Patr\u00edcia Mendes<br>CCB &#8211; Jo\u00e3o Zequi e Alex Gallo<br>CCE &#8211; Alan Salvany Felinto e Silvano Cesar Costa<br>CCE &#8211; Henrique de Santana e Irin\u00e9ia de Lourdes<br>CCS &#8211; Marselle Nobre e Adriano Farinasso<br>CCS &#8211; Andr\u00e9a Name e Carrie Chueire<br>CECA &#8211; Edmilson Lenard\u00e3o e Rosane Lunardelli<br>CECA &#8211; Rogerio Zanetti e Rosana de Souza<br>CEFE &#8211; Orlando Mendes e Lu\u00eds Alberto<br>CESA &#8211; Miguel Belinati e Carlos Caldarelli<br>CLCH &#8211; Jos\u00e9 Miguel Arias e Fernando Kulaitis<br>CLCH &#8211; Laura Brandini e Renata Schevisbiski<br>CTU &#8211; Eloisa Ramos e Jos\u00e9 Fernando<\/p>\n\n\n\n<p>As eventuais impugna\u00e7\u00f5es e recursos contra o deferimento das candidaturas aos cargos de Diretor e Vice-Diretor ainda est\u00e3o sob an\u00e1lise das comiss\u00f5es competentes em determinados Centros de Estudos, por\u00e9m n\u00e3o acarretar\u00e3o em preju\u00edzo \u00e0s chapas quanto a tempo de campanha. <\/p>\n\n\n\n<p><\/p>\n\n\n\n<p><strong>Confira abaixo, os editais de cada Centro de Estudos.<\/strong><\/p>\n\n\n\n<p><\/p>\n\n\n\n<div class=\"wp-block-group is-nowrap is-layout-flex wp-container-core-group-is-layout-ad2f72ca wp-block-group-is-layout-flex\">\n<div class=\"wp-block-group\"><div class=\"wp-block-group__inner-container is-layout-flow wp-block-group-is-layout-flow\">\n<div class=\"wp-block-group is-vertical is-layout-flex wp-container-core-group-is-layout-8cf370e7 wp-block-group-is-layout-flex\">\n<div class=\"wp-block-group is-nowrap is-layout-flex wp-container-core-group-is-layout-ad2f72ca wp-block-group-is-layout-flex\">\n<div class=\"wp-block-group\"><div class=\"wp-block-group__inner-container is-layout-flow wp-block-group-is-layout-flow\">\n<div class=\"wp-block-group is-nowrap is-layout-flex wp-container-core-group-is-layout-ad2f72ca wp-block-group-is-layout-flex\">\n<p><a href=\"https:\/\/sites.uel.br\/eleicoes\/wp-content\/uploads\/2022\/09\/Edital-CCA.pdf\" data-type=\"URL\" data-id=\"https:\/\/sites.uel.br\/eleicoes\/wp-content\/uploads\/2022\/09\/Edital-CCA.pdf\"><strong>CCA<\/strong><\/a><\/p>\n\n\n\n<p><strong><a href=\"https:\/\/sites.uel.br\/eleicoes\/wp-content\/uploads\/2022\/09\/Edital-CC-CCB-01-2022-Deferimento-de-inscricoes.pdf\" data-type=\"URL\" data-id=\"https:\/\/sites.uel.br\/eleicoes\/wp-content\/uploads\/2022\/09\/Edital-CC-CCB-01-2022-Deferimento-de-inscricoes.pdf\">CCB<\/a><\/strong><\/p>\n\n\n\n<p><strong><a href=\"https:\/\/sites.uel.br\/eleicoes\/wp-content\/uploads\/2022\/09\/Edital-02-CCE.pdf\" data-type=\"URL\" data-id=\"https:\/\/sites.uel.br\/eleicoes\/wp-content\/uploads\/2022\/09\/Edital-02-CCE.pdf\">CCE<\/a><\/strong><\/p>\n\n\n\n<p><strong><a href=\"https:\/\/sites.uel.br\/eleicoes\/wp-content\/uploads\/2022\/09\/Edital-no-02-Deferimento-Chapas-CCS_corrigido.pdf\" data-type=\"URL\" data-id=\"https:\/\/sites.uel.br\/eleicoes\/wp-content\/uploads\/2022\/09\/Edital-no-02-Deferimento-Chapas-CCS_corrigido.pdf\">CCS<\/a><\/strong><\/p>\n\n\n\n<p><a href=\"https:\/\/sites.uel.br\/eleicoes\/wp-content\/uploads\/2022\/09\/EDITAL-No-01-COMISSAO-ELEITORAL-CECA.pdf\" data-type=\"URL\" data-id=\"https:\/\/sites.uel.br\/eleicoes\/wp-content\/uploads\/2022\/09\/EDITAL-No-01-COMISSAO-ELEITORAL-CECA.pdf\"><strong>CECA<\/strong><\/a><\/p>\n<\/div>\n<\/div><\/div>\n\n\n\n<div class=\"wp-block-group\"><div class=\"wp-block-group__inner-container is-layout-flow wp-block-group-is-layout-flow\">\n<div class=\"wp-block-group is-nowrap is-layout-flex wp-container-core-group-is-layout-ad2f72ca wp-block-group-is-layout-flex\">\n<p><strong><a href=\"https:\/\/sites.uel.br\/eleicoes\/wp-content\/uploads\/2022\/09\/CEFE.pdf\" data-type=\"URL\" data-id=\"https:\/\/sites.uel.br\/eleicoes\/wp-content\/uploads\/2022\/09\/CEFE.pdf\">CEFE<\/a><\/strong><\/p>\n\n\n\n<p><a href=\"https:\/\/sites.uel.br\/eleicoes\/wp-content\/uploads\/2022\/09\/Edital-CESA.pdf\" data-type=\"URL\" data-id=\"https:\/\/sites.uel.br\/eleicoes\/wp-content\/uploads\/2022\/09\/Edital-CESA.pdf\"><strong>CESA<\/strong><\/a><\/p>\n\n\n\n<p><strong><a href=\"https:\/\/sites.uel.br\/eleicoes\/wp-content\/uploads\/2022\/09\/Edital-001-CLCH.pdf\" data-type=\"URL\" data-id=\"https:\/\/sites.uel.br\/eleicoes\/wp-content\/uploads\/2022\/09\/Edital-001-CLCH.pdf\">CLCH<\/a><\/strong><\/p>\n\n\n\n<p><a href=\"https:\/\/sites.uel.br\/eleicoes\/wp-content\/uploads\/2022\/09\/CTU-Edital-de-DEFERIMENTO-CHAPA-diretor-2022.pdf\" data-type=\"URL\" data-id=\"https:\/\/sites.uel.br\/eleicoes\/wp-content\/uploads\/2022\/09\/CTU-Edital-de-DEFERIMENTO-CHAPA-diretor-2022.pdf\"><strong>CTU<\/strong><\/a><\/p>\n<\/div>\n<\/div><\/div>\n<\/div>\n<\/div>\n<\/div><\/div>\n<\/div>\n\n\n\n<div class=\"wp-block-group\"><div class=\"wp-block-group__inner-container is-layout-flow wp-block-group-is-layout-flow\"><\/div><\/div>\n","protected":false},"excerpt":{"rendered":"<p>REGISTRO DE CHAPAS Local: Divis\u00e3o de Protocolo e Comunica\u00e7\u00e3o Per\u00edodo: 22 \u00e0 26 de agosto de 2022 Hor\u00e1rio: 08h \u00e0s 12h e das 14h \u00e0s 18h. HOMOLOGA\u00c7\u00d5ES No \u00faltimo dia 26 de agosto de 2022 encerrou o per\u00edodo para os interessados em se candidatarem \u00e0 Diretores e vice-diretores dos Centros de Estudos da UEL, postularem [&hellip;]<\/p>\n","protected":false},"author":9,"featured_media":0,"parent":0,"menu_order":0,"comment_status":"closed","ping_status":"closed","template":"","meta":{"footnotes":""},"class_list":["post-545","page","type-page","status-publish","hentry"],"acf":[],"_links":{"self":[{"href":"https:\/\/sites.uel.br\/eleicoes\/wp-json\/wp\/v2\/pages\/545","targetHints":{"allow":["GET"]}}],"collection":[{"href":"https:\/\/sites.uel.br\/eleicoes\/wp-json\/wp\/v2\/pages"}],"about":[{"href":"https:\/\/sites.uel.br\/eleicoes\/wp-json\/wp\/v2\/types\/page"}],"author":[{"embeddable":true,"href":"https:\/\/sites.uel.br\/eleicoes\/wp-json\/wp\/v2\/users\/9"}],"replies":[{"embeddable":true,"href":"https:\/\/sites.uel.br\/eleicoes\/wp-json\/wp\/v2\/comments?post=545"}],"version-history":[{"count":25,"href":"https:\/\/sites.uel.br\/eleicoes\/wp-json\/wp\/v2\/pages\/545\/revisions"}],"predecessor-version":[{"id":652,"href":"https:\/\/sites.uel.br\/eleicoes\/wp-json\/wp\/v2\/pages\/545\/revisions\/652"}],"wp:attachment":[{"href":"https:\/\/sites.uel.br\/eleicoes\/wp-json\/wp\/v2\/media?parent=545"}],"curies":[{"name":"wp","href":"https:\/\/api.w.org\/{rel}","templated":true}]}}