{"id":235,"date":"2022-03-30T16:36:31","date_gmt":"2022-03-30T19:36:31","guid":{"rendered":"https:\/\/sites.uel.br\/eleicoes\/?page_id=235"},"modified":"2022-08-31T11:17:47","modified_gmt":"2022-08-31T14:17:47","slug":"votantes","status":"publish","type":"page","link":"https:\/\/sites.uel.br\/eleicoes\/votantes\/","title":{"rendered":"Vota\u00e7\u00e3o (R22)"},"content":{"rendered":"\n<hr class=\"wp-block-separator is-style-wide\" \/>\n\n\n\n<p><\/p>\n\n\n\n<div class=\"wp-block-media-text alignwide is-stacked-on-mobile is-vertically-aligned-center\" style=\"grid-template-columns:30% auto\"><figure class=\"wp-block-media-text__media\"><a href=\"https:\/\/saele.uel.br\/saele\/\"><img loading=\"lazy\" decoding=\"async\" width=\"724\" height=\"1024\" src=\"https:\/\/sites.uel.br\/eleicoes\/wp-content\/uploads\/2022\/04\/Eleicao-Reitoria-2022-2-724x1024.png\" alt=\"\" class=\"wp-image-343 size-large\" srcset=\"https:\/\/sites.uel.br\/eleicoes\/wp-content\/uploads\/2022\/04\/Eleicao-Reitoria-2022-2-724x1024.png 724w, https:\/\/sites.uel.br\/eleicoes\/wp-content\/uploads\/2022\/04\/Eleicao-Reitoria-2022-2-212x300.png 212w, https:\/\/sites.uel.br\/eleicoes\/wp-content\/uploads\/2022\/04\/Eleicao-Reitoria-2022-2-768x1086.png 768w, https:\/\/sites.uel.br\/eleicoes\/wp-content\/uploads\/2022\/04\/Eleicao-Reitoria-2022-2-1086x1536.png 1086w, https:\/\/sites.uel.br\/eleicoes\/wp-content\/uploads\/2022\/04\/Eleicao-Reitoria-2022-2-1448x2048.png 1448w, https:\/\/sites.uel.br\/eleicoes\/wp-content\/uploads\/2022\/04\/Eleicao-Reitoria-2022-2.png 1587w\" sizes=\"auto, (max-width: 724px) 100vw, 724px\" \/><\/a><\/figure><div class=\"wp-block-media-text__content\">\n<p>A elei\u00e7\u00e3o ser\u00e1 realizada exclusivamente de forma eletr\u00f4nica, via&nbsp;<a href=\"https:\/\/saele.uel.br\/saele\/\">Sistema SAELE<\/a>, e o eleitor poder\u00e1 efetuar seu voto em qualquer computador ligado \u00e0 Internet.<\/p>\n\n\n\n<p>Pontos dispon\u00edveis para vota\u00e7\u00e3o no dia da Elei\u00e7\u00e3o (12\/04) para Reitor e Vice-Reitor, <a href=\"https:\/\/sites.uel.br\/eleicoes\/wp-content\/uploads\/2022\/04\/Pontos-de-votacao-UEL-atualizado.pdf\" data-type=\"URL\" data-id=\"https:\/\/sites.uel.br\/eleicoes\/wp-content\/uploads\/2022\/04\/Pontos-de-votacao-UEL-atualizado.pdf\">clique aqui<\/a><\/p>\n\n\n\n<p>Todos os portais (docentes, t\u00e9cnicos-administrativos e estudantes) estar\u00e3o liberados para a elei\u00e7\u00e3o.<\/p>\n\n\n\n<p>Tutorial para &#8220;Vota\u00e7\u00e3o Sistema SAELE&#8221; disponibilizado pela Assessoria de Tecnologia da Informa\u00e7\u00e3o (ATI), <a href=\"https:\/\/sites.uel.br\/ati\/votacao-uel-saele\/\" data-type=\"URL\" data-id=\"https:\/\/sites.uel.br\/ati\/votacao-uel-saele\/\">clique aqui<\/a> <\/p>\n\n\n\n<p>Informa\u00e7\u00f5es para os fiscais e servidores credenciados para o dia da vota\u00e7\u00e3o, <a href=\"https:\/\/sites.uel.br\/eleicoes\/wp-content\/uploads\/2022\/04\/INFORMATIVOS-PARA-VOTACAO.pdf\" data-type=\"URL\" data-id=\"https:\/\/sites.uel.br\/eleicoes\/wp-content\/uploads\/2022\/04\/INFORMATIVOS-PARA-VOTACAO.pdf\">clique aqui<\/a>.<\/p>\n<\/div><\/div>\n\n\n\n<p><\/p>\n","protected":false},"excerpt":{"rendered":"<p>A elei\u00e7\u00e3o ser\u00e1 realizada exclusivamente de forma eletr\u00f4nica, via&nbsp;Sistema SAELE, e o eleitor poder\u00e1 efetuar seu voto em qualquer computador ligado \u00e0 Internet. Pontos dispon\u00edveis para vota\u00e7\u00e3o no dia da Elei\u00e7\u00e3o (12\/04) para Reitor e Vice-Reitor, clique aqui Todos os portais (docentes, t\u00e9cnicos-administrativos e estudantes) estar\u00e3o liberados para a elei\u00e7\u00e3o. Tutorial para &#8220;Vota\u00e7\u00e3o Sistema SAELE&#8221; [&hellip;]<\/p>\n","protected":false},"author":6,"featured_media":0,"parent":0,"menu_order":0,"comment_status":"closed","ping_status":"closed","template":"","meta":{"footnotes":""},"class_list":["post-235","page","type-page","status-publish","hentry"],"acf":[],"_links":{"self":[{"href":"https:\/\/sites.uel.br\/eleicoes\/wp-json\/wp\/v2\/pages\/235","targetHints":{"allow":["GET"]}}],"collection":[{"href":"https:\/\/sites.uel.br\/eleicoes\/wp-json\/wp\/v2\/pages"}],"about":[{"href":"https:\/\/sites.uel.br\/eleicoes\/wp-json\/wp\/v2\/types\/page"}],"author":[{"embeddable":true,"href":"https:\/\/sites.uel.br\/eleicoes\/wp-json\/wp\/v2\/users\/6"}],"replies":[{"embeddable":true,"href":"https:\/\/sites.uel.br\/eleicoes\/wp-json\/wp\/v2\/comments?post=235"}],"version-history":[{"count":21,"href":"https:\/\/sites.uel.br\/eleicoes\/wp-json\/wp\/v2\/pages\/235\/revisions"}],"predecessor-version":[{"id":493,"href":"https:\/\/sites.uel.br\/eleicoes\/wp-json\/wp\/v2\/pages\/235\/revisions\/493"}],"wp:attachment":[{"href":"https:\/\/sites.uel.br\/eleicoes\/wp-json\/wp\/v2\/media?parent=235"}],"curies":[{"name":"wp","href":"https:\/\/api.w.org\/{rel}","templated":true}]}}