{"id":83,"date":"2026-03-02T15:58:24","date_gmt":"2026-03-02T18:58:24","guid":{"rendered":"https:\/\/sites.uel.br\/eleicaoreitor2026\/?page_id=83"},"modified":"2026-04-06T21:10:44","modified_gmt":"2026-04-07T00:10:44","slug":"votacao","status":"publish","type":"page","link":"https:\/\/sites.uel.br\/eleicaoreitor2026\/votacao\/","title":{"rendered":"Vota\u00e7\u00e3o"},"content":{"rendered":"\n<hr class=\"wp-block-separator has-text-color has-verde-escuro-color has-alpha-channel-opacity has-verde-escuro-background-color has-background is-style-wide\"\/>\n\n\n\n<p>A Elei\u00e7\u00e3o ser\u00e1 realizada via <strong>Sistema SAELE<\/strong> no dia&nbsp;<strong>8 de Abril de 2026<\/strong>, no per\u00edodo ininterrupto&nbsp;<strong>das 8h \u00e0s 22h<\/strong>, exclusivamente de forma eletr\u00f4nica.<\/p>\n\n\n\n<p>O eleitor poder\u00e1 efetuar seu voto em qualquer dispositivo logado \u00e0 Internet, <strong>atrav\u00e9s do seu respectivo portal<\/strong>.<\/p>\n\n\n\n<div class=\"wp-block-columns is-layout-flex wp-container-core-columns-is-layout-9d6595d7 wp-block-columns-is-layout-flex\">\n<div class=\"wp-block-column is-layout-flow wp-block-column-is-layout-flow\"><div class=\"wp-block-image\">\n<figure class=\"aligncenter size-large is-resized\"><img loading=\"lazy\" decoding=\"async\" width=\"1024\" height=\"300\" src=\"https:\/\/sites.uel.br\/eleicaoreitor2026\/wp-content\/uploads\/2026\/04\/Sistema-SAELE-1024x300.png\" alt=\"\" class=\"wp-image-268\" style=\"aspect-ratio:3.519073927913707;width:1025px;height:auto\" srcset=\"https:\/\/sites.uel.br\/eleicaoreitor2026\/wp-content\/uploads\/2026\/04\/Sistema-SAELE-1024x300.png 1024w, https:\/\/sites.uel.br\/eleicaoreitor2026\/wp-content\/uploads\/2026\/04\/Sistema-SAELE-300x88.png 300w, https:\/\/sites.uel.br\/eleicaoreitor2026\/wp-content\/uploads\/2026\/04\/Sistema-SAELE-768x225.png 768w, https:\/\/sites.uel.br\/eleicaoreitor2026\/wp-content\/uploads\/2026\/04\/Sistema-SAELE.png 1359w\" sizes=\"auto, (max-width: 1024px) 100vw, 1024px\" \/><\/figure>\n<\/div><\/div>\n<\/div>\n\n\n\n<p>Observe a sequ\u00eancia de telas, ap\u00f3s escolher sua categoria entre com sua chapa\/matr\u00edcula e sua senha:<\/p>\n\n\n\n<div class=\"wp-block-columns is-layout-flex wp-container-core-columns-is-layout-9d6595d7 wp-block-columns-is-layout-flex\">\n<div class=\"wp-block-column is-layout-flow wp-block-column-is-layout-flow\"><div class=\"wp-block-image\">\n<figure class=\"aligncenter size-full\"><img loading=\"lazy\" decoding=\"async\" width=\"844\" height=\"392\" src=\"https:\/\/sites.uel.br\/eleicaoreitor2026\/wp-content\/uploads\/2026\/04\/Logon-SAELE.png\" alt=\"\" class=\"wp-image-275\" srcset=\"https:\/\/sites.uel.br\/eleicaoreitor2026\/wp-content\/uploads\/2026\/04\/Logon-SAELE.png 844w, https:\/\/sites.uel.br\/eleicaoreitor2026\/wp-content\/uploads\/2026\/04\/Logon-SAELE-300x139.png 300w, https:\/\/sites.uel.br\/eleicaoreitor2026\/wp-content\/uploads\/2026\/04\/Logon-SAELE-768x357.png 768w\" sizes=\"auto, (max-width: 844px) 100vw, 844px\" \/><\/figure>\n<\/div><\/div>\n<\/div>\n\n\n\n<p>Escolha no teclado da urna o n\u00famero da CHAPA escolhida, vai aparecer a foto dos candidatos, clique em CONFIRMA.<\/p>\n\n\n<div class=\"wp-block-image\">\n<figure class=\"aligncenter size-full\"><img loading=\"lazy\" decoding=\"async\" width=\"879\" height=\"194\" src=\"https:\/\/sites.uel.br\/eleicaoreitor2026\/wp-content\/uploads\/2026\/04\/urna1.png\" alt=\"\" class=\"wp-image-343\" srcset=\"https:\/\/sites.uel.br\/eleicaoreitor2026\/wp-content\/uploads\/2026\/04\/urna1.png 879w, https:\/\/sites.uel.br\/eleicaoreitor2026\/wp-content\/uploads\/2026\/04\/urna1-300x66.png 300w, https:\/\/sites.uel.br\/eleicaoreitor2026\/wp-content\/uploads\/2026\/04\/urna1-768x170.png 768w\" sizes=\"auto, (max-width: 879px) 100vw, 879px\" \/><\/figure>\n<\/div>\n\n\n<p>Escolha no teclado da urna o n\u00famero da CHAPA escolhida, vai aparecer a foto dos candidatos, clique em CONFIRMA.<\/p>\n\n\n<div class=\"wp-block-image\">\n<figure class=\"aligncenter size-full\"><img loading=\"lazy\" decoding=\"async\" width=\"880\" height=\"191\" src=\"https:\/\/sites.uel.br\/eleicaoreitor2026\/wp-content\/uploads\/2026\/04\/urna2.png\" alt=\"\" class=\"wp-image-342\" srcset=\"https:\/\/sites.uel.br\/eleicaoreitor2026\/wp-content\/uploads\/2026\/04\/urna2.png 880w, https:\/\/sites.uel.br\/eleicaoreitor2026\/wp-content\/uploads\/2026\/04\/urna2-300x65.png 300w, https:\/\/sites.uel.br\/eleicaoreitor2026\/wp-content\/uploads\/2026\/04\/urna2-768x167.png 768w\" sizes=\"auto, (max-width: 880px) 100vw, 880px\" \/><\/figure>\n<\/div>\n\n\n<div class=\"wp-block-columns is-layout-flex wp-container-core-columns-is-layout-9d6595d7 wp-block-columns-is-layout-flex\">\n<div class=\"wp-block-column is-layout-flow wp-block-column-is-layout-flow\"><\/div>\n<\/div>\n\n\n\n<p><\/p>\n","protected":false},"excerpt":{"rendered":"<p>A Elei\u00e7\u00e3o ser\u00e1 realizada via Sistema SAELE no dia&nbsp;8 de Abril de 2026, no per\u00edodo ininterrupto&nbsp;das 8h \u00e0s 22h, exclusivamente de forma eletr\u00f4nica. O eleitor poder\u00e1 efetuar seu voto em qualquer dispositivo logado \u00e0 Internet, atrav\u00e9s do seu respectivo portal. Observe a sequ\u00eancia de telas, ap\u00f3s escolher sua categoria entre com sua chapa\/matr\u00edcula e sua [&hellip;]<\/p>\n","protected":false},"author":6,"featured_media":0,"parent":0,"menu_order":0,"comment_status":"closed","ping_status":"closed","template":"","meta":{"_acf_changed":false,"_themeisle_gutenberg_block_has_review":false,"footnotes":""},"class_list":["post-83","page","type-page","status-publish","hentry"],"acf":[],"_links":{"self":[{"href":"https:\/\/sites.uel.br\/eleicaoreitor2026\/wp-json\/wp\/v2\/pages\/83","targetHints":{"allow":["GET"]}}],"collection":[{"href":"https:\/\/sites.uel.br\/eleicaoreitor2026\/wp-json\/wp\/v2\/pages"}],"about":[{"href":"https:\/\/sites.uel.br\/eleicaoreitor2026\/wp-json\/wp\/v2\/types\/page"}],"author":[{"embeddable":true,"href":"https:\/\/sites.uel.br\/eleicaoreitor2026\/wp-json\/wp\/v2\/users\/6"}],"replies":[{"embeddable":true,"href":"https:\/\/sites.uel.br\/eleicaoreitor2026\/wp-json\/wp\/v2\/comments?post=83"}],"version-history":[{"count":17,"href":"https:\/\/sites.uel.br\/eleicaoreitor2026\/wp-json\/wp\/v2\/pages\/83\/revisions"}],"predecessor-version":[{"id":348,"href":"https:\/\/sites.uel.br\/eleicaoreitor2026\/wp-json\/wp\/v2\/pages\/83\/revisions\/348"}],"wp:attachment":[{"href":"https:\/\/sites.uel.br\/eleicaoreitor2026\/wp-json\/wp\/v2\/media?parent=83"}],"curies":[{"name":"wp","href":"https:\/\/api.w.org\/{rel}","templated":true}]}}