{"id":30,"date":"2026-02-27T14:16:37","date_gmt":"2026-02-27T17:16:37","guid":{"rendered":"https:\/\/sites.uel.br\/eleicaoreitor2026\/?page_id=30"},"modified":"2026-03-02T16:04:28","modified_gmt":"2026-03-02T19:04:28","slug":"sobre-a-eleicao","status":"publish","type":"page","link":"https:\/\/sites.uel.br\/eleicaoreitor2026\/sobre-a-eleicao\/","title":{"rendered":"Sobre a Elei\u00e7\u00e3o"},"content":{"rendered":"\n<hr class=\"wp-block-separator has-text-color has-verde-escuro-color has-alpha-channel-opacity has-verde-escuro-background-color has-background is-style-wide\"\/>\n\n\n\n<p>Bem-vindo(a) ao Site Oficial da Elei\u00e7\u00e3o para Reitor(a) e Vice-reitor (a) da Universidade Estadual de Londrina.<\/p>\n\n\n\n<p>Este espa\u00e7o foi criado para garantir transpar\u00eancia, organiza\u00e7\u00e3o e ampla participa\u00e7\u00e3o de toda a comunidade acad\u00eamica no processo de escolha do(a) novo(a) Reitor(a) e seu Vice.<\/p>\n\n\n\n<p>Aqui voc\u00ea encontrar\u00e1 todas as informa\u00e7\u00f5es necess\u00e1rias sobre a elei\u00e7\u00e3o, de forma clara, acess\u00edvel e atualizada.<\/p>\n\n\n\n<p>A Universidade \u00e9 constru\u00edda diariamente por estudantes, docentes, t\u00e9cnicos e colaboradores. Por isso, a escolha de sua lideran\u00e7a m\u00e1xima deve refletir os princ\u00edpios que nos orientam: democracia, responsabilidade p\u00fablica, compromisso com a educa\u00e7\u00e3o de qualidade e respeito \u00e0 diversidade de ideias.<\/p>\n\n\n\n<p>Neste site, voc\u00ea poder\u00e1 acessar:<\/p>\n\n\n\n<ul class=\"wp-block-list\">\n<li>Editais, regulamentos e cronograma oficial da elei\u00e7\u00e3o;<\/li>\n\n\n\n<li>Informa\u00e7\u00f5es sobre as chapas e seus respectivos planos de gest\u00e3o;<\/li>\n\n\n\n<li>Orienta\u00e7\u00f5es sobre crit\u00e9rios de participa\u00e7\u00e3o e formas de vota\u00e7\u00e3o;<\/li>\n\n\n\n<li>Comunicados oficiais da Comiss\u00e3o Eleitoral.<\/li>\n<\/ul>\n\n\n\n<p>Nosso objetivo \u00e9 assegurar um processo eleitoral \u00e9tico, participativo e transparente, fortalecendo a governan\u00e7a institucional e reafirmando o compromisso com a gest\u00e3o democr\u00e1tica.<\/p>\n\n\n\n<p>Convidamos toda a comunidade universit\u00e1ria a acompanhar as etapas da elei\u00e7\u00e3o, conhecer as propostas apresentadas e exercer seu direito de voto de maneira consciente e respons\u00e1vel.<\/p>\n\n\n\n<p>A participa\u00e7\u00e3o de cada um \u00e9 essencial para construirmos, juntos, o futuro da nossa Universidade.<\/p>\n","protected":false},"excerpt":{"rendered":"<p>Bem-vindo(a) ao Site Oficial da Elei\u00e7\u00e3o para Reitor(a) e Vice-reitor (a) da Universidade Estadual de Londrina. Este espa\u00e7o foi criado para garantir transpar\u00eancia, organiza\u00e7\u00e3o e ampla participa\u00e7\u00e3o de toda a comunidade acad\u00eamica no processo de escolha do(a) novo(a) Reitor(a) e seu Vice. Aqui voc\u00ea encontrar\u00e1 todas as informa\u00e7\u00f5es necess\u00e1rias sobre a elei\u00e7\u00e3o, de forma clara, [&hellip;]<\/p>\n","protected":false},"author":6,"featured_media":0,"parent":0,"menu_order":0,"comment_status":"closed","ping_status":"closed","template":"","meta":{"_acf_changed":false,"_themeisle_gutenberg_block_has_review":false,"footnotes":""},"class_list":["post-30","page","type-page","status-publish","hentry"],"acf":[],"_links":{"self":[{"href":"https:\/\/sites.uel.br\/eleicaoreitor2026\/wp-json\/wp\/v2\/pages\/30","targetHints":{"allow":["GET"]}}],"collection":[{"href":"https:\/\/sites.uel.br\/eleicaoreitor2026\/wp-json\/wp\/v2\/pages"}],"about":[{"href":"https:\/\/sites.uel.br\/eleicaoreitor2026\/wp-json\/wp\/v2\/types\/page"}],"author":[{"embeddable":true,"href":"https:\/\/sites.uel.br\/eleicaoreitor2026\/wp-json\/wp\/v2\/users\/6"}],"replies":[{"embeddable":true,"href":"https:\/\/sites.uel.br\/eleicaoreitor2026\/wp-json\/wp\/v2\/comments?post=30"}],"version-history":[{"count":3,"href":"https:\/\/sites.uel.br\/eleicaoreitor2026\/wp-json\/wp\/v2\/pages\/30\/revisions"}],"predecessor-version":[{"id":92,"href":"https:\/\/sites.uel.br\/eleicaoreitor2026\/wp-json\/wp\/v2\/pages\/30\/revisions\/92"}],"wp:attachment":[{"href":"https:\/\/sites.uel.br\/eleicaoreitor2026\/wp-json\/wp\/v2\/media?parent=30"}],"curies":[{"name":"wp","href":"https:\/\/api.w.org\/{rel}","templated":true}]}}