{"id":58,"date":"2026-08-28T13:53:23","date_gmt":"2026-08-28T16:53:23","guid":{"rendered":"https:\/\/sites.uel.br\/eleicao-diretor-centro\/?page_id=58"},"modified":"2026-09-01T10:38:47","modified_gmt":"2026-09-01T13:38:47","slug":"apuracao","status":"publish","type":"page","link":"https:\/\/sites.uel.br\/eleicao-diretor-centro\/apuracao\/","title":{"rendered":"Apura\u00e7\u00e3o"},"content":{"rendered":"\n<hr class=\"wp-block-separator has-text-color has-verde-escuro-color has-alpha-channel-opacity has-verde-escuro-background-color has-background is-style-wide\" \/>\n\n\n\n<p class=\"wp-block-paragraph\">Data: <strong>16\/09\/2026<\/strong>,\u00a0<strong>quarta-feira<\/strong>.<\/p>\n\n\n\n<p class=\"wp-block-paragraph\">Hor\u00e1rio: a partir das <strong>22h00<\/strong><\/p>\n\n\n\n<hr class=\"wp-block-separator has-text-color has-verde-escuro-color has-alpha-channel-opacity has-verde-escuro-background-color has-background is-style-wide\" \/>\n\n\n\n<p class=\"wp-block-paragraph\"><strong>Resultado da Elei\u00e7\u00e3o:<\/strong><\/p>\n\n\n\n<p class=\"wp-block-paragraph\">Dados Gerais, clique aqui.<\/p>\n\n\n\n<hr class=\"wp-block-separator has-text-color has-verde-escuro-color has-alpha-channel-opacity has-verde-escuro-background-color has-background is-style-wide\" \/>\n\n\n\n<div id=\"wp-block-themeisle-blocks-accordion-5bfa3b75\" class=\"wp-block-themeisle-blocks-accordion exclusive\">\n<details class=\"wp-block-themeisle-blocks-accordion-item\"><summary class=\"wp-block-themeisle-blocks-accordion-item__title\"><div><strong>CCA<\/strong><\/div><\/summary><div class=\"wp-block-themeisle-blocks-accordion-item__content\">\n<p class=\"wp-block-paragraph\">\u2013 Resultado da apura\u00e7\u00e3o dos votos,&nbsp;clique aqui<\/p>\n\n\n\n<p class=\"wp-block-paragraph\">\u2013 Quadro de Docentes,&nbsp;clique aqui<\/p>\n\n\n\n<p class=\"wp-block-paragraph\">\u2013 Quadro de T\u00e9cnicos-Administrativos,&nbsp;clique aqui<\/p>\n\n\n\n<p class=\"wp-block-paragraph\">\u2013 Quadro de Estudantes,&nbsp;clique aqui<\/p>\n<\/div><\/details>\n\n\n\n<details class=\"wp-block-themeisle-blocks-accordion-item\"><summary class=\"wp-block-themeisle-blocks-accordion-item__title\"><div><strong>CCB<\/strong><\/div><\/summary><div class=\"wp-block-themeisle-blocks-accordion-item__content\">\n<p class=\"wp-block-paragraph\">\u2013 Resultado da apura\u00e7\u00e3o dos votos,&nbsp;clique aqui<\/p>\n\n\n\n<p class=\"wp-block-paragraph\">\u2013 Quadro de Docentes,&nbsp;clique aqui<\/p>\n\n\n\n<p class=\"wp-block-paragraph\">\u2013 Quadro de T\u00e9cnicos-Administrativos,&nbsp;clique aqui<\/p>\n\n\n\n<p class=\"wp-block-paragraph\">\u2013 Quadro de Estudantes,&nbsp;clique aqui<\/p>\n<\/div><\/details>\n\n\n\n<details class=\"wp-block-themeisle-blocks-accordion-item\"><summary class=\"wp-block-themeisle-blocks-accordion-item__title\"><div><strong>CCE<\/strong><\/div><\/summary><div class=\"wp-block-themeisle-blocks-accordion-item__content\">\n<p class=\"wp-block-paragraph\">\u2013 Resultado da apura\u00e7\u00e3o dos votos,&nbsp;clique aqui<\/p>\n\n\n\n<p class=\"wp-block-paragraph\">\u2013 Quadro de Docentes,&nbsp;clique aqui<\/p>\n\n\n\n<p class=\"wp-block-paragraph\">\u2013 Quadro de T\u00e9cnicos-Administrativos,&nbsp;clique aqui<\/p>\n\n\n\n<p class=\"wp-block-paragraph\">\u2013 Quadro de Estudantes,&nbsp;clique aqui<\/p>\n<\/div><\/details>\n\n\n\n<details class=\"wp-block-themeisle-blocks-accordion-item\"><summary class=\"wp-block-themeisle-blocks-accordion-item__title\"><div><strong>CCS<\/strong><\/div><\/summary><div class=\"wp-block-themeisle-blocks-accordion-item__content\">\n<p class=\"wp-block-paragraph\">\u2013 Resultado da apura\u00e7\u00e3o dos votos,&nbsp;clique aqui<\/p>\n\n\n\n<p class=\"wp-block-paragraph\">\u2013 Quadro de Docentes,&nbsp;clique aqui<\/p>\n\n\n\n<p class=\"wp-block-paragraph\">\u2013 Quadro de T\u00e9cnicos-Administrativos,&nbsp;clique aqui<\/p>\n\n\n\n<p class=\"wp-block-paragraph\">\u2013 Quadro de Estudantes,&nbsp;clique aqui<\/p>\n<\/div><\/details>\n\n\n\n<details class=\"wp-block-themeisle-blocks-accordion-item\"><summary class=\"wp-block-themeisle-blocks-accordion-item__title\"><div><strong>CECA<\/strong><\/div><\/summary><div class=\"wp-block-themeisle-blocks-accordion-item__content\">\n<p class=\"wp-block-paragraph\">\u2013 Resultado da apura\u00e7\u00e3o dos votos,&nbsp;clique aqui<\/p>\n\n\n\n<p class=\"wp-block-paragraph\">\u2013 Quadro de Docentes,&nbsp;clique aqui<\/p>\n\n\n\n<p class=\"wp-block-paragraph\">\u2013 Quadro de T\u00e9cnicos-Administrativos,&nbsp;clique aqui<\/p>\n\n\n\n<p class=\"wp-block-paragraph\">\u2013 Quadro de Estudantes,&nbsp;clique aqui<\/p>\n<\/div><\/details>\n\n\n\n<details class=\"wp-block-themeisle-blocks-accordion-item\"><summary class=\"wp-block-themeisle-blocks-accordion-item__title\"><div><strong>CEFE<\/strong><\/div><\/summary><div class=\"wp-block-themeisle-blocks-accordion-item__content\">\n<p class=\"wp-block-paragraph\">\u2013 Resultado da apura\u00e7\u00e3o dos votos,&nbsp;clique aqui<\/p>\n\n\n\n<p class=\"wp-block-paragraph\">\u2013 Quadro de Docentes,&nbsp;clique aqui<\/p>\n\n\n\n<p class=\"wp-block-paragraph\">\u2013 Quadro de T\u00e9cnicos-Administrativos,&nbsp;clique aqui<\/p>\n\n\n\n<p class=\"wp-block-paragraph\">\u2013 Quadro de Estudantes,&nbsp;clique aqui<\/p>\n<\/div><\/details>\n\n\n\n<details class=\"wp-block-themeisle-blocks-accordion-item\"><summary class=\"wp-block-themeisle-blocks-accordion-item__title\"><div><strong>CESA<\/strong><\/div><\/summary><div class=\"wp-block-themeisle-blocks-accordion-item__content\">\n<p class=\"wp-block-paragraph\">\u2013 Resultado da apura\u00e7\u00e3o dos votos,&nbsp;clique aqui<\/p>\n\n\n\n<p class=\"wp-block-paragraph\">\u2013 Quadro de Docentes,&nbsp;clique aqui<\/p>\n\n\n\n<p class=\"wp-block-paragraph\">\u2013 Quadro de T\u00e9cnicos-Administrativos,&nbsp;clique aqui<\/p>\n\n\n\n<p class=\"wp-block-paragraph\">\u2013 Quadro de Estudantes,&nbsp;clique aqui<\/p>\n<\/div><\/details>\n\n\n\n<details class=\"wp-block-themeisle-blocks-accordion-item\"><summary class=\"wp-block-themeisle-blocks-accordion-item__title\"><div><strong>CLCH<\/strong><\/div><\/summary><div class=\"wp-block-themeisle-blocks-accordion-item__content\">\n<p class=\"wp-block-paragraph\">\u2013 Resultado da apura\u00e7\u00e3o dos votos,&nbsp;clique aqui<\/p>\n\n\n\n<p class=\"wp-block-paragraph\">\u2013 Quadro de Docentes,&nbsp;clique aqui<\/p>\n\n\n\n<p class=\"wp-block-paragraph\">\u2013 Quadro de T\u00e9cnicos-Administrativos,&nbsp;clique aqui<\/p>\n\n\n\n<p class=\"wp-block-paragraph\">\u2013 Quadro de Estudantes,&nbsp;clique aqui<\/p>\n<\/div><\/details>\n\n\n\n<details class=\"wp-block-themeisle-blocks-accordion-item\"><summary class=\"wp-block-themeisle-blocks-accordion-item__title\"><div><strong>CTU<\/strong><\/div><\/summary><div class=\"wp-block-themeisle-blocks-accordion-item__content\">\n<p class=\"wp-block-paragraph\">\u2013 Resultado da apura\u00e7\u00e3o dos votos,&nbsp;clique aqui<\/p>\n\n\n\n<p class=\"wp-block-paragraph\">\u2013 Quadro de Docentes,&nbsp;clique aqui<\/p>\n\n\n\n<p class=\"wp-block-paragraph\">\u2013 Quadro de T\u00e9cnicos-Administrativos,&nbsp;clique aqui<\/p>\n\n\n\n<p class=\"wp-block-paragraph\">\u2013 Quadro de Estudantes,&nbsp;clique aqui<\/p>\n<\/div><\/details>\n<\/div>\n\n\n\n<p class=\"wp-block-paragraph\"><\/p>\n","protected":false},"excerpt":{"rendered":"<p>Data: 16\/09\/2026,\u00a0quarta-feira. Hor\u00e1rio: a partir das 22h00 Resultado da Elei\u00e7\u00e3o: Dados Gerais, clique aqui.<\/p>\n","protected":false},"author":6,"featured_media":0,"parent":0,"menu_order":0,"comment_status":"closed","ping_status":"closed","template":"","meta":{"_acf_changed":false,"_themeisle_gutenberg_block_has_review":false,"footnotes":"","_members_access_role":[],"_members_access_error":""},"class_list":["post-58","page","type-page","status-publish","hentry"],"acf":[],"_links":{"self":[{"href":"https:\/\/sites.uel.br\/eleicao-diretor-centro\/wp-json\/wp\/v2\/pages\/58","targetHints":{"allow":["GET"]}}],"collection":[{"href":"https:\/\/sites.uel.br\/eleicao-diretor-centro\/wp-json\/wp\/v2\/pages"}],"about":[{"href":"https:\/\/sites.uel.br\/eleicao-diretor-centro\/wp-json\/wp\/v2\/types\/page"}],"author":[{"embeddable":true,"href":"https:\/\/sites.uel.br\/eleicao-diretor-centro\/wp-json\/wp\/v2\/users\/6"}],"replies":[{"embeddable":true,"href":"https:\/\/sites.uel.br\/eleicao-diretor-centro\/wp-json\/wp\/v2\/comments?post=58"}],"version-history":[{"count":10,"href":"https:\/\/sites.uel.br\/eleicao-diretor-centro\/wp-json\/wp\/v2\/pages\/58\/revisions"}],"predecessor-version":[{"id":142,"href":"https:\/\/sites.uel.br\/eleicao-diretor-centro\/wp-json\/wp\/v2\/pages\/58\/revisions\/142"}],"wp:attachment":[{"href":"https:\/\/sites.uel.br\/eleicao-diretor-centro\/wp-json\/wp\/v2\/media?parent=58"}],"curies":[{"name":"wp","href":"https:\/\/api.w.org\/{rel}","templated":true}]}}

Apuração

<hr class="wp-block-separator has-text-color has-verde-escuro-color has-alpha-channel-opacity has-verde-escuro-background-color has-background is-style-wide" />



<p class="wp-block-paragraph">Data: <strong>16/09/2026</strong>, <strong>quarta-feira</strong>.</p>



<p class="wp-block-paragraph">Horário: a partir das <strong>22h00</strong></p>



<hr class="wp-block-separator has-text-color has-verde-escuro-color has-alpha-channel-opacity has-verde-escuro-background-color has-background is-style-wide" />



<p class="wp-block-paragraph"><strong>Resultado da Eleição:</strong></p>



<p class="wp-block-paragraph">Dados Gerais, clique aqui.</p>



<hr class="wp-block-separator has-text-color has-verde-escuro-color has-alpha-channel-opacity has-verde-escuro-background-color has-background is-style-wide" />



<div id="wp-block-themeisle-blocks-accordion-5bfa3b75" class="wp-block-themeisle-blocks-accordion exclusive">
<details class="wp-block-themeisle-blocks-accordion-item"><summary class="wp-block-themeisle-blocks-accordion-item__title"><div><strong>CCA</strong></div></summary><div class="wp-block-themeisle-blocks-accordion-item__content">
<p class="wp-block-paragraph">– Resultado da apuração dos votos,&nbsp;clique aqui</p>



<p class="wp-block-paragraph">– Quadro de Docentes,&nbsp;clique aqui</p>



<p class="wp-block-paragraph">– Quadro de Técnicos-Administrativos,&nbsp;clique aqui</p>



<p class="wp-block-paragraph">– Quadro de Estudantes,&nbsp;clique aqui</p>
</div></details>



<details class="wp-block-themeisle-blocks-accordion-item"><summary class="wp-block-themeisle-blocks-accordion-item__title"><div><strong>CCB</strong></div></summary><div class="wp-block-themeisle-blocks-accordion-item__content">
<p class="wp-block-paragraph">– Resultado da apuração dos votos,&nbsp;clique aqui</p>



<p class="wp-block-paragraph">– Quadro de Docentes,&nbsp;clique aqui</p>



<p class="wp-block-paragraph">– Quadro de Técnicos-Administrativos,&nbsp;clique aqui</p>



<p class="wp-block-paragraph">– Quadro de Estudantes,&nbsp;clique aqui</p>
</div></details>



<details class="wp-block-themeisle-blocks-accordion-item"><summary class="wp-block-themeisle-blocks-accordion-item__title"><div><strong>CCE</strong></div></summary><div class="wp-block-themeisle-blocks-accordion-item__content">
<p class="wp-block-paragraph">– Resultado da apuração dos votos,&nbsp;clique aqui</p>



<p class="wp-block-paragraph">– Quadro de Docentes,&nbsp;clique aqui</p>



<p class="wp-block-paragraph">– Quadro de Técnicos-Administrativos,&nbsp;clique aqui</p>



<p class="wp-block-paragraph">– Quadro de Estudantes,&nbsp;clique aqui</p>
</div></details>



<details class="wp-block-themeisle-blocks-accordion-item"><summary class="wp-block-themeisle-blocks-accordion-item__title"><div><strong>CCS</strong></div></summary><div class="wp-block-themeisle-blocks-accordion-item__content">
<p class="wp-block-paragraph">– Resultado da apuração dos votos,&nbsp;clique aqui</p>



<p class="wp-block-paragraph">– Quadro de Docentes,&nbsp;clique aqui</p>



<p class="wp-block-paragraph">– Quadro de Técnicos-Administrativos,&nbsp;clique aqui</p>



<p class="wp-block-paragraph">– Quadro de Estudantes,&nbsp;clique aqui</p>
</div></details>



<details class="wp-block-themeisle-blocks-accordion-item"><summary class="wp-block-themeisle-blocks-accordion-item__title"><div><strong>CECA</strong></div></summary><div class="wp-block-themeisle-blocks-accordion-item__content">
<p class="wp-block-paragraph">– Resultado da apuração dos votos,&nbsp;clique aqui</p>



<p class="wp-block-paragraph">– Quadro de Docentes,&nbsp;clique aqui</p>



<p class="wp-block-paragraph">– Quadro de Técnicos-Administrativos,&nbsp;clique aqui</p>



<p class="wp-block-paragraph">– Quadro de Estudantes,&nbsp;clique aqui</p>
</div></details>



<details class="wp-block-themeisle-blocks-accordion-item"><summary class="wp-block-themeisle-blocks-accordion-item__title"><div><strong>CEFE</strong></div></summary><div class="wp-block-themeisle-blocks-accordion-item__content">
<p class="wp-block-paragraph">– Resultado da apuração dos votos,&nbsp;clique aqui</p>



<p class="wp-block-paragraph">– Quadro de Docentes,&nbsp;clique aqui</p>



<p class="wp-block-paragraph">– Quadro de Técnicos-Administrativos,&nbsp;clique aqui</p>



<p class="wp-block-paragraph">– Quadro de Estudantes,&nbsp;clique aqui</p>
</div></details>



<details class="wp-block-themeisle-blocks-accordion-item"><summary class="wp-block-themeisle-blocks-accordion-item__title"><div><strong>CESA</strong></div></summary><div class="wp-block-themeisle-blocks-accordion-item__content">
<p class="wp-block-paragraph">– Resultado da apuração dos votos,&nbsp;clique aqui</p>



<p class="wp-block-paragraph">– Quadro de Docentes,&nbsp;clique aqui</p>



<p class="wp-block-paragraph">– Quadro de Técnicos-Administrativos,&nbsp;clique aqui</p>



<p class="wp-block-paragraph">– Quadro de Estudantes,&nbsp;clique aqui</p>
</div></details>



<details class="wp-block-themeisle-blocks-accordion-item"><summary class="wp-block-themeisle-blocks-accordion-item__title"><div><strong>CLCH</strong></div></summary><div class="wp-block-themeisle-blocks-accordion-item__content">
<p class="wp-block-paragraph">– Resultado da apuração dos votos,&nbsp;clique aqui</p>



<p class="wp-block-paragraph">– Quadro de Docentes,&nbsp;clique aqui</p>



<p class="wp-block-paragraph">– Quadro de Técnicos-Administrativos,&nbsp;clique aqui</p>



<p class="wp-block-paragraph">– Quadro de Estudantes,&nbsp;clique aqui</p>
</div></details>



<details class="wp-block-themeisle-blocks-accordion-item"><summary class="wp-block-themeisle-blocks-accordion-item__title"><div><strong>CTU</strong></div></summary><div class="wp-block-themeisle-blocks-accordion-item__content">
<p class="wp-block-paragraph">– Resultado da apuração dos votos,&nbsp;clique aqui</p>



<p class="wp-block-paragraph">– Quadro de Docentes,&nbsp;clique aqui</p>



<p class="wp-block-paragraph">– Quadro de Técnicos-Administrativos,&nbsp;clique aqui</p>



<p class="wp-block-paragraph">– Quadro de Estudantes,&nbsp;clique aqui</p>
</div></details>
</div>



<p class="wp-block-paragraph"></p>

<p>Data: 16/09/2026, quarta-feira. Horário: a partir das 22h00 Resultado da Eleição: Dados Gerais, clique aqui.</p>
