{"id":38,"date":"2026-08-28T11:01:51","date_gmt":"2026-08-28T14:01:51","guid":{"rendered":"https:\/\/sites.uel.br\/eleicao-diretor-centro\/?page_id=38"},"modified":"2026-08-31T09:54:59","modified_gmt":"2026-08-31T12:54:59","slug":"votacao","status":"publish","type":"page","link":"https:\/\/sites.uel.br\/eleicao-diretor-centro\/votacao\/","title":{"rendered":"Vota\u00e7\u00e3o"},"content":{"rendered":"\n<hr class=\"wp-block-separator has-text-color has-verde-escuro-color has-alpha-channel-opacity has-verde-escuro-background-color has-background is-style-wide\" \/>\n\n\n\n<p class=\"wp-block-paragraph\">A elei\u00e7\u00e3o ser\u00e1 realizada no dia <strong>16\/09\/2026<\/strong>, das <strong>8:00 \u00e0s 22:00 horas<\/strong>, exclusivamente de forma eletr\u00f4nica, via Sistema SAELE, sendo poss\u00edvel o eleitor efetuar seu voto em qualquer computador ligado \u00e0 Internet.<\/p>\n\n\n\n<figure class=\"wp-block-table\"><table class=\"has-cinza-escuro-color has-verde-claro-background-color has-text-color has-background has-link-color has-fixed-layout\"><tbody><tr><td><strong>LINKS PARA VOTA\u00c7\u00c3O NOS CENTROS<\/strong><\/td><td><strong>PONTOS DE VOTA\u00c7\u00c3O NOS CENTROS<\/strong><\/td><\/tr><tr><td><strong>CCA<\/strong>:<\/td><td><strong>CCA<\/strong><\/td><\/tr><tr><td><strong>CCB<\/strong>:<\/td><td><strong>CCB<\/strong><\/td><\/tr><tr><td><strong>CCE<\/strong>:<\/td><td><strong>CCE<\/strong><\/td><\/tr><tr><td><strong>CCS<\/strong>:<\/td><td><strong>CCS<\/strong><\/td><\/tr><tr><td><strong>CECA<\/strong>:<\/td><td><strong>CECA<\/strong><\/td><\/tr><tr><td><strong>CEFE<\/strong>:<\/td><td><strong>CEFE<\/strong><\/td><\/tr><tr><td><strong>CESA<\/strong>:<\/td><td><strong>CESA<\/strong><\/td><\/tr><tr><td><strong>CLCH<\/strong>:<\/td><td><strong>CLCH<\/strong><\/td><\/tr><tr><td><strong>CTU<\/strong>:<\/td><td><strong>CTU<\/strong><\/td><\/tr><\/tbody><\/table><\/figure>\n","protected":false},"excerpt":{"rendered":"<p>A elei\u00e7\u00e3o ser\u00e1 realizada no dia 16\/09\/2026, das 8:00 \u00e0s 22:00 horas, exclusivamente de forma eletr\u00f4nica, via Sistema SAELE, sendo poss\u00edvel o eleitor efetuar seu voto em qualquer computador ligado \u00e0 Internet. LINKS PARA VOTA\u00c7\u00c3O NOS CENTROS PONTOS DE VOTA\u00c7\u00c3O NOS CENTROS CCA: CCA CCB: CCB CCE: CCE CCS: CCS CECA: CECA CEFE: CEFE CESA: [&hellip;]<\/p>\n","protected":false},"author":6,"featured_media":0,"parent":0,"menu_order":0,"comment_status":"closed","ping_status":"closed","template":"","meta":{"_acf_changed":false,"_themeisle_gutenberg_block_has_review":false,"footnotes":"","_members_access_role":[],"_members_access_error":""},"class_list":["post-38","page","type-page","status-publish","hentry"],"acf":[],"_links":{"self":[{"href":"https:\/\/sites.uel.br\/eleicao-diretor-centro\/wp-json\/wp\/v2\/pages\/38","targetHints":{"allow":["GET"]}}],"collection":[{"href":"https:\/\/sites.uel.br\/eleicao-diretor-centro\/wp-json\/wp\/v2\/pages"}],"about":[{"href":"https:\/\/sites.uel.br\/eleicao-diretor-centro\/wp-json\/wp\/v2\/types\/page"}],"author":[{"embeddable":true,"href":"https:\/\/sites.uel.br\/eleicao-diretor-centro\/wp-json\/wp\/v2\/users\/6"}],"replies":[{"embeddable":true,"href":"https:\/\/sites.uel.br\/eleicao-diretor-centro\/wp-json\/wp\/v2\/comments?post=38"}],"version-history":[{"count":13,"href":"https:\/\/sites.uel.br\/eleicao-diretor-centro\/wp-json\/wp\/v2\/pages\/38\/revisions"}],"predecessor-version":[{"id":98,"href":"https:\/\/sites.uel.br\/eleicao-diretor-centro\/wp-json\/wp\/v2\/pages\/38\/revisions\/98"}],"wp:attachment":[{"href":"https:\/\/sites.uel.br\/eleicao-diretor-centro\/wp-json\/wp\/v2\/media?parent=38"}],"curies":[{"name":"wp","href":"https:\/\/api.w.org\/{rel}","templated":true}]}}

Votação

<hr class="wp-block-separator has-text-color has-verde-escuro-color has-alpha-channel-opacity has-verde-escuro-background-color has-background is-style-wide" />



<p class="wp-block-paragraph">A eleição será realizada no dia <strong>16/09/2026</strong>, das <strong>8:00 às 22:00 horas</strong>, exclusivamente de forma eletrônica, via Sistema SAELE, sendo possível o eleitor efetuar seu voto em qualquer computador ligado à Internet.</p>



<figure class="wp-block-table"><table class="has-cinza-escuro-color has-verde-claro-background-color has-text-color has-background has-link-color has-fixed-layout"><tbody><tr><td><strong>LINKS PARA VOTAÇÃO NOS CENTROS</strong></td><td><strong>PONTOS DE VOTAÇÃO NOS CENTROS</strong></td></tr><tr><td><strong>CCA</strong>:</td><td><strong>CCA</strong></td></tr><tr><td><strong>CCB</strong>:</td><td><strong>CCB</strong></td></tr><tr><td><strong>CCE</strong>:</td><td><strong>CCE</strong></td></tr><tr><td><strong>CCS</strong>:</td><td><strong>CCS</strong></td></tr><tr><td><strong>CECA</strong>:</td><td><strong>CECA</strong></td></tr><tr><td><strong>CEFE</strong>:</td><td><strong>CEFE</strong></td></tr><tr><td><strong>CESA</strong>:</td><td><strong>CESA</strong></td></tr><tr><td><strong>CLCH</strong>:</td><td><strong>CLCH</strong></td></tr><tr><td><strong>CTU</strong>:</td><td><strong>CTU</strong></td></tr></tbody></table></figure>

<p>A eleição será realizada no dia 16/09/2026, das 8:00 às 22:00 horas, exclusivamente de forma eletrônica, via Sistema SAELE, sendo possível o eleitor efetuar seu voto em qualquer computador ligado à Internet. LINKS PARA VOTAÇÃO NOS CENTROS PONTOS DE VOTAÇÃO NOS CENTROS CCA: CCA CCB: CCB CCE: CCE CCS: CCS CECA: CECA CEFE: CEFE CESA: [&hellip;]</p>
