{"id":17,"date":"2026-08-28T10:14:32","date_gmt":"2026-08-28T13:14:32","guid":{"rendered":"https:\/\/sites.uel.br\/eleicao-diretor-centro\/?page_id=17"},"modified":"2026-09-01T10:36:59","modified_gmt":"2026-09-01T13:36:59","slug":"sobre-a-eleicao","status":"publish","type":"page","link":"https:\/\/sites.uel.br\/eleicao-diretor-centro\/sobre-a-eleicao\/","title":{"rendered":"Sobre a Elei\u00e7\u00e3o"},"content":{"rendered":"\n<hr class=\"wp-block-separator has-text-color has-verde-escuro-color has-alpha-channel-opacity has-verde-escuro-background-color has-background is-style-wide\" \/>\n\n\n\n<p class=\"wp-block-paragraph\">Bem-vindas e bem-vindos ao Site Oficial da Elei\u00e7\u00e3o para <strong>Diretoras e Diretores para os Centros de Estudos da Universidade Estadual de Londrina<\/strong>.<\/p>\n\n\n\n<p class=\"wp-block-paragraph\">Aqui voc\u00ea encontrar\u00e1 todas as informa\u00e7\u00f5es necess\u00e1rias sobre a elei\u00e7\u00e3o, de forma clara, acess\u00edvel e atualizada.<\/p>\n\n\n\n<p class=\"wp-block-paragraph\">Neste <em>site<\/em>, voc\u00ea poder\u00e1 acessar:<\/p>\n\n\n\n<ul class=\"wp-block-list\">\n<li>Regulamentos e cronograma oficial da elei\u00e7\u00e3o;<\/li>\n\n\n\n<li>Informa\u00e7\u00f5es sobre as chapas;<\/li>\n\n\n\n<li>Comunicados oficiais da Comiss\u00e3o Eleitoral.<\/li>\n<\/ul>\n\n\n\n<p class=\"wp-block-paragraph\">Nosso objetivo \u00e9 assegurar um processo eleitoral \u00e9tico e transparente.<\/p>\n\n\n\n<p class=\"wp-block-paragraph\">As elei\u00e7\u00f5es acontecer\u00e3o no dia <strong>16\/09\/2026<\/strong>,\u00a0<strong>quarta-feira<\/strong>, mediante voto \u00fanico, direto e secreto, com a participa\u00e7\u00e3o da Comunidade Universit\u00e1ria do respectivo Centro de Estudos.<\/p>\n\n\n\n<p class=\"wp-block-paragraph\">As Diretoras e Diretores, as Vice-Diretoras e Vice-Diretores dos Centros de Estudos da Universidade ser\u00e3o nomeados pela Reitora, conforme resultado da elei\u00e7\u00e3o processada de acordo com as normas do Regimento.<\/p>\n\n\n\n<div class=\"wp-block-columns is-layout-flex wp-container-core-columns-is-layout-8f761849 wp-block-columns-is-layout-flex\">\n<div class=\"wp-block-column is-layout-flow wp-block-column-is-layout-flow\"><\/div>\n<\/div>\n","protected":false},"excerpt":{"rendered":"<p>Bem-vindas e bem-vindos ao Site Oficial da Elei\u00e7\u00e3o para Diretoras e Diretores para os Centros de Estudos da Universidade Estadual de Londrina. Aqui voc\u00ea encontrar\u00e1 todas as informa\u00e7\u00f5es necess\u00e1rias sobre a elei\u00e7\u00e3o, de forma clara, acess\u00edvel e atualizada. Neste site, voc\u00ea poder\u00e1 acessar: Nosso objetivo \u00e9 assegurar um processo eleitoral \u00e9tico e transparente. As elei\u00e7\u00f5es [&hellip;]<\/p>\n","protected":false},"author":6,"featured_media":0,"parent":0,"menu_order":0,"comment_status":"closed","ping_status":"closed","template":"","meta":{"_acf_changed":false,"_themeisle_gutenberg_block_has_review":false,"footnotes":"","_members_access_role":[],"_members_access_error":""},"class_list":["post-17","page","type-page","status-publish","hentry"],"acf":[],"_links":{"self":[{"href":"https:\/\/sites.uel.br\/eleicao-diretor-centro\/wp-json\/wp\/v2\/pages\/17","targetHints":{"allow":["GET"]}}],"collection":[{"href":"https:\/\/sites.uel.br\/eleicao-diretor-centro\/wp-json\/wp\/v2\/pages"}],"about":[{"href":"https:\/\/sites.uel.br\/eleicao-diretor-centro\/wp-json\/wp\/v2\/types\/page"}],"author":[{"embeddable":true,"href":"https:\/\/sites.uel.br\/eleicao-diretor-centro\/wp-json\/wp\/v2\/users\/6"}],"replies":[{"embeddable":true,"href":"https:\/\/sites.uel.br\/eleicao-diretor-centro\/wp-json\/wp\/v2\/comments?post=17"}],"version-history":[{"count":6,"href":"https:\/\/sites.uel.br\/eleicao-diretor-centro\/wp-json\/wp\/v2\/pages\/17\/revisions"}],"predecessor-version":[{"id":140,"href":"https:\/\/sites.uel.br\/eleicao-diretor-centro\/wp-json\/wp\/v2\/pages\/17\/revisions\/140"}],"wp:attachment":[{"href":"https:\/\/sites.uel.br\/eleicao-diretor-centro\/wp-json\/wp\/v2\/media?parent=17"}],"curies":[{"name":"wp","href":"https:\/\/api.w.org\/{rel}","templated":true}]}}

Sobre a Eleição

<hr class="wp-block-separator has-text-color has-verde-escuro-color has-alpha-channel-opacity has-verde-escuro-background-color has-background is-style-wide" />



<p class="wp-block-paragraph">Bem-vindas e bem-vindos ao Site Oficial da Eleição para <strong>Diretoras e Diretores para os Centros de Estudos da Universidade Estadual de Londrina</strong>.</p>



<p class="wp-block-paragraph">Aqui você encontrará todas as informações necessárias sobre a eleição, de forma clara, acessível e atualizada.</p>



<p class="wp-block-paragraph">Neste <em>site</em>, você poderá acessar:</p>



<ul class="wp-block-list">
<li>Regulamentos e cronograma oficial da eleição;</li>



<li>Informações sobre as chapas;</li>



<li>Comunicados oficiais da Comissão Eleitoral.</li>
</ul>



<p class="wp-block-paragraph">Nosso objetivo é assegurar um processo eleitoral ético e transparente.</p>



<p class="wp-block-paragraph">As eleições acontecerão no dia <strong>16/09/2026</strong>, <strong>quarta-feira</strong>, mediante voto único, direto e secreto, com a participação da Comunidade Universitária do respectivo Centro de Estudos.</p>



<p class="wp-block-paragraph">As Diretoras e Diretores, as Vice-Diretoras e Vice-Diretores dos Centros de Estudos da Universidade serão nomeados pela Reitora, conforme resultado da eleição processada de acordo com as normas do Regimento.</p>



<div class="wp-block-columns is-layout-flex wp-container-core-columns-is-layout-8f761849 wp-block-columns-is-layout-flex">
<div class="wp-block-column is-layout-flow wp-block-column-is-layout-flow"></div>
</div>

<p>Bem-vindas e bem-vindos ao Site Oficial da Eleição para Diretoras e Diretores para os Centros de Estudos da Universidade Estadual de Londrina. Aqui você encontrará todas as informações necessárias sobre a eleição, de forma clara, acessível e atualizada. Neste site, você poderá acessar: Nosso objetivo é assegurar um processo eleitoral ético e transparente. As eleições [&hellip;]</p>
