{"id":873,"date":"2026-02-02T10:34:01","date_gmt":"2026-02-02T13:34:01","guid":{"rendered":"https:\/\/sites.uel.br\/eaaj\/?page_id=873"},"modified":"2026-02-02T10:34:01","modified_gmt":"2026-02-02T13:34:01","slug":"2025-2","status":"publish","type":"page","link":"https:\/\/sites.uel.br\/eaaj\/2025-2\/","title":{"rendered":"2025"},"content":{"rendered":"\n<p class=\"has-text-align-center\"><br>&nbsp;<strong>Dados Estat\u00edsticos 2025<\/strong><\/p>\n\n\n\n<figure class=\"wp-block-table has-small-font-size\"><table><tbody><tr><td class=\"has-text-align-center\" data-align=\"center\"><strong>&nbsp;M\u00caS<\/strong><\/td><td class=\"has-text-align-center\" data-align=\"center\"><strong>CASOS<\/strong><strong><br>NOVOS<\/strong><\/td><td class=\"has-text-align-center\" data-align=\"center\">&nbsp;<strong>ENCERRADOS<\/strong><\/td><td class=\"has-text-align-center\" data-align=\"center\">&nbsp;<strong>AJUIZADOS<\/strong><\/td><td class=\"has-text-align-center\" data-align=\"center\"><strong>ANDAMENTOS<\/strong><\/td><td class=\"has-text-align-center\" data-align=\"center\"><strong>AUDI\u00caNCIAS<\/strong><\/td><td class=\"has-text-align-center\" data-align=\"center\"><strong>DESP.<br>JUDIC.<\/strong><\/td><td class=\"has-text-align-center\" data-align=\"center\"><strong>RETORNO<\/strong><\/td><td class=\"has-text-align-center\" data-align=\"center\"><strong>&nbsp;CONSULTAS<\/strong><\/td><td class=\"has-text-align-center\" data-align=\"center\"><strong>GUICH\u00ca E TELEFONE<\/strong><strong>&nbsp;<\/strong><strong>&nbsp;<\/strong><\/td><td class=\"has-text-align-center\" data-align=\"center\"><strong>TRIAGEM<\/strong><\/td><\/tr><tr><td class=\"has-text-align-center\" data-align=\"center\">&nbsp;<strong>JAN<\/strong><\/td><td class=\"has-text-align-center\" data-align=\"center\">105<\/td><td class=\"has-text-align-center\" data-align=\"center\">185<\/td><td class=\"has-text-align-center\" data-align=\"center\">119<\/td><td class=\"has-text-align-center\" data-align=\"center\">4.063<\/td><td class=\"has-text-align-center\" data-align=\"center\">46<\/td><td class=\"has-text-align-center\" data-align=\"center\">1.300<\/td><td class=\"has-text-align-center\" data-align=\"center\">218<\/td><td class=\"has-text-align-center\" data-align=\"center\">110<\/td><td class=\"has-text-align-center\" data-align=\"center\">483<\/td><td class=\"has-text-align-center\" data-align=\"center\">112<\/td><\/tr><tr><td class=\"has-text-align-center\" data-align=\"center\"><strong>&nbsp;FEV<\/strong><\/td><td class=\"has-text-align-center\" data-align=\"center\">168<\/td><td class=\"has-text-align-center\" data-align=\"center\">365<\/td><td class=\"has-text-align-center\" data-align=\"center\">210<\/td><td class=\"has-text-align-center\" data-align=\"center\">3.866<\/td><td class=\"has-text-align-center\" data-align=\"center\">99<\/td><td class=\"has-text-align-center\" data-align=\"center\">1.679<\/td><td class=\"has-text-align-center\" data-align=\"center\">270<\/td><td class=\"has-text-align-center\" data-align=\"center\">132<\/td><td class=\"has-text-align-center\" data-align=\"center\">553<\/td><td class=\"has-text-align-center\" data-align=\"center\">172<\/td><\/tr><tr><td class=\"has-text-align-center\" data-align=\"center\">&nbsp;<strong>MAR<\/strong><\/td><td class=\"has-text-align-center\" data-align=\"center\">84<\/td><td class=\"has-text-align-center\" data-align=\"center\">48<\/td><td class=\"has-text-align-center\" data-align=\"center\">85<\/td><td class=\"has-text-align-center\" data-align=\"center\">3.902<\/td><td class=\"has-text-align-center\" data-align=\"center\">91<\/td><td class=\"has-text-align-center\" data-align=\"center\">1.353<\/td><td class=\"has-text-align-center\" data-align=\"center\">209<\/td><td class=\"has-text-align-center\" data-align=\"center\">&nbsp;85<\/td><td class=\"has-text-align-center\" data-align=\"center\">473<\/td><td class=\"has-text-align-center\" data-align=\"center\">85<\/td><\/tr><tr><td class=\"has-text-align-center\" data-align=\"center\"><strong>&nbsp;ABR<\/strong><\/td><td class=\"has-text-align-center\" data-align=\"center\">274<\/td><td class=\"has-text-align-center\" data-align=\"center\">306<\/td><td class=\"has-text-align-center\" data-align=\"center\">122<\/td><td class=\"has-text-align-center\" data-align=\"center\">3.870<\/td><td class=\"has-text-align-center\" data-align=\"center\">92<\/td><td class=\"has-text-align-center\" data-align=\"center\">1.642<\/td><td class=\"has-text-align-center\" data-align=\"center\">693<\/td><td class=\"has-text-align-center\" data-align=\"center\">118<\/td><td class=\"has-text-align-center\" data-align=\"center\">754<\/td><td class=\"has-text-align-center\" data-align=\"center\">443<\/td><\/tr><tr><td class=\"has-text-align-center\" data-align=\"center\">&nbsp;<strong>MAI<\/strong><\/td><td class=\"has-text-align-center\" data-align=\"center\">452<\/td><td class=\"has-text-align-center\" data-align=\"center\">178<\/td><td class=\"has-text-align-center\" data-align=\"center\">165<\/td><td class=\"has-text-align-center\" data-align=\"center\">4.144<\/td><td class=\"has-text-align-center\" data-align=\"center\">101<\/td><td class=\"has-text-align-center\" data-align=\"center\">2.006<\/td><td class=\"has-text-align-center\" data-align=\"center\">675<\/td><td class=\"has-text-align-center\" data-align=\"center\">97<\/td><td class=\"has-text-align-center\" data-align=\"center\">634<\/td><td class=\"has-text-align-center\" data-align=\"center\">486<\/td><\/tr><tr><td class=\"has-text-align-center\" data-align=\"center\">&nbsp;<strong>JUN<\/strong><\/td><td class=\"has-text-align-center\" data-align=\"center\">257<\/td><td class=\"has-text-align-center\" data-align=\"center\">208<\/td><td class=\"has-text-align-center\" data-align=\"center\">194<\/td><td class=\"has-text-align-center\" data-align=\"center\">4.193<\/td><td class=\"has-text-align-center\" data-align=\"center\">133<\/td><td class=\"has-text-align-center\" data-align=\"center\">1.759<\/td><td class=\"has-text-align-center\" data-align=\"center\">467<\/td><td class=\"has-text-align-center\" data-align=\"center\">157<\/td><td class=\"has-text-align-center\" data-align=\"center\">593<\/td><td class=\"has-text-align-center\" data-align=\"center\">254<\/td><\/tr><tr><td class=\"has-text-align-center\" data-align=\"center\">&nbsp;<strong>JUL<\/strong><\/td><td class=\"has-text-align-center\" data-align=\"center\">170<\/td><td class=\"has-text-align-center\" data-align=\"center\">341<\/td><td class=\"has-text-align-center\" data-align=\"center\">245<\/td><td class=\"has-text-align-center\" data-align=\"center\">4.022<\/td><td class=\"has-text-align-center\" data-align=\"center\">110<\/td><td class=\"has-text-align-center\" data-align=\"center\">2.021<\/td><td class=\"has-text-align-center\" data-align=\"center\">342<\/td><td class=\"has-text-align-center\" data-align=\"center\">108<\/td><td class=\"has-text-align-center\" data-align=\"center\">708<\/td><td class=\"has-text-align-center\" data-align=\"center\">169<\/td><\/tr><tr><td class=\"has-text-align-center\" data-align=\"center\">&nbsp;<strong>AGO<\/strong><\/td><td class=\"has-text-align-center\" data-align=\"center\">324<\/td><td class=\"has-text-align-center\" data-align=\"center\">161<\/td><td class=\"has-text-align-center\" data-align=\"center\">177<\/td><td class=\"has-text-align-center\" data-align=\"center\">4.185<\/td><td class=\"has-text-align-center\" data-align=\"center\">96<\/td><td class=\"has-text-align-center\" data-align=\"center\">2.010<\/td><td class=\"has-text-align-center\" data-align=\"center\">408<\/td><td class=\"has-text-align-center\" data-align=\"center\">93<\/td><td class=\"has-text-align-center\" data-align=\"center\">1.046<\/td><td class=\"has-text-align-center\" data-align=\"center\">557<\/td><\/tr><tr><td class=\"has-text-align-center\" data-align=\"center\">&nbsp;<strong>SET<\/strong><\/td><td class=\"has-text-align-center\" data-align=\"center\">472<\/td><td class=\"has-text-align-center\" data-align=\"center\">318<\/td><td class=\"has-text-align-center\" data-align=\"center\">223<\/td><td class=\"has-text-align-center\" data-align=\"center\">4.339<\/td><td class=\"has-text-align-center\" data-align=\"center\">127<\/td><td class=\"has-text-align-center\" data-align=\"center\">3.356<\/td><td class=\"has-text-align-center\" data-align=\"center\">663<\/td><td class=\"has-text-align-center\" data-align=\"center\">93<\/td><td class=\"has-text-align-center\" data-align=\"center\">1.150<\/td><td class=\"has-text-align-center\" data-align=\"center\">416<\/td><\/tr><tr><td class=\"has-text-align-center\" data-align=\"center\">&nbsp;<strong>OUT<\/strong><\/td><td class=\"has-text-align-center\" data-align=\"center\">177<\/td><td class=\"has-text-align-center\" data-align=\"center\">181<\/td><td class=\"has-text-align-center\" data-align=\"center\">154<\/td><td class=\"has-text-align-center\" data-align=\"center\">4.335<\/td><td class=\"has-text-align-center\" data-align=\"center\">117<\/td><td class=\"has-text-align-center\" data-align=\"center\">2.604<\/td><td class=\"has-text-align-center\" data-align=\"center\">322<\/td><td class=\"has-text-align-center\" data-align=\"center\">74<\/td><td class=\"has-text-align-center\" data-align=\"center\">829<\/td><td class=\"has-text-align-center\" data-align=\"center\">177<\/td><\/tr><tr><td class=\"has-text-align-center\" data-align=\"center\">&nbsp;<strong>NOV<\/strong><\/td><td class=\"has-text-align-center\" data-align=\"center\">102<\/td><td class=\"has-text-align-center\" data-align=\"center\">345<\/td><td class=\"has-text-align-center\" data-align=\"center\">172<\/td><td class=\"has-text-align-center\" data-align=\"center\">4.092<\/td><td class=\"has-text-align-center\" data-align=\"center\">119<\/td><td class=\"has-text-align-center\" data-align=\"center\">2.060<\/td><td class=\"has-text-align-center\" data-align=\"center\">259<\/td><td class=\"has-text-align-center\" data-align=\"center\">61<\/td><td class=\"has-text-align-center\" data-align=\"center\">623<\/td><td class=\"has-text-align-center\" data-align=\"center\">111<\/td><\/tr><tr><td class=\"has-text-align-center\" data-align=\"center\">&nbsp;<strong>DEZ<\/strong><\/td><td class=\"has-text-align-center\" data-align=\"center\">80<\/td><td class=\"has-text-align-center\" data-align=\"center\">245<\/td><td class=\"has-text-align-center\" data-align=\"center\">116<\/td><td class=\"has-text-align-center\" data-align=\"center\">3.927<\/td><td class=\"has-text-align-center\" data-align=\"center\">56<\/td><td class=\"has-text-align-center\" data-align=\"center\">1.645<\/td><td class=\"has-text-align-center\" data-align=\"center\">131<\/td><td class=\"has-text-align-center\" data-align=\"center\">14<\/td><td class=\"has-text-align-center\" data-align=\"center\">414<\/td><td class=\"has-text-align-center\" data-align=\"center\">71<\/td><\/tr><tr><td class=\"has-text-align-center\" data-align=\"center\">&nbsp;<strong>TOTAL<\/strong><\/td><td class=\"has-text-align-center\" data-align=\"center\">2.665<\/td><td class=\"has-text-align-center\" data-align=\"center\">2.881<\/td><td class=\"has-text-align-center\" data-align=\"center\">1.982<\/td><td class=\"has-text-align-center\" data-align=\"center\">&nbsp;Demonst.<br>Mensal<\/td><td class=\"has-text-align-center\" data-align=\"center\">1.188<\/td><td class=\"has-text-align-center\" data-align=\"center\">23.435<\/td><td class=\"has-text-align-center\" data-align=\"center\">4.657<\/td><td class=\"has-text-align-center\" data-align=\"center\">1.142<\/td><td class=\"has-text-align-center\" data-align=\"center\">8.260<\/td><td class=\"has-text-align-center\" data-align=\"center\">3.053<\/td><\/tr><\/tbody><\/table><\/figure>\n","protected":false},"excerpt":{"rendered":"<p>&nbsp;Dados Estat\u00edsticos 2025 &nbsp;M\u00caS CASOSNOVOS &nbsp;ENCERRADOS &nbsp;AJUIZADOS ANDAMENTOS AUDI\u00caNCIAS DESP.JUDIC. RETORNO &nbsp;CONSULTAS GUICH\u00ca E TELEFONE&nbsp;&nbsp; TRIAGEM &nbsp;JAN 105 185 119 4.063 46 1.300 218 110 483 112 &nbsp;FEV 168 365 210 3.866 99 1.679 270 132 553 172 &nbsp;MAR 84 48 85 3.902 91 1.353 209 &nbsp;85 473 85 &nbsp;ABR 274 306 122 3.870 92 [&hellip;]<\/p>\n","protected":false},"author":7,"featured_media":0,"parent":0,"menu_order":0,"comment_status":"closed","ping_status":"closed","template":"","meta":{"footnotes":""},"class_list":["post-873","page","type-page","status-publish","hentry"],"acf":[],"_links":{"self":[{"href":"https:\/\/sites.uel.br\/eaaj\/wp-json\/wp\/v2\/pages\/873","targetHints":{"allow":["GET"]}}],"collection":[{"href":"https:\/\/sites.uel.br\/eaaj\/wp-json\/wp\/v2\/pages"}],"about":[{"href":"https:\/\/sites.uel.br\/eaaj\/wp-json\/wp\/v2\/types\/page"}],"author":[{"embeddable":true,"href":"https:\/\/sites.uel.br\/eaaj\/wp-json\/wp\/v2\/users\/7"}],"replies":[{"embeddable":true,"href":"https:\/\/sites.uel.br\/eaaj\/wp-json\/wp\/v2\/comments?post=873"}],"version-history":[{"count":1,"href":"https:\/\/sites.uel.br\/eaaj\/wp-json\/wp\/v2\/pages\/873\/revisions"}],"predecessor-version":[{"id":874,"href":"https:\/\/sites.uel.br\/eaaj\/wp-json\/wp\/v2\/pages\/873\/revisions\/874"}],"wp:attachment":[{"href":"https:\/\/sites.uel.br\/eaaj\/wp-json\/wp\/v2\/media?parent=873"}],"curies":[{"name":"wp","href":"https:\/\/api.w.org\/{rel}","templated":true}]}}