{"id":455,"date":"2023-05-23T13:50:55","date_gmt":"2023-05-23T16:50:55","guid":{"rendered":"https:\/\/sites.uel.br\/eaaj\/?page_id=455"},"modified":"2024-04-18T14:35:46","modified_gmt":"2024-04-18T17:35:46","slug":"regimento-do-eaaj","status":"publish","type":"page","link":"https:\/\/sites.uel.br\/eaaj\/regimento-do-eaaj\/","title":{"rendered":"Regimento do EAAJ"},"content":{"rendered":"\n<p><\/p>\n\n\n<div class=\"wp-block-image\">\n<figure class=\"alignleft size-thumbnail is-resized\"><img loading=\"lazy\" decoding=\"async\" width=\"150\" height=\"150\" src=\"https:\/\/sites.uel.br\/eaaj\/wp-content\/uploads\/2023\/05\/img_pdf-150x150.png\" alt=\"\" class=\"wp-image-342\" style=\"width:30px\" srcset=\"https:\/\/sites.uel.br\/eaaj\/wp-content\/uploads\/2023\/05\/img_pdf-150x150.png 150w, https:\/\/sites.uel.br\/eaaj\/wp-content\/uploads\/2023\/05\/img_pdf-300x300.png 300w, https:\/\/sites.uel.br\/eaaj\/wp-content\/uploads\/2023\/05\/img_pdf.png 512w\" sizes=\"auto, (max-width: 150px) 100vw, 150px\" \/><\/figure>\n<\/div>\n\n\n<p class=\"has-medium-font-size\"><a href=\"https:\/\/sites.uel.br\/eaaj\/wp-content\/uploads\/2024\/04\/Regimento-EAAJ.pdf\" data-type=\"link\" data-id=\"https:\/\/sites.uel.br\/eaaj\/wp-content\/uploads\/2024\/04\/Regimento-EAAJ.pdf\">Regimento do Escrit\u00f3rio de Aplica\u00e7\u00e3o de Assuntos Jur\u00eddicos<\/a><\/p>\n","protected":false},"excerpt":{"rendered":"<p>Regimento do Escrit\u00f3rio de Aplica\u00e7\u00e3o de Assuntos Jur\u00eddicos<\/p>\n","protected":false},"author":7,"featured_media":0,"parent":0,"menu_order":0,"comment_status":"closed","ping_status":"closed","template":"","meta":{"footnotes":""},"class_list":["post-455","page","type-page","status-publish","hentry"],"acf":[],"_links":{"self":[{"href":"https:\/\/sites.uel.br\/eaaj\/wp-json\/wp\/v2\/pages\/455","targetHints":{"allow":["GET"]}}],"collection":[{"href":"https:\/\/sites.uel.br\/eaaj\/wp-json\/wp\/v2\/pages"}],"about":[{"href":"https:\/\/sites.uel.br\/eaaj\/wp-json\/wp\/v2\/types\/page"}],"author":[{"embeddable":true,"href":"https:\/\/sites.uel.br\/eaaj\/wp-json\/wp\/v2\/users\/7"}],"replies":[{"embeddable":true,"href":"https:\/\/sites.uel.br\/eaaj\/wp-json\/wp\/v2\/comments?post=455"}],"version-history":[{"count":11,"href":"https:\/\/sites.uel.br\/eaaj\/wp-json\/wp\/v2\/pages\/455\/revisions"}],"predecessor-version":[{"id":616,"href":"https:\/\/sites.uel.br\/eaaj\/wp-json\/wp\/v2\/pages\/455\/revisions\/616"}],"wp:attachment":[{"href":"https:\/\/sites.uel.br\/eaaj\/wp-json\/wp\/v2\/media?parent=455"}],"curies":[{"name":"wp","href":"https:\/\/api.w.org\/{rel}","templated":true}]}}