{"id":421,"date":"2023-05-23T08:21:08","date_gmt":"2023-05-23T11:21:08","guid":{"rendered":"https:\/\/sites.uel.br\/eaaj\/?page_id=421"},"modified":"2023-05-23T08:25:40","modified_gmt":"2023-05-23T11:25:40","slug":"2017-2018","status":"publish","type":"page","link":"https:\/\/sites.uel.br\/eaaj\/2017-2018\/","title":{"rendered":"2017-2018"},"content":{"rendered":"\n<p><\/p>\n\n\n\n<p class=\"has-text-align-center\"><strong>DADOS ESTAT\u00cdSTICOS 2017<\/strong><\/p>\n\n\n\n<figure class=\"wp-block-table has-small-font-size\"><table><tbody><tr><td class=\"has-text-align-center\" data-align=\"center\"><strong>&nbsp;M\u00caS<\/strong><\/td><td class=\"has-text-align-center\" data-align=\"center\"><strong>CASOS<br>NOVOS<\/strong><\/td><td class=\"has-text-align-center\" data-align=\"center\">&nbsp;<strong>ENCERRADOS<\/strong><\/td><td class=\"has-text-align-center\" data-align=\"center\">&nbsp;<strong>AJUIZADOS<\/strong><\/td><td class=\"has-text-align-center\" data-align=\"center\"><strong>ANDAMENTOS<\/strong><\/td><td class=\"has-text-align-center\" data-align=\"center\"><strong>AUDI\u00caNCIAS<\/strong><\/td><td class=\"has-text-align-center\" data-align=\"center\"><strong>DESP.<br>JUDIC.<\/strong><\/td><td class=\"has-text-align-center\" data-align=\"center\"><strong>RETORNO<\/strong><\/td><td class=\"has-text-align-center\" data-align=\"center\"><strong>&nbsp;CONSULTAS<\/strong><\/td><td class=\"has-text-align-center\" data-align=\"center\"><strong>GUICH\u00ca E TELEFONE&nbsp;&nbsp;<\/strong><\/td><td class=\"has-text-align-center\" data-align=\"center\"><strong>TRIAGEM<\/strong><\/td><td class=\"has-text-align-center\" data-align=\"center\"><strong>RETIRADA<br>PASTAS&nbsp;<\/strong><\/td><\/tr><tr><td class=\"has-text-align-center\" data-align=\"center\">\u00a0<strong>JAN<\/strong><\/td><td class=\"has-text-align-center\" data-align=\"center\">25<\/td><td class=\"has-text-align-center\" data-align=\"center\">57<\/td><td class=\"has-text-align-center\" data-align=\"center\">33<\/td><td class=\"has-text-align-center\" data-align=\"center\">2.570<\/td><td class=\"has-text-align-center\" data-align=\"center\">27<\/td><td class=\"has-text-align-center\" data-align=\"center\">&nbsp;712<\/td><td class=\"has-text-align-center\" data-align=\"center\">&nbsp;144<\/td><td class=\"has-text-align-center\" data-align=\"center\">23<\/td><td class=\"has-text-align-center\" data-align=\"center\">590<\/td><td class=\"has-text-align-center\" data-align=\"center\">&#8211;<\/td><td class=\"has-text-align-center\" data-align=\"center\">610<\/td><\/tr><tr><td class=\"has-text-align-center\" data-align=\"center\"><strong>&nbsp;FEV<\/strong><\/td><td class=\"has-text-align-center\" data-align=\"center\">26<\/td><td class=\"has-text-align-center\" data-align=\"center\">37<\/td><td class=\"has-text-align-center\" data-align=\"center\">17<\/td><td class=\"has-text-align-center\" data-align=\"center\">2.555<\/td><td class=\"has-text-align-center\" data-align=\"center\">79<\/td><td class=\"has-text-align-center\" data-align=\"center\">&nbsp;974<\/td><td class=\"has-text-align-center\" data-align=\"center\">&nbsp;116<\/td><td class=\"has-text-align-center\" data-align=\"center\">36<\/td><td class=\"has-text-align-center\" data-align=\"center\">1.134<\/td><td class=\"has-text-align-center\" data-align=\"center\">&#8211;<\/td><td class=\"has-text-align-center\" data-align=\"center\">722<\/td><\/tr><tr><td class=\"has-text-align-center\" data-align=\"center\">&nbsp;<strong>MAR<\/strong><\/td><td class=\"has-text-align-center\" data-align=\"center\">36<\/td><td class=\"has-text-align-center\" data-align=\"center\">106<\/td><td class=\"has-text-align-center\" data-align=\"center\">14<\/td><td class=\"has-text-align-center\" data-align=\"center\">2.482<\/td><td class=\"has-text-align-center\" data-align=\"center\">&nbsp;92<\/td><td class=\"has-text-align-center\" data-align=\"center\">&nbsp;1.282<\/td><td class=\"has-text-align-center\" data-align=\"center\">&nbsp;152<\/td><td class=\"has-text-align-center\" data-align=\"center\">16<\/td><td class=\"has-text-align-center\" data-align=\"center\">3.532<\/td><td class=\"has-text-align-center\" data-align=\"center\">&#8211;<\/td><td class=\"has-text-align-center\" data-align=\"center\">3.000<\/td><\/tr><tr><td class=\"has-text-align-center\" data-align=\"center\"><strong>&nbsp;ABR<\/strong><\/td><td class=\"has-text-align-center\" data-align=\"center\">95<\/td><td class=\"has-text-align-center\" data-align=\"center\">141<\/td><td class=\"has-text-align-center\" data-align=\"center\">58<\/td><td class=\"has-text-align-center\" data-align=\"center\">2.431<\/td><td class=\"has-text-align-center\" data-align=\"center\">&nbsp;64<\/td><td class=\"has-text-align-center\" data-align=\"center\">931<\/td><td class=\"has-text-align-center\" data-align=\"center\">&nbsp;308<\/td><td class=\"has-text-align-center\" data-align=\"center\">77<\/td><td class=\"has-text-align-center\" data-align=\"center\">2.082<\/td><td class=\"has-text-align-center\" data-align=\"center\">120<\/td><td class=\"has-text-align-center\" data-align=\"center\">4.383<\/td><\/tr><tr><td class=\"has-text-align-center\" data-align=\"center\">&nbsp;<strong>MAI<\/strong><\/td><td class=\"has-text-align-center\" data-align=\"center\">485<\/td><td class=\"has-text-align-center\" data-align=\"center\">117<\/td><td class=\"has-text-align-center\" data-align=\"center\">105<\/td><td class=\"has-text-align-center\" data-align=\"center\">2.796<\/td><td class=\"has-text-align-center\" data-align=\"center\">&nbsp;88<\/td><td class=\"has-text-align-center\" data-align=\"center\">&nbsp;1.217<\/td><td class=\"has-text-align-center\" data-align=\"center\">&nbsp;920<\/td><td class=\"has-text-align-center\" data-align=\"center\">57<\/td><td class=\"has-text-align-center\" data-align=\"center\">2.921<\/td><td class=\"has-text-align-center\" data-align=\"center\">471<\/td><td class=\"has-text-align-center\" data-align=\"center\">5.173<\/td><\/tr><tr><td class=\"has-text-align-center\" data-align=\"center\">&nbsp;<strong>JUN<\/strong><\/td><td class=\"has-text-align-center\" data-align=\"center\">210<\/td><td class=\"has-text-align-center\" data-align=\"center\">130<\/td><td class=\"has-text-align-center\" data-align=\"center\">140<\/td><td class=\"has-text-align-center\" data-align=\"center\">2.875<\/td><td class=\"has-text-align-center\" data-align=\"center\">&nbsp;88<\/td><td class=\"has-text-align-center\" data-align=\"center\">&nbsp;1.012<\/td><td class=\"has-text-align-center\" data-align=\"center\">&nbsp;682<\/td><td class=\"has-text-align-center\" data-align=\"center\">63<\/td><td class=\"has-text-align-center\" data-align=\"center\">2.578<\/td><td class=\"has-text-align-center\" data-align=\"center\">373<\/td><td class=\"has-text-align-center\" data-align=\"center\">4.515<\/td><\/tr><tr><td class=\"has-text-align-center\" data-align=\"center\">&nbsp;<strong>JUL<\/strong><\/td><td class=\"has-text-align-center\" data-align=\"center\">178<\/td><td class=\"has-text-align-center\" data-align=\"center\">160<\/td><td class=\"has-text-align-center\" data-align=\"center\">103<\/td><td class=\"has-text-align-center\" data-align=\"center\">2.894<\/td><td class=\"has-text-align-center\" data-align=\"center\">&nbsp;75<\/td><td class=\"has-text-align-center\" data-align=\"center\">1.160<\/td><td class=\"has-text-align-center\" data-align=\"center\">&nbsp;460<\/td><td class=\"has-text-align-center\" data-align=\"center\">69<\/td><td class=\"has-text-align-center\" data-align=\"center\">2.144<\/td><td class=\"has-text-align-center\" data-align=\"center\">&#8211;<\/td><td class=\"has-text-align-center\" data-align=\"center\">4.368<\/td><\/tr><tr><td class=\"has-text-align-center\" data-align=\"center\">&nbsp;<strong>AGO<\/strong><\/td><td class=\"has-text-align-center\" data-align=\"center\">110<\/td><td class=\"has-text-align-center\" data-align=\"center\">201<\/td><td class=\"has-text-align-center\" data-align=\"center\">119<\/td><td class=\"has-text-align-center\" data-align=\"center\">2.805<\/td><td class=\"has-text-align-center\" data-align=\"center\">&nbsp;123<\/td><td class=\"has-text-align-center\" data-align=\"center\">1.415<\/td><td class=\"has-text-align-center\" data-align=\"center\">551<\/td><td class=\"has-text-align-center\" data-align=\"center\">105<\/td><td class=\"has-text-align-center\" data-align=\"center\">2.196<\/td><td class=\"has-text-align-center\" data-align=\"center\">&#8211;<\/td><td class=\"has-text-align-center\" data-align=\"center\">5.330<\/td><\/tr><tr><td class=\"has-text-align-center\" data-align=\"center\">&nbsp;<strong>SET<\/strong><\/td><td class=\"has-text-align-center\" data-align=\"center\">&nbsp;286<\/td><td class=\"has-text-align-center\" data-align=\"center\">115<\/td><td class=\"has-text-align-center\" data-align=\"center\">92<\/td><td class=\"has-text-align-center\" data-align=\"center\">2.977<\/td><td class=\"has-text-align-center\" data-align=\"center\">&nbsp;96<\/td><td class=\"has-text-align-center\" data-align=\"center\">1.137<\/td><td class=\"has-text-align-center\" data-align=\"center\">628<\/td><td class=\"has-text-align-center\" data-align=\"center\">49<\/td><td class=\"has-text-align-center\" data-align=\"center\">2.216<\/td><td class=\"has-text-align-center\" data-align=\"center\">416<\/td><td class=\"has-text-align-center\" data-align=\"center\">3.732<\/td><\/tr><tr><td class=\"has-text-align-center\" data-align=\"center\">&nbsp;<strong>OUT<\/strong><\/td><td class=\"has-text-align-center\" data-align=\"center\">&nbsp;222<\/td><td class=\"has-text-align-center\" data-align=\"center\">187<\/td><td class=\"has-text-align-center\" data-align=\"center\">150<\/td><td class=\"has-text-align-center\" data-align=\"center\">3.011<\/td><td class=\"has-text-align-center\" data-align=\"center\">&nbsp;125<\/td><td class=\"has-text-align-center\" data-align=\"center\">1.457<\/td><td class=\"has-text-align-center\" data-align=\"center\">721<\/td><td class=\"has-text-align-center\" data-align=\"center\">52<\/td><td class=\"has-text-align-center\" data-align=\"center\">2.223<\/td><td class=\"has-text-align-center\" data-align=\"center\">114<\/td><td class=\"has-text-align-center\" data-align=\"center\">5.342<\/td><\/tr><tr><td class=\"has-text-align-center\" data-align=\"center\">&nbsp;<strong>NOV<\/strong><\/td><td class=\"has-text-align-center\" data-align=\"center\">&nbsp;70<\/td><td class=\"has-text-align-center\" data-align=\"center\">259<\/td><td class=\"has-text-align-center\" data-align=\"center\">151<\/td><td class=\"has-text-align-center\" data-align=\"center\">2.821<\/td><td class=\"has-text-align-center\" data-align=\"center\">&nbsp;98<\/td><td class=\"has-text-align-center\" data-align=\"center\">1.292<\/td><td class=\"has-text-align-center\" data-align=\"center\">481<\/td><td class=\"has-text-align-center\" data-align=\"center\">54<\/td><td class=\"has-text-align-center\" data-align=\"center\">2.118<\/td><td class=\"has-text-align-center\" data-align=\"center\">&#8211;<\/td><td class=\"has-text-align-center\" data-align=\"center\">6.600<\/td><\/tr><tr><td class=\"has-text-align-center\" data-align=\"center\">&nbsp;<strong>DEZ<\/strong><\/td><td class=\"has-text-align-center\" data-align=\"center\">&nbsp;29&nbsp;<\/td><td class=\"has-text-align-center\" data-align=\"center\">195&nbsp;<\/td><td class=\"has-text-align-center\" data-align=\"center\">68&nbsp;<\/td><td class=\"has-text-align-center\" data-align=\"center\">2.655<\/td><td class=\"has-text-align-center\" data-align=\"center\">&nbsp;45&nbsp;<\/td><td class=\"has-text-align-center\" data-align=\"center\">1.053<\/td><td class=\"has-text-align-center\" data-align=\"center\">&nbsp;92&nbsp;<\/td><td class=\"has-text-align-center\" data-align=\"center\">&nbsp;13&nbsp;<\/td><td class=\"has-text-align-center\" data-align=\"center\">953&nbsp;<\/td><td class=\"has-text-align-center\" data-align=\"center\">&nbsp;&#8211;&nbsp;<\/td><td class=\"has-text-align-center\" data-align=\"center\">&nbsp;2.051&nbsp;<\/td><\/tr><tr><td class=\"has-text-align-center\" data-align=\"center\">&nbsp;<strong>TOTAL<\/strong><\/td><td class=\"has-text-align-center\" data-align=\"center\">&nbsp;&nbsp;&nbsp;&nbsp;&nbsp;&nbsp;&nbsp;&nbsp;&nbsp;&nbsp;&nbsp;&nbsp;&nbsp;&nbsp;&nbsp; 1.772&nbsp;&nbsp;&nbsp;&nbsp;&nbsp;&nbsp;&nbsp;&nbsp;&nbsp;&nbsp;&nbsp;&nbsp;&nbsp;&nbsp;&nbsp;<\/td><td class=\"has-text-align-center\" data-align=\"center\">1.705<\/td><td class=\"has-text-align-center\" data-align=\"center\">&nbsp;1.050<\/td><td class=\"has-text-align-center\" data-align=\"center\">&nbsp;Demonst.<br>Mensal<\/td><td class=\"has-text-align-center\" data-align=\"center\">1.003<\/td><td class=\"has-text-align-center\" data-align=\"center\">13.642<\/td><td class=\"has-text-align-center\" data-align=\"center\">5.255<\/td><td class=\"has-text-align-center\" data-align=\"center\">614<\/td><td class=\"has-text-align-center\" data-align=\"center\">24.687<\/td><td class=\"has-text-align-center\" data-align=\"center\">1.494<\/td><td class=\"has-text-align-center\" data-align=\"center\">&nbsp;45.826<\/td><\/tr><\/tbody><\/table><\/figure>\n\n\n\n<p><\/p>\n\n\n\n<p class=\"has-text-align-center\"><strong>DADOS ESTAT\u00cdSTICOS 2018<\/strong><\/p>\n\n\n\n<figure class=\"wp-block-table has-small-font-size\"><table><tbody><tr><td class=\"has-text-align-center\" data-align=\"center\"><strong>&nbsp;M\u00caS<\/strong><\/td><td class=\"has-text-align-center\" data-align=\"center\"><strong>CASOS<br>NOVOS<\/strong><\/td><td class=\"has-text-align-center\" data-align=\"center\">&nbsp;<strong>ENCERRADOS<\/strong><\/td><td class=\"has-text-align-center\" data-align=\"center\">&nbsp;<strong>AJUIZADOS<\/strong><\/td><td class=\"has-text-align-center\" data-align=\"center\"><strong>ANDAMENTOS<\/strong><\/td><td class=\"has-text-align-center\" data-align=\"center\"><strong>AUDI\u00caNCIAS<\/strong><\/td><td class=\"has-text-align-center\" data-align=\"center\"><strong>DESP.<br>JUDIC.<\/strong><\/td><td class=\"has-text-align-center\" data-align=\"center\"><strong>RETORNO<\/strong><\/td><td class=\"has-text-align-center\" data-align=\"center\"><strong>&nbsp;CONSULTAS<\/strong><\/td><td class=\"has-text-align-center\" data-align=\"center\"><strong>GUICH\u00ca E TELEFONE&nbsp;&nbsp;<\/strong><\/td><td class=\"has-text-align-center\" data-align=\"center\"><strong>TRIAGEM<\/strong><\/td><td class=\"has-text-align-center\" data-align=\"center\"><strong>RETIRADA<br>PASTAS&nbsp;<\/strong><\/td><\/tr><tr><td class=\"has-text-align-center\" data-align=\"center\">\u00a0<strong>JAN<\/strong><\/td><td class=\"has-text-align-center\" data-align=\"center\">30<\/td><td class=\"has-text-align-center\" data-align=\"center\">14<\/td><td class=\"has-text-align-center\" data-align=\"center\">11<\/td><td class=\"has-text-align-center\" data-align=\"center\">2.671<\/td><td class=\"has-text-align-center\" data-align=\"center\">34<\/td><td class=\"has-text-align-center\" data-align=\"center\">860<\/td><td class=\"has-text-align-center\" data-align=\"center\">66<\/td><td class=\"has-text-align-center\" data-align=\"center\">29<\/td><td class=\"has-text-align-center\" data-align=\"center\">1.029<\/td><td class=\"has-text-align-center\" data-align=\"center\">&#8211;<\/td><td class=\"has-text-align-center\" data-align=\"center\">713<\/td><\/tr><tr><td class=\"has-text-align-center\" data-align=\"center\"><strong>&nbsp;FEV<\/strong><\/td><td class=\"has-text-align-center\" data-align=\"center\">45<\/td><td class=\"has-text-align-center\" data-align=\"center\">19<\/td><td class=\"has-text-align-center\" data-align=\"center\">4<\/td><td class=\"has-text-align-center\" data-align=\"center\">2.696<\/td><td class=\"has-text-align-center\" data-align=\"center\">118<\/td><td class=\"has-text-align-center\" data-align=\"center\">1.059<\/td><td class=\"has-text-align-center\" data-align=\"center\">104<\/td><td class=\"has-text-align-center\" data-align=\"center\">53<\/td><td class=\"has-text-align-center\" data-align=\"center\">859<\/td><td class=\"has-text-align-center\" data-align=\"center\">&#8211;<\/td><td class=\"has-text-align-center\" data-align=\"center\">772<\/td><\/tr><tr><td class=\"has-text-align-center\" data-align=\"center\">&nbsp;<strong>MAR<\/strong><\/td><td class=\"has-text-align-center\" data-align=\"center\">128<\/td><td class=\"has-text-align-center\" data-align=\"center\">205<\/td><td class=\"has-text-align-center\" data-align=\"center\">50<\/td><td class=\"has-text-align-center\" data-align=\"center\">2.611<\/td><td class=\"has-text-align-center\" data-align=\"center\">100<\/td><td class=\"has-text-align-center\" data-align=\"center\">1.267<\/td><td class=\"has-text-align-center\" data-align=\"center\">&nbsp;518<\/td><td class=\"has-text-align-center\" data-align=\"center\">112<\/td><td class=\"has-text-align-center\" data-align=\"center\">2.281<\/td><td class=\"has-text-align-center\" data-align=\"center\">&#8211;<\/td><td class=\"has-text-align-center\" data-align=\"center\">5.929<\/td><\/tr><tr><td class=\"has-text-align-center\" data-align=\"center\"><strong>&nbsp;ABR<\/strong><\/td><td class=\"has-text-align-center\" data-align=\"center\">472<\/td><td class=\"has-text-align-center\" data-align=\"center\">147<\/td><td class=\"has-text-align-center\" data-align=\"center\">81<\/td><td class=\"has-text-align-center\" data-align=\"center\">2.936<\/td><td class=\"has-text-align-center\" data-align=\"center\">101<\/td><td class=\"has-text-align-center\" data-align=\"center\">1.230<\/td><td class=\"has-text-align-center\" data-align=\"center\">&nbsp;817<\/td><td class=\"has-text-align-center\" data-align=\"center\">67<\/td><td class=\"has-text-align-center\" data-align=\"center\">2.440<\/td><td class=\"has-text-align-center\" data-align=\"center\">608<\/td><td class=\"has-text-align-center\" data-align=\"center\">5.157<\/td><\/tr><tr><td class=\"has-text-align-center\" data-align=\"center\">&nbsp;<strong>MAI<\/strong><\/td><td class=\"has-text-align-center\" data-align=\"center\">366<\/td><td class=\"has-text-align-center\" data-align=\"center\">151<\/td><td class=\"has-text-align-center\" data-align=\"center\">119<\/td><td class=\"has-text-align-center\" data-align=\"center\">3.149<\/td><td class=\"has-text-align-center\" data-align=\"center\">88<\/td><td class=\"has-text-align-center\" data-align=\"center\">1.231<\/td><td class=\"has-text-align-center\" data-align=\"center\">&nbsp;863<\/td><td class=\"has-text-align-center\" data-align=\"center\">31<\/td><td class=\"has-text-align-center\" data-align=\"center\">2.370<\/td><td class=\"has-text-align-center\" data-align=\"center\">359<\/td><td class=\"has-text-align-center\" data-align=\"center\">4.424<\/td><\/tr><tr><td class=\"has-text-align-center\" data-align=\"center\">&nbsp;<strong>JUN<\/strong><\/td><td class=\"has-text-align-center\" data-align=\"center\">203<\/td><td class=\"has-text-align-center\" data-align=\"center\">274<\/td><td class=\"has-text-align-center\" data-align=\"center\">159<\/td><td class=\"has-text-align-center\" data-align=\"center\">3.078<\/td><td class=\"has-text-align-center\" data-align=\"center\">75<\/td><td class=\"has-text-align-center\" data-align=\"center\">1.512<\/td><td class=\"has-text-align-center\" data-align=\"center\">773<\/td><td class=\"has-text-align-center\" data-align=\"center\">62<\/td><td class=\"has-text-align-center\" data-align=\"center\">2.225<\/td><td class=\"has-text-align-center\" data-align=\"center\">128<\/td><td class=\"has-text-align-center\" data-align=\"center\">7.463<\/td><\/tr><tr><td class=\"has-text-align-center\" data-align=\"center\">&nbsp;<strong>JUL<\/strong><\/td><td class=\"has-text-align-center\" data-align=\"center\">37<\/td><td class=\"has-text-align-center\" data-align=\"center\">64<\/td><td class=\"has-text-align-center\" data-align=\"center\">29<\/td><td class=\"has-text-align-center\" data-align=\"center\">3.061<\/td><td class=\"has-text-align-center\" data-align=\"center\">94<\/td><td class=\"has-text-align-center\" data-align=\"center\">1.314<\/td><td class=\"has-text-align-center\" data-align=\"center\">198<\/td><td class=\"has-text-align-center\" data-align=\"center\">33<\/td><td class=\"has-text-align-center\" data-align=\"center\">2.418<\/td><td class=\"has-text-align-center\" data-align=\"center\">&#8211;<\/td><td class=\"has-text-align-center\" data-align=\"center\">1.600<\/td><\/tr><tr><td class=\"has-text-align-center\" data-align=\"center\">&nbsp;<strong>AGO<\/strong><\/td><td class=\"has-text-align-center\" data-align=\"center\">309<\/td><td class=\"has-text-align-center\" data-align=\"center\">209<\/td><td class=\"has-text-align-center\" data-align=\"center\">52<\/td><td class=\"has-text-align-center\" data-align=\"center\">3.155<\/td><td class=\"has-text-align-center\" data-align=\"center\">139<\/td><td class=\"has-text-align-center\" data-align=\"center\">1.603<\/td><td class=\"has-text-align-center\" data-align=\"center\">774<\/td><td class=\"has-text-align-center\" data-align=\"center\">52<\/td><td class=\"has-text-align-center\" data-align=\"center\">2.580<\/td><td class=\"has-text-align-center\" data-align=\"center\">389<\/td><td class=\"has-text-align-center\" data-align=\"center\">4.768<\/td><\/tr><tr><td class=\"has-text-align-center\" data-align=\"center\">&nbsp;<strong>SET<\/strong><\/td><td class=\"has-text-align-center\" data-align=\"center\">&nbsp;351&nbsp;<\/td><td class=\"has-text-align-center\" data-align=\"center\">167&nbsp;<\/td><td class=\"has-text-align-center\" data-align=\"center\">&nbsp;75&nbsp;<\/td><td class=\"has-text-align-center\" data-align=\"center\">3.339<\/td><td class=\"has-text-align-center\" data-align=\"center\">&nbsp;109&nbsp;<\/td><td class=\"has-text-align-center\" data-align=\"center\">&nbsp;1.383&nbsp;<\/td><td class=\"has-text-align-center\" data-align=\"center\">918<\/td><td class=\"has-text-align-center\" data-align=\"center\">&nbsp;37&nbsp;<\/td><td class=\"has-text-align-center\" data-align=\"center\">&nbsp;2.711&nbsp;<\/td><td class=\"has-text-align-center\" data-align=\"center\">346<\/td><td class=\"has-text-align-center\" data-align=\"center\">4.885<\/td><\/tr><tr><td class=\"has-text-align-center\" data-align=\"center\">&nbsp;<strong>OUT<\/strong><\/td><td class=\"has-text-align-center\" data-align=\"center\">&nbsp;223&nbsp;<\/td><td class=\"has-text-align-center\" data-align=\"center\">243<\/td><td class=\"has-text-align-center\" data-align=\"center\">108&nbsp;<\/td><td class=\"has-text-align-center\" data-align=\"center\">&nbsp;3.318&nbsp;<\/td><td class=\"has-text-align-center\" data-align=\"center\">&nbsp;105&nbsp;<\/td><td class=\"has-text-align-center\" data-align=\"center\">1.694<\/td><td class=\"has-text-align-center\" data-align=\"center\">&nbsp;850&nbsp;<\/td><td class=\"has-text-align-center\" data-align=\"center\">&nbsp;63&nbsp;<\/td><td class=\"has-text-align-center\" data-align=\"center\">&nbsp;2.399&nbsp;<\/td><td class=\"has-text-align-center\" data-align=\"center\">120&nbsp;<\/td><td class=\"has-text-align-center\" data-align=\"center\">&nbsp;5.952&nbsp;<\/td><\/tr><tr><td class=\"has-text-align-center\" data-align=\"center\">&nbsp;<strong>NOV<\/strong><\/td><td class=\"has-text-align-center\" data-align=\"center\">&nbsp;52&nbsp;<\/td><td class=\"has-text-align-center\" data-align=\"center\">258<\/td><td class=\"has-text-align-center\" data-align=\"center\">85&nbsp;<\/td><td class=\"has-text-align-center\" data-align=\"center\">&nbsp;3.113&nbsp;<\/td><td class=\"has-text-align-center\" data-align=\"center\">&nbsp;110&nbsp;<\/td><td class=\"has-text-align-center\" data-align=\"center\">1.394<\/td><td class=\"has-text-align-center\" data-align=\"center\">&nbsp;482&nbsp;<\/td><td class=\"has-text-align-center\" data-align=\"center\">&nbsp;58&nbsp;<\/td><td class=\"has-text-align-center\" data-align=\"center\">&nbsp;2.382&nbsp;<\/td><td class=\"has-text-align-center\" data-align=\"center\">&#8211;<\/td><td class=\"has-text-align-center\" data-align=\"center\">&nbsp;6.250&nbsp;<\/td><\/tr><tr><td class=\"has-text-align-center\" data-align=\"center\">&nbsp;<strong>DEZ<\/strong><\/td><td class=\"has-text-align-center\" data-align=\"center\">&nbsp;42&nbsp;<\/td><td class=\"has-text-align-center\" data-align=\"center\">&nbsp;307&nbsp;<\/td><td class=\"has-text-align-center\" data-align=\"center\">65&nbsp;<\/td><td class=\"has-text-align-center\" data-align=\"center\">&nbsp;2.853&nbsp;<\/td><td class=\"has-text-align-center\" data-align=\"center\">64&nbsp;<\/td><td class=\"has-text-align-center\" data-align=\"center\">&nbsp;465&nbsp;<\/td><td class=\"has-text-align-center\" data-align=\"center\">&nbsp;144&nbsp;<\/td><td class=\"has-text-align-center\" data-align=\"center\">&nbsp;57&nbsp;<\/td><td class=\"has-text-align-center\" data-align=\"center\">468&nbsp;<\/td><td class=\"has-text-align-center\" data-align=\"center\">&#8211;<\/td><td class=\"has-text-align-center\" data-align=\"center\">&nbsp;3.665&nbsp;<\/td><\/tr><tr><td class=\"has-text-align-center\" data-align=\"center\">&nbsp;<strong>TOTAL<\/strong><\/td><td class=\"has-text-align-center\" data-align=\"center\">&nbsp;&nbsp;&nbsp;&nbsp; 2.258<br>&nbsp;<\/td><td class=\"has-text-align-center\" data-align=\"center\">2.060<\/td><td class=\"has-text-align-center\" data-align=\"center\">1.089<\/td><td class=\"has-text-align-center\" data-align=\"center\">&nbsp;Demonst.<br>Mensal<\/td><td class=\"has-text-align-center\" data-align=\"center\">1.142<\/td><td class=\"has-text-align-center\" data-align=\"center\">15.004<\/td><td class=\"has-text-align-center\" data-align=\"center\">6.507<\/td><td class=\"has-text-align-center\" data-align=\"center\">654<\/td><td class=\"has-text-align-center\" data-align=\"center\">24.162<\/td><td class=\"has-text-align-center\" data-align=\"center\">1.950<\/td><td class=\"has-text-align-center\" data-align=\"center\">&nbsp;51.578<\/td><\/tr><\/tbody><\/table><\/figure>\n","protected":false},"excerpt":{"rendered":"<p>DADOS ESTAT\u00cdSTICOS 2017 &nbsp;M\u00caS CASOSNOVOS &nbsp;ENCERRADOS &nbsp;AJUIZADOS ANDAMENTOS AUDI\u00caNCIAS DESP.JUDIC. RETORNO &nbsp;CONSULTAS GUICH\u00ca E TELEFONE&nbsp;&nbsp; TRIAGEM RETIRADAPASTAS&nbsp; \u00a0JAN 25 57 33 2.570 27 &nbsp;712 &nbsp;144 23 590 &#8211; 610 &nbsp;FEV 26 37 17 2.555 79 &nbsp;974 &nbsp;116 36 1.134 &#8211; 722 &nbsp;MAR 36 106 14 2.482 &nbsp;92 &nbsp;1.282 &nbsp;152 16 3.532 &#8211; 3.000 &nbsp;ABR 95 [&hellip;]<\/p>\n","protected":false},"author":7,"featured_media":0,"parent":0,"menu_order":0,"comment_status":"closed","ping_status":"closed","template":"","meta":{"footnotes":""},"class_list":["post-421","page","type-page","status-publish","hentry"],"acf":[],"_links":{"self":[{"href":"https:\/\/sites.uel.br\/eaaj\/wp-json\/wp\/v2\/pages\/421","targetHints":{"allow":["GET"]}}],"collection":[{"href":"https:\/\/sites.uel.br\/eaaj\/wp-json\/wp\/v2\/pages"}],"about":[{"href":"https:\/\/sites.uel.br\/eaaj\/wp-json\/wp\/v2\/types\/page"}],"author":[{"embeddable":true,"href":"https:\/\/sites.uel.br\/eaaj\/wp-json\/wp\/v2\/users\/7"}],"replies":[{"embeddable":true,"href":"https:\/\/sites.uel.br\/eaaj\/wp-json\/wp\/v2\/comments?post=421"}],"version-history":[{"count":4,"href":"https:\/\/sites.uel.br\/eaaj\/wp-json\/wp\/v2\/pages\/421\/revisions"}],"predecessor-version":[{"id":425,"href":"https:\/\/sites.uel.br\/eaaj\/wp-json\/wp\/v2\/pages\/421\/revisions\/425"}],"wp:attachment":[{"href":"https:\/\/sites.uel.br\/eaaj\/wp-json\/wp\/v2\/media?parent=421"}],"curies":[{"name":"wp","href":"https:\/\/api.w.org\/{rel}","templated":true}]}}