{"id":365,"date":"2023-05-22T14:07:01","date_gmt":"2023-05-22T17:07:01","guid":{"rendered":"https:\/\/sites.uel.br\/eaaj\/?page_id=365"},"modified":"2023-05-22T14:14:20","modified_gmt":"2023-05-22T17:14:20","slug":"tutoriais","status":"publish","type":"page","link":"https:\/\/sites.uel.br\/eaaj\/tutoriais\/","title":{"rendered":"Tutoriais"},"content":{"rendered":"\n<p><\/p>\n\n\n\n<div class=\"wp-block-group is-nowrap is-layout-flex wp-container-core-group-is-layout-ad2f72ca wp-block-group-is-layout-flex\">\n<figure class=\"wp-block-image size-full is-resized\"><img loading=\"lazy\" decoding=\"async\" src=\"https:\/\/sites.uel.br\/eaaj\/wp-content\/uploads\/2023\/05\/img_pdf.png\" alt=\"\" class=\"wp-image-342\" width=\"40\" height=\"40\" srcset=\"https:\/\/sites.uel.br\/eaaj\/wp-content\/uploads\/2023\/05\/img_pdf.png 512w, https:\/\/sites.uel.br\/eaaj\/wp-content\/uploads\/2023\/05\/img_pdf-300x300.png 300w, https:\/\/sites.uel.br\/eaaj\/wp-content\/uploads\/2023\/05\/img_pdf-150x150.png 150w\" sizes=\"auto, (max-width: 40px) 100vw, 40px\" \/><\/figure>\n\n\n\n<p><a href=\"https:\/\/sites.uel.br\/eaaj\/wp-content\/uploads\/2023\/05\/CEJUSC-Pre-Tutorial-Reclamacao-Pre.pdf\" data-type=\"URL\" data-id=\"https:\/\/sites.uel.br\/eaaj\/wp-content\/uploads\/2023\/05\/CEJUSC-Pre-Tutorial-Reclamacao-Pre.pdf\">Manual CEJUSC &#8211; Reclama\u00e7\u00e3o<\/a><\/p>\n<\/div>\n\n\n\n<p><\/p>\n\n\n\n<div class=\"wp-block-group is-nowrap is-layout-flex wp-container-core-group-is-layout-ad2f72ca wp-block-group-is-layout-flex\">\n<figure class=\"wp-block-image size-full is-resized\"><img loading=\"lazy\" decoding=\"async\" src=\"https:\/\/sites.uel.br\/eaaj\/wp-content\/uploads\/2023\/05\/img_pdf.png\" alt=\"\" class=\"wp-image-342\" width=\"40\" height=\"40\" srcset=\"https:\/\/sites.uel.br\/eaaj\/wp-content\/uploads\/2023\/05\/img_pdf.png 512w, https:\/\/sites.uel.br\/eaaj\/wp-content\/uploads\/2023\/05\/img_pdf-300x300.png 300w, https:\/\/sites.uel.br\/eaaj\/wp-content\/uploads\/2023\/05\/img_pdf-150x150.png 150w\" sizes=\"auto, (max-width: 40px) 100vw, 40px\" \/><\/figure>\n\n\n\n<p><a href=\"https:\/\/sites.uel.br\/eaaj\/wp-content\/uploads\/2023\/05\/Apresentacao-CEJUSC-UELEAAJ.pdf\" data-type=\"URL\" data-id=\"https:\/\/sites.uel.br\/eaaj\/wp-content\/uploads\/2023\/05\/Apresentacao-CEJUSC-UELEAAJ.pdf\">Manual CEJUSC &#8211; Media\u00e7\u00e3o<\/a><\/p>\n<\/div>\n\n\n\n<p><\/p>\n\n\n\n<div class=\"wp-block-group is-nowrap is-layout-flex wp-container-core-group-is-layout-ad2f72ca wp-block-group-is-layout-flex\">\n<figure class=\"wp-block-image size-full is-resized\"><img loading=\"lazy\" decoding=\"async\" src=\"https:\/\/sites.uel.br\/eaaj\/wp-content\/uploads\/2023\/05\/img_pdf.png\" alt=\"\" class=\"wp-image-342\" width=\"40\" height=\"40\" srcset=\"https:\/\/sites.uel.br\/eaaj\/wp-content\/uploads\/2023\/05\/img_pdf.png 512w, https:\/\/sites.uel.br\/eaaj\/wp-content\/uploads\/2023\/05\/img_pdf-300x300.png 300w, https:\/\/sites.uel.br\/eaaj\/wp-content\/uploads\/2023\/05\/img_pdf-150x150.png 150w\" sizes=\"auto, (max-width: 40px) 100vw, 40px\" \/><\/figure>\n\n\n\n<p><a href=\"https:\/\/sites.uel.br\/eaaj\/wp-content\/uploads\/2023\/05\/Tutorial-para-incluir-processo.pdf\" data-type=\"URL\" data-id=\"https:\/\/sites.uel.br\/eaaj\/wp-content\/uploads\/2023\/05\/Tutorial-para-incluir-processo.pdf\">Tutorial para incluir processo no EPROTOCOLO<\/a><\/p>\n<\/div>\n","protected":false},"excerpt":{"rendered":"<p>Manual CEJUSC &#8211; Reclama\u00e7\u00e3o Manual CEJUSC &#8211; Media\u00e7\u00e3o Tutorial para incluir processo no EPROTOCOLO<\/p>\n","protected":false},"author":7,"featured_media":0,"parent":0,"menu_order":0,"comment_status":"closed","ping_status":"closed","template":"","meta":{"footnotes":""},"class_list":["post-365","page","type-page","status-publish","hentry"],"acf":[],"_links":{"self":[{"href":"https:\/\/sites.uel.br\/eaaj\/wp-json\/wp\/v2\/pages\/365","targetHints":{"allow":["GET"]}}],"collection":[{"href":"https:\/\/sites.uel.br\/eaaj\/wp-json\/wp\/v2\/pages"}],"about":[{"href":"https:\/\/sites.uel.br\/eaaj\/wp-json\/wp\/v2\/types\/page"}],"author":[{"embeddable":true,"href":"https:\/\/sites.uel.br\/eaaj\/wp-json\/wp\/v2\/users\/7"}],"replies":[{"embeddable":true,"href":"https:\/\/sites.uel.br\/eaaj\/wp-json\/wp\/v2\/comments?post=365"}],"version-history":[{"count":4,"href":"https:\/\/sites.uel.br\/eaaj\/wp-json\/wp\/v2\/pages\/365\/revisions"}],"predecessor-version":[{"id":374,"href":"https:\/\/sites.uel.br\/eaaj\/wp-json\/wp\/v2\/pages\/365\/revisions\/374"}],"wp:attachment":[{"href":"https:\/\/sites.uel.br\/eaaj\/wp-json\/wp\/v2\/media?parent=365"}],"curies":[{"name":"wp","href":"https:\/\/api.w.org\/{rel}","templated":true}]}}