{"id":191,"date":"2022-03-23T23:41:14","date_gmt":"2022-03-24T02:41:14","guid":{"rendered":"https:\/\/sites.uel.br\/cursinho\/?page_id=191"},"modified":"2025-01-27T18:43:53","modified_gmt":"2025-01-27T21:43:53","slug":"selecao-novos-instrutores-2024-2","status":"publish","type":"page","link":"https:\/\/sites.uel.br\/cursinho\/selecao-novos-instrutores-2024-2\/","title":{"rendered":"SELE\u00c7\u00c3O DE NOVOS INSTRUTORES 2024.2"},"content":{"rendered":"\n<div style=\"height:40px\" aria-hidden=\"true\" class=\"wp-block-spacer\"><\/div>\n\n\n\n<p class=\"has-text-align-center\">Acompanhe o processo seletivo de novos instrutores por esta p\u00e1gina ou pelo Instagram @cepvuel.<\/p>\n\n\n\n<div style=\"height:30px\" aria-hidden=\"true\" class=\"wp-block-spacer\"><\/div>\n\n\n\n<div class=\"wp-block-buttons is-content-justification-center is-layout-flex wp-container-core-buttons-is-layout-5590e8cb wp-block-buttons-is-layout-flex\">\n<div class=\"wp-block-button has-custom-width wp-block-button__width-75 has-custom-font-size is-style-fill\" style=\"font-size:25px\"><a class=\"wp-block-button__link has-verde-escuro-background-color has-text-color has-background has-link-color wp-element-button\" href=\"https:\/\/sites.uel.br\/cursinho\/wp-content\/uploads\/2024\/09\/Edital-de-Selecao-2024.2-Novos-Instrutores.pdf\" style=\"border-radius:10px;color:#ffffff\"><strong>CLIQUE AQUI PARA LER O EDITAL<\/strong><\/a><\/div>\n\n\n\n<div class=\"wp-block-button has-custom-width wp-block-button__width-75 has-custom-font-size is-style-fill\" style=\"font-size:25px\"><a class=\"wp-block-button__link has-verde-escuro-background-color has-text-color has-background has-link-color has-text-align-center wp-element-button\" href=\"https:\/\/sites.uel.br\/cursinho\/wp-content\/uploads\/2025\/01\/Resultado-final-novos-instrutores-2024.2.pdf\" style=\"border-radius:10px;color:#ffffff\"><img loading=\"lazy\" decoding=\"async\" width=\"228\" height=\"94\" class=\"wp-image-591\" style=\"width: 90px\" src=\"https:\/\/sites.uel.br\/cursinho\/wp-content\/uploads\/2023\/03\/novo-gif-cortado.gif\" alt=\"\"> <strong>RESULTADO FINAL<\/strong><\/a><\/div>\n<\/div>\n\n\n\n<div style=\"height:60px\" aria-hidden=\"true\" class=\"wp-block-spacer\"><\/div>\n\n\n\n<hr class=\"wp-block-separator has-alpha-channel-opacity is-style-wide\" \/>\n\n\n\n<h3 class=\"wp-block-heading has-text-align-center has-cinza-escuro-color has-text-color\" style=\"font-size:22px;text-transform:uppercase\"><strong>Quem pode se inscrever?<\/strong><\/h3>\n\n\n\n<div style=\"height:10px\" aria-hidden=\"true\" class=\"wp-block-spacer\"><\/div>\n\n\n\n<p class=\"has-text-align-center\">Todos os alunos dos cursos de gradua\u00e7\u00e3o da UEL, inclusive cursos integrais, desde que n\u00e3o estejam no \u00faltimo ano do curso.<\/p>\n\n\n\n<div style=\"height:20px\" aria-hidden=\"true\" class=\"wp-block-spacer\"><\/div>\n\n\n\n<hr class=\"wp-block-separator has-alpha-channel-opacity is-style-wide\" \/>\n\n\n\n<h3 class=\"wp-block-heading has-text-align-center has-cinza-escuro-color has-text-color\" style=\"font-size:22px;text-transform:uppercase\"><strong>Como se inscrever?<\/strong><\/h3>\n\n\n\n<div style=\"height:10px\" aria-hidden=\"true\" class=\"wp-block-spacer\"><\/div>\n\n\n\n<p class=\"has-text-align-center\">O candidato dever\u00e1 entregar a documenta\u00e7\u00e3o abaixo, <strong>presencialmente<\/strong>, no CEPV:<\/p>\n\n\n\n<p class=\"has-text-align-left\"><strong>\u2022<\/strong> 01 (uma) c\u00f3pia do documento de identidade oficial com foto;<br><strong>\u2022<\/strong> 01 (uma) c\u00f3pia do cart\u00e3o de Cadastro de Pessoa F\u00edsica (CPF);<br><strong>\u2022<\/strong> 01 (uma) c\u00f3pia do comprovante de resid\u00eancia;<br><strong>\u2022<\/strong> 01 (uma) c\u00f3pia do Curr\u00edculo Vitae e\/ou Lattes;<br><strong>\u2022<\/strong> 01 (uma) c\u00f3pia do comprovante de matr\u00edcula\/grade curricular da UEL (sem carimbo da PROGRAD);<br><strong>\u2022<\/strong> 01 (uma) via do Formul\u00e1rio de Inscri\u00e7\u00e3o <strong>(dispon\u00edvel abaixo e no edital)<\/strong>, preenchido e assinado pelo candidato.<\/p>\n\n\n\n<div style=\"height:10px\" aria-hidden=\"true\" class=\"wp-block-spacer\"><\/div>\n\n\n\n<p class=\"has-text-align-center\">PREENCHA, ASSINE E IMPRIMA O FORMUL\u00c1RIO DE INSCRI\u00c7\u00c3O:<\/p>\n\n\n\n<div class=\"wp-block-buttons is-content-justification-center is-layout-flex wp-container-core-buttons-is-layout-5590e8cb wp-block-buttons-is-layout-flex\">\n<div class=\"wp-block-button has-custom-font-size is-style-fill has-medium-font-size\"><a class=\"wp-block-button__link has-verde-escuro-background-color has-text-color has-background wp-element-button\" href=\"https:\/\/drive.google.com\/file\/d\/1OrupZEHuFMePOQIN1iM8gtLZWzL9Tqci\/view\" style=\"border-radius:10px;color:#ffffff\"><strong>FORMUL\u00c1RIO<br>DE INSCRI\u00c7\u00c3O<\/strong><\/a><\/div>\n<\/div>\n\n\n\n<div style=\"height:20px\" aria-hidden=\"true\" class=\"wp-block-spacer\"><\/div>\n\n\n\n<hr class=\"wp-block-separator has-alpha-channel-opacity is-style-wide\" \/>\n\n\n\n<h3 class=\"wp-block-heading has-text-align-center has-cinza-escuro-color has-text-color\" style=\"font-size:22px;text-transform:uppercase\"><strong>EM QUAL DATA?<\/strong><\/h3>\n\n\n\n<div style=\"height:10px\" aria-hidden=\"true\" class=\"wp-block-spacer\"><\/div>\n\n\n\n<p class=\"has-text-align-center\"><strong>23\/09\/2024 a 11\/10\/2024<\/strong>, das 14h \u00e0s 21h, de segunda a sexta-feira.<\/p>\n\n\n\n<div style=\"height:10px\" aria-hidden=\"true\" class=\"wp-block-spacer\"><\/div>\n\n\n\n<hr class=\"wp-block-separator has-alpha-channel-opacity is-style-wide\" \/>\n\n\n\n<h3 class=\"wp-block-heading has-text-align-center has-cinza-escuro-color has-text-color\" style=\"font-size:22px;text-transform:uppercase\"><strong>Onde?<\/strong><\/h3>\n\n\n\n<div style=\"height:10px\" aria-hidden=\"true\" class=\"wp-block-spacer\"><\/div>\n\n\n\n<p class=\"has-text-align-center\">No CEPV (pr\u00e9dio do PDE, no final do cal\u00e7ad\u00e3o da UEL):<\/p>\n\n\n\n<div style=\"height:20px\" aria-hidden=\"true\" class=\"wp-block-spacer\"><\/div>\n\n\n<div class=\"wp-block-image\">\n<figure data-wp-context=\"{&quot;imageId&quot;:&quot;6a005b24e5ac8&quot;}\" data-wp-interactive=\"core\/image\" data-wp-key=\"6a005b24e5ac8\" class=\"aligncenter size-large wp-lightbox-container\"><img loading=\"lazy\" decoding=\"async\" width=\"1024\" height=\"684\" data-wp-class--hide=\"state.isContentHidden\" data-wp-class--show=\"state.isContentVisible\" data-wp-init=\"callbacks.setButtonStyles\" data-wp-on--click=\"actions.showLightbox\" data-wp-on--load=\"callbacks.setButtonStyles\" data-wp-on-window--resize=\"callbacks.setButtonStyles\" src=\"https:\/\/sites.uel.br\/cursinho\/wp-content\/uploads\/2024\/01\/Mapa-do-campus-da-UEL-1024x684.png\" alt=\"\" class=\"wp-image-749\" style=\"object-fit:cover\" srcset=\"https:\/\/sites.uel.br\/cursinho\/wp-content\/uploads\/2024\/01\/Mapa-do-campus-da-UEL-1024x684.png 1024w, https:\/\/sites.uel.br\/cursinho\/wp-content\/uploads\/2024\/01\/Mapa-do-campus-da-UEL-300x200.png 300w, https:\/\/sites.uel.br\/cursinho\/wp-content\/uploads\/2024\/01\/Mapa-do-campus-da-UEL-768x513.png 768w, https:\/\/sites.uel.br\/cursinho\/wp-content\/uploads\/2024\/01\/Mapa-do-campus-da-UEL-1536x1026.png 1536w, https:\/\/sites.uel.br\/cursinho\/wp-content\/uploads\/2024\/01\/Mapa-do-campus-da-UEL-2048x1369.png 2048w\" sizes=\"auto, (max-width: 1024px) 100vw, 1024px\" \/><button\n\t\t\tclass=\"lightbox-trigger\"\n\t\t\ttype=\"button\"\n\t\t\taria-haspopup=\"dialog\"\n\t\t\taria-label=\"Ampliar\"\n\t\t\tdata-wp-init=\"callbacks.initTriggerButton\"\n\t\t\tdata-wp-on--click=\"actions.showLightbox\"\n\t\t\tdata-wp-style--right=\"state.imageButtonRight\"\n\t\t\tdata-wp-style--top=\"state.imageButtonTop\"\n\t\t>\n\t\t\t<svg xmlns=\"http:\/\/www.w3.org\/2000\/svg\" width=\"12\" height=\"12\" fill=\"none\" viewBox=\"0 0 12 12\">\n\t\t\t\t<path fill=\"#fff\" d=\"M2 0a2 2 0 0 0-2 2v2h1.5V2a.5.5 0 0 1 .5-.5h2V0H2Zm2 10.5H2a.5.5 0 0 1-.5-.5V8H0v2a2 2 0 0 0 2 2h2v-1.5ZM8 12v-1.5h2a.5.5 0 0 0 .5-.5V8H12v2a2 2 0 0 1-2 2H8Zm2-12a2 2 0 0 1 2 2v2h-1.5V2a.5.5 0 0 0-.5-.5H8V0h2Z\" \/>\n\t\t\t<\/svg>\n\t\t<\/button><\/figure>\n<\/div>\n\n\n<div style=\"height:20px\" aria-hidden=\"true\" class=\"wp-block-spacer\"><\/div>\n\n\n\n<div class=\"wp-block-buttons is-content-justification-center is-layout-flex wp-container-core-buttons-is-layout-5590e8cb wp-block-buttons-is-layout-flex\">\n<div class=\"wp-block-button has-custom-font-size is-style-fill has-medium-font-size\"><a class=\"wp-block-button__link has-text-color has-background has-link-color wp-element-button\" href=\"https:\/\/maps.app.goo.gl\/F3Ej5J5VgQMZT7Hk7\" style=\"border-radius:100px;color:#ffffff;background-color:#1a73e8\" target=\"_blank\" rel=\"noreferrer noopener\"><strong>LOCALIZA\u00c7\u00c3O NO GOOGLE MAPS<\/strong><\/a><\/div>\n<\/div>\n\n\n\n<div style=\"height:60px\" aria-hidden=\"true\" class=\"wp-block-spacer\"><\/div>\n\n\n\n<p class=\"has-text-align-center has-medium-font-size\"><strong>Todas as informa\u00e7\u00f5es est\u00e3o contidas no edital do processo seletivo.<\/strong><br>Demais d\u00favidas podem ser sanadas pelo telefone (43) 3371-5680 ou e-mail cursinho@uel.br<\/p>\n","protected":false},"excerpt":{"rendered":"<p>Acompanhe o processo seletivo de novos instrutores por esta p\u00e1gina ou pelo Instagram @cepvuel. Quem pode se inscrever? Todos os alunos dos cursos de gradua\u00e7\u00e3o da UEL, inclusive cursos integrais, desde que n\u00e3o estejam no \u00faltimo ano do curso. Como se inscrever? O candidato dever\u00e1 entregar a documenta\u00e7\u00e3o abaixo, presencialmente, no CEPV: \u2022 01 (uma) [&hellip;]<\/p>\n","protected":false},"author":6,"featured_media":0,"parent":0,"menu_order":0,"comment_status":"closed","ping_status":"closed","template":"","meta":{"footnotes":""},"class_list":["post-191","page","type-page","status-publish","hentry"],"acf":[],"_links":{"self":[{"href":"https:\/\/sites.uel.br\/cursinho\/wp-json\/wp\/v2\/pages\/191","targetHints":{"allow":["GET"]}}],"collection":[{"href":"https:\/\/sites.uel.br\/cursinho\/wp-json\/wp\/v2\/pages"}],"about":[{"href":"https:\/\/sites.uel.br\/cursinho\/wp-json\/wp\/v2\/types\/page"}],"author":[{"embeddable":true,"href":"https:\/\/sites.uel.br\/cursinho\/wp-json\/wp\/v2\/users\/6"}],"replies":[{"embeddable":true,"href":"https:\/\/sites.uel.br\/cursinho\/wp-json\/wp\/v2\/comments?post=191"}],"version-history":[{"count":281,"href":"https:\/\/sites.uel.br\/cursinho\/wp-json\/wp\/v2\/pages\/191\/revisions"}],"predecessor-version":[{"id":1500,"href":"https:\/\/sites.uel.br\/cursinho\/wp-json\/wp\/v2\/pages\/191\/revisions\/1500"}],"wp:attachment":[{"href":"https:\/\/sites.uel.br\/cursinho\/wp-json\/wp\/v2\/media?parent=191"}],"curies":[{"name":"wp","href":"https:\/\/api.w.org\/{rel}","templated":true}]}}