{"id":1829,"date":"2026-05-12T21:08:02","date_gmt":"2026-05-13T00:08:02","guid":{"rendered":"https:\/\/sites.uel.br\/cursinho\/?page_id=1829"},"modified":"2026-05-12T21:11:40","modified_gmt":"2026-05-13T00:11:40","slug":"matriculas-para-novos-alunos-vagas-remanescentes-2026","status":"publish","type":"page","link":"https:\/\/sites.uel.br\/cursinho\/matriculas-para-novos-alunos-vagas-remanescentes-2026\/","title":{"rendered":"MATR\u00cdCULAS PARA NOVOS ALUNOS &#8211; VAGAS REMANESCENTES &#8211; 2026"},"content":{"rendered":"\n<p><\/p>\n\n\n\n<div class=\"wp-block-buttons is-content-justification-center is-layout-flex wp-container-core-buttons-is-layout-16018d1d wp-block-buttons-is-layout-flex\">\n<div class=\"wp-block-button is-style-outline is-style-outline--1\"><a class=\"wp-block-button__link has-verde-escuro-background-color has-text-color has-background has-link-color has-text-align-center has-custom-font-size wp-element-button\" href=\"https:\/\/sites.uel.br\/cursinho\/wp-content\/uploads\/2026\/05\/Documento-sem-titulo-1.pdf\" style=\"border-radius:50px;color:#ffffff;font-size:22px\"><strong>EDITAL DE ALUNOS DEFERIDOS &#8211; VAGAS REMANESCENTES<\/strong><\/a><\/div>\n<\/div>\n\n\n\n<div style=\"height:10px\" aria-hidden=\"true\" class=\"wp-block-spacer\"><\/div>\n\n\n\n<div class=\"wp-block-buttons is-content-justification-center is-layout-flex wp-container-core-buttons-is-layout-16018d1d wp-block-buttons-is-layout-flex\">\n<div class=\"wp-block-button is-style-outline is-style-outline--2\"><a class=\"wp-block-button__link has-verde-escuro-background-color has-text-color has-background has-link-color has-text-align-center has-custom-font-size wp-element-button\" href=\"https:\/\/sites.uel.br\/cursinho\/wp-content\/uploads\/2026\/03\/FORMULARIO-CEPV-2026-VESPERTINO.docx\" style=\"border-radius:50px;color:#ffffff;font-size:22px\" target=\"_blank\" rel=\"noreferrer noopener\"><strong><img loading=\"lazy\" decoding=\"async\" width=\"480\" height=\"416\" class=\"wp-image-545\" style=\"width: 45px\" src=\"https:\/\/sites.uel.br\/cursinho\/wp-content\/uploads\/2023\/03\/giphy.gif\" alt=\"\"> FORMUL\u00c1RIO PARA MATR\u00cdCULAS &#8211; VESPERTINO<\/strong><strong><img loading=\"lazy\" decoding=\"async\" width=\"480\" height=\"416\" class=\"wp-image-545\" style=\"width: 45px\" src=\"https:\/\/sites.uel.br\/cursinho\/wp-content\/uploads\/2023\/03\/giphy.gif\" alt=\"\"><\/strong><\/a><\/div>\n<\/div>\n\n\n\n<div style=\"height:10px\" aria-hidden=\"true\" class=\"wp-block-spacer\"><\/div>\n\n\n\n<div class=\"wp-block-buttons is-content-justification-center is-layout-flex wp-container-core-buttons-is-layout-16018d1d wp-block-buttons-is-layout-flex\">\n<div class=\"wp-block-button is-style-outline is-style-outline--3\"><a class=\"wp-block-button__link has-verde-escuro-background-color has-text-color has-background has-link-color has-text-align-center has-custom-font-size wp-element-button\" href=\"https:\/\/sites.uel.br\/cursinho\/wp-content\/uploads\/2026\/03\/FORMULARIO-CEPV-2026-NOTURNO-.docx\" style=\"border-radius:50px;color:#ffffff;font-size:22px\" target=\"_blank\" rel=\"noreferrer noopener\"><strong><img loading=\"lazy\" decoding=\"async\" width=\"480\" height=\"416\" class=\"wp-image-545\" style=\"width: 45px\" src=\"https:\/\/sites.uel.br\/cursinho\/wp-content\/uploads\/2023\/03\/giphy.gif\" alt=\"\"> FORMUL\u00c1RIO PARA MATR\u00cdCULAS &#8211; NOTURNO<\/strong><b> <\/b><b><img loading=\"lazy\" decoding=\"async\" width=\"480\" height=\"416\" class=\"wp-image-545\" style=\"width: 45px\" src=\"https:\/\/sites.uel.br\/cursinho\/wp-content\/uploads\/2023\/03\/giphy.gif\" alt=\"\"><\/b><\/a><\/div>\n<\/div>\n\n\n\n<div style=\"height:10px\" aria-hidden=\"true\" class=\"wp-block-spacer\"><\/div>\n\n\n\n<div class=\"wp-block-buttons is-content-justification-center is-layout-flex wp-container-core-buttons-is-layout-d9cd0f1e wp-block-buttons-is-layout-flex\">\n<div class=\"wp-block-button is-style-outline is-style-outline--4\"><a class=\"wp-block-button__link has-verde-escuro-background-color has-text-color has-background has-link-color has-text-align-center has-custom-font-size wp-element-button\" href=\"https:\/\/sites.uel.br\/cursinho\/wp-content\/uploads\/2024\/03\/TERMO-USO-DE-IMAGEM.pdf\" style=\"border-radius:50px;color:#ffffff;font-size:22px\"><strong><img loading=\"lazy\" decoding=\"async\" width=\"480\" height=\"416\" class=\"wp-image-545\" style=\"width: 45px\" src=\"https:\/\/sites.uel.br\/cursinho\/wp-content\/uploads\/2023\/03\/giphy.gif\" alt=\"\"> TERMO DE AUTORIZA\u00c7\u00c3O DO USO DE IMAGEM<\/strong><b> <\/b><b><img loading=\"lazy\" decoding=\"async\" width=\"480\" height=\"416\" class=\"wp-image-545\" style=\"width: 45px\" src=\"https:\/\/sites.uel.br\/cursinho\/wp-content\/uploads\/2023\/03\/giphy.gif\" alt=\"\"><\/b><\/a><\/div>\n<\/div>\n\n\n\n<div style=\"height:10px\" aria-hidden=\"true\" class=\"wp-block-spacer\"><\/div>\n\n\n\n<hr class=\"wp-block-separator has-alpha-channel-opacity is-style-wide\" \/>\n\n\n\n<div style=\"height:10px\" aria-hidden=\"true\" class=\"wp-block-spacer\"><\/div>\n\n\n\n<h2 class=\"wp-block-heading\">Matr\u00edculas<\/h2>\n\n\n\n<p>Com a inscri\u00e7\u00e3o <strong>deferida<\/strong>, TODOS os alunos dever\u00e3o realizar a matr\u00edcula <strong>presencialmente no CEPV<\/strong>, situado no pr\u00e9dio do PDE, no Campus Universit\u00e1rio, <strong>do dia 14\/05 ao dia 15\/03 2026, das 14h \u00e0s 20h.<\/strong><\/p>\n\n\n\n<p>Os documentos necess\u00e1rios para a matr\u00edcula s\u00e3o:<\/p>\n\n\n\n<p>\u2022 RG e CPF;<\/p>\n\n\n\n<p>\u2022 C\u00f3pia do Hist\u00f3rico Escolar do Ensino M\u00e9dio ou Comprovante de Matr\u00edcula no \u00faltimo ano do Ensino M\u00e9dio (pedir na secretaria da escola);<\/p>\n\n\n\n<p>\u2022 C\u00f3pia do Comprovante de Endere\u00e7o;<\/p>\n\n\n\n<p>\u2022 2 fotos 3\u00d74;<\/p>\n\n\n\n<p>\u2022 3 vias do Formul\u00e1rio de Matr\u00edcula preenchido eletronicamente (a CMTU n\u00e3o aceita com preenchimento manual) \u2013 dispon\u00edvel no site;<\/p>\n\n\n\n<p>\u2022 1 via do Termo de Autoriza\u00e7\u00e3o do Uso de Imagem \u2013 dispon\u00edvel no site;<\/p>\n\n\n\n<p><strong>N\u00c3O ACEITAMOS DOCUMENTOS ORIGINAIS E N\u00c3O TEMOS COPIADORA NO LOCAL<\/strong><\/p>\n\n\n\n<p>Em caso de d\u00favidas, ligue para (43) 3371-5680<\/p>\n\n\n\n<h2 class=\"wp-block-heading\">Tenho mais d\u00favidas&#8230;<\/h2>\n\n\n\n<p>\u2022 Fa\u00e7a uma nova leitura do <a href=\"https:\/\/sites.uel.br\/cursinho\/wp-content\/uploads\/2026\/05\/Documento-sem-titulo-1.pdf\" data-type=\"link\" data-id=\"https:\/\/sites.uel.br\/cursinho\/wp-content\/uploads\/2025\/10\/atual-Edital_Conjunto_SEBEC-PROEX_003-2025_CURSINHO_2026_assinado.pdf\" target=\"_blank\" rel=\"noreferrer noopener\"><strong>Edital de Novos Alunos<\/strong>.<\/a><br>\u2022 Caso ainda esteja com d\u00favidas, voc\u00ea pode entrar em contato pelos n\u00fameros <strong>3371-4452<\/strong> e\/ou <strong>3371-4222<\/strong>. <br>\u2022 O atendimento do SEBEC \u00e9 <strong>das 8h \u00e0s 17h, de segunda a sexta<\/strong>.<\/p>\n\n\n\n<p><br><\/p>\n\n\n\n<p><br><\/p>\n","protected":false},"excerpt":{"rendered":"<p>Matr\u00edculas Com a inscri\u00e7\u00e3o deferida, TODOS os alunos dever\u00e3o realizar a matr\u00edcula presencialmente no CEPV, situado no pr\u00e9dio do PDE, no Campus Universit\u00e1rio, do dia 14\/05 ao dia 15\/03 2026, das 14h \u00e0s 20h. Os documentos necess\u00e1rios para a matr\u00edcula s\u00e3o: \u2022 RG e CPF; \u2022 C\u00f3pia do Hist\u00f3rico Escolar do Ensino M\u00e9dio ou Comprovante [&hellip;]<\/p>\n","protected":false},"author":11,"featured_media":0,"parent":0,"menu_order":0,"comment_status":"closed","ping_status":"closed","template":"","meta":{"footnotes":""},"class_list":["post-1829","page","type-page","status-publish","hentry"],"acf":[],"_links":{"self":[{"href":"https:\/\/sites.uel.br\/cursinho\/wp-json\/wp\/v2\/pages\/1829","targetHints":{"allow":["GET"]}}],"collection":[{"href":"https:\/\/sites.uel.br\/cursinho\/wp-json\/wp\/v2\/pages"}],"about":[{"href":"https:\/\/sites.uel.br\/cursinho\/wp-json\/wp\/v2\/types\/page"}],"author":[{"embeddable":true,"href":"https:\/\/sites.uel.br\/cursinho\/wp-json\/wp\/v2\/users\/11"}],"replies":[{"embeddable":true,"href":"https:\/\/sites.uel.br\/cursinho\/wp-json\/wp\/v2\/comments?post=1829"}],"version-history":[{"count":4,"href":"https:\/\/sites.uel.br\/cursinho\/wp-json\/wp\/v2\/pages\/1829\/revisions"}],"predecessor-version":[{"id":1835,"href":"https:\/\/sites.uel.br\/cursinho\/wp-json\/wp\/v2\/pages\/1829\/revisions\/1835"}],"wp:attachment":[{"href":"https:\/\/sites.uel.br\/cursinho\/wp-json\/wp\/v2\/media?parent=1829"}],"curies":[{"name":"wp","href":"https:\/\/api.w.org\/{rel}","templated":true}]}}