{"id":1795,"date":"2026-05-06T20:49:11","date_gmt":"2026-05-06T23:49:11","guid":{"rendered":"https:\/\/sites.uel.br\/cursinho\/?page_id=1795"},"modified":"2026-05-06T20:58:35","modified_gmt":"2026-05-06T23:58:35","slug":"conheca-nossa-equipe","status":"publish","type":"page","link":"https:\/\/sites.uel.br\/cursinho\/conheca-nossa-equipe\/","title":{"rendered":"Conhe\u00e7a nossa equipe!"},"content":{"rendered":"\n<p><\/p>\n\n\n\n<p><strong>Coordenadora<\/strong><\/p>\n\n\n\n<p>Rita de C\u00e1ssia Rodrigues Oliveira<\/p>\n\n\n\n<p><strong>Apoio Pedag\u00f3gico<\/strong><\/p>\n\n\n\n<p>Israelly Antunes da Silva<br>Lucas Felipe Paulino da Silva<br>Maria Fernanda Faria<br>Maycon Nogueira da Cruz Souza<\/p>\n\n\n\n<p><strong>Apoio administrativo<\/strong><\/p>\n\n\n\n<p>Geovani dos Santos Juv\u00eancio<br>Natalia Maria Sim\u00f5es Silva<\/p>\n\n\n\n<p><strong>Apoio Psicol\u00f3gico<\/strong> <\/p>\n\n\n\n<p>Heloisa Sayuri Terada<\/p>\n\n\n\n<p><\/p>\n\n\n\n<p><strong>Diagrama\u00e7\u00e3o<\/strong><\/p>\n\n\n\n<p>Ana Luiza Zarelli Nogueira<\/p>\n\n\n\n<p><strong>Estagi\u00e1rios de Letras<\/strong><\/p>\n\n\n\n<p>Joao Victor Rossi da Cruz<br>Rebecca Maria Pereira Ribas &#8211; Reda\u00e7\u00e3o<br>Isabela Medeiros Trindade &#8211; Gram\u00e1tica<\/p>\n\n\n\n<p><strong>Instrutores<\/strong><\/p>\n\n\n\n<p>Alexandro Wesley de Mello de Oliveira &#8211; Literatura<br>Ana Clara Faria Vattos &#8211; Sociologia<br>Ana Julia de Azevedo Constantino &#8211; Artes<br>Ana Luiza Poli Lovera &#8211; Ingl\u00eas<br>Andr\u00e9 J\u00fanior dos Santos &#8211; F\u00edsica<br>Caio Leandro Concei\u00e7\u00e3o &#8211; F\u00edsica<br>Eduardo dos Santos Silva &#8211; Hist\u00f3ria<br>Gabriel Curti &#8211; Filosofia<br>Graziela Andriani de Jesus &#8211; Geografia<br>Iasmin Kainah da Silva da Fonseca &#8211; Sociologia<br>Jo\u00e3o Guilherme Niero Barduzzi &#8211; Biologia<br>Jo\u00e3o Paulo Leite Ribeiro &#8211; Biologia<br>Juliana Harumi Marcilio Ishikawa &#8211; Matem\u00e1tica<br>Luiz Paulo Moraes Junior &#8211; Qu\u00edmica<br>Manuela Domingues de Almeida Chagas &#8211; Reda\u00e7\u00e3o<br>Maria Cristina Mantovani &#8211; Hist\u00f3ria<br>Mateus Vasconcelos Marttins &#8211; Reda\u00e7\u00e3o<br>Melissa Gomes de Oliveira &#8211; Gram\u00e1tica<br>Rafaella Setsuko Catarinhuk &#8211; Artes<br>Ra\u00ed Mendon\u00e7a dos Santos &#8211; Qu\u00edmica<br>Vinicius Furlan Polo Murta &#8211; Matem\u00e1tica<br>Vitor Hugo de Mauro Silva &#8211; Filosofia<\/p>\n\n\n\n<p><strong>Colaboradores<\/strong><\/p>\n\n\n\n<p>Araci Miranda de Jesus Arlindo &#8211; Gram\u00e1tica<br>Gustavo Andr\u00e9 Oliveira &#8211; Literatura<br>Janaina &#8211; Apoio Psicol\u00f3gico<br>Luca F\u00e1varo Segri &#8211; Hist\u00f3ria<br>Nat\u00e1lia Gon\u00e7alves de Andrade &#8211; Sociologia<br>Saulo Rodrigues &#8211; Biologia <\/p>\n\n\n\n<figure class=\"wp-block-image size-large\"><img loading=\"lazy\" decoding=\"async\" width=\"1024\" height=\"280\" src=\"https:\/\/sites.uel.br\/cursinho\/wp-content\/uploads\/2024\/01\/CEPV-Logo-lateral-com-fundo-branco-1024x280.png\" alt=\"\" class=\"wp-image-1050\" srcset=\"https:\/\/sites.uel.br\/cursinho\/wp-content\/uploads\/2024\/01\/CEPV-Logo-lateral-com-fundo-branco-1024x280.png 1024w, https:\/\/sites.uel.br\/cursinho\/wp-content\/uploads\/2024\/01\/CEPV-Logo-lateral-com-fundo-branco-300x82.png 300w, https:\/\/sites.uel.br\/cursinho\/wp-content\/uploads\/2024\/01\/CEPV-Logo-lateral-com-fundo-branco-768x210.png 768w, https:\/\/sites.uel.br\/cursinho\/wp-content\/uploads\/2024\/01\/CEPV-Logo-lateral-com-fundo-branco-1536x420.png 1536w, https:\/\/sites.uel.br\/cursinho\/wp-content\/uploads\/2024\/01\/CEPV-Logo-lateral-com-fundo-branco-2048x560.png 2048w\" sizes=\"auto, (max-width: 1024px) 100vw, 1024px\" \/><\/figure>\n\n\n\n<p><\/p>\n","protected":false},"excerpt":{"rendered":"<p>Coordenadora Rita de C\u00e1ssia Rodrigues Oliveira Apoio Pedag\u00f3gico Israelly Antunes da SilvaLucas Felipe Paulino da SilvaMaria Fernanda FariaMaycon Nogueira da Cruz Souza Apoio administrativo Geovani dos Santos Juv\u00eancioNatalia Maria Sim\u00f5es Silva Apoio Psicol\u00f3gico Heloisa Sayuri Terada Diagrama\u00e7\u00e3o Ana Luiza Zarelli Nogueira Estagi\u00e1rios de Letras Joao Victor Rossi da CruzRebecca Maria Pereira Ribas &#8211; Reda\u00e7\u00e3oIsabela Medeiros [&hellip;]<\/p>\n","protected":false},"author":11,"featured_media":142,"parent":0,"menu_order":0,"comment_status":"closed","ping_status":"closed","template":"","meta":{"footnotes":""},"class_list":["post-1795","page","type-page","status-publish","has-post-thumbnail","hentry"],"acf":[],"_links":{"self":[{"href":"https:\/\/sites.uel.br\/cursinho\/wp-json\/wp\/v2\/pages\/1795","targetHints":{"allow":["GET"]}}],"collection":[{"href":"https:\/\/sites.uel.br\/cursinho\/wp-json\/wp\/v2\/pages"}],"about":[{"href":"https:\/\/sites.uel.br\/cursinho\/wp-json\/wp\/v2\/types\/page"}],"author":[{"embeddable":true,"href":"https:\/\/sites.uel.br\/cursinho\/wp-json\/wp\/v2\/users\/11"}],"replies":[{"embeddable":true,"href":"https:\/\/sites.uel.br\/cursinho\/wp-json\/wp\/v2\/comments?post=1795"}],"version-history":[{"count":19,"href":"https:\/\/sites.uel.br\/cursinho\/wp-json\/wp\/v2\/pages\/1795\/revisions"}],"predecessor-version":[{"id":1823,"href":"https:\/\/sites.uel.br\/cursinho\/wp-json\/wp\/v2\/pages\/1795\/revisions\/1823"}],"wp:featuredmedia":[{"embeddable":true,"href":"https:\/\/sites.uel.br\/cursinho\/wp-json\/wp\/v2\/media\/142"}],"wp:attachment":[{"href":"https:\/\/sites.uel.br\/cursinho\/wp-json\/wp\/v2\/media?parent=1795"}],"curies":[{"name":"wp","href":"https:\/\/api.w.org\/{rel}","templated":true}]}}