{"id":173,"date":"2021-04-07T19:51:56","date_gmt":"2021-04-07T22:51:56","guid":{"rendered":"https:\/\/sites.uel.br\/ctu\/?page_id=173"},"modified":"2021-04-07T20:18:45","modified_gmt":"2021-04-07T23:18:45","slug":"laboratorios-do-deel","status":"publish","type":"page","link":"https:\/\/sites.uel.br\/ctu\/laboratorios-do-deel\/","title":{"rendered":"Laborat\u00f3rios do DEEL"},"content":{"rendered":"\n<p><\/p>\n\n\n\n<p><strong>Laborat\u00f3rio de Telecomunica\u00e7\u00f5es<\/strong><br><strong>Supervisor<\/strong>: Prof. Me. Jaime Laelson Jacob<\/p>\n\n\n\n<p><strong>Laborat\u00f3rio de Telecomunica\u00e7\u00f5es e Processamento Digital de Sinais<br>Supervisor:&nbsp;<\/strong>Prof. Dr. Taufik Abr\u00e3o<\/p>\n\n\n\n<p><strong>Laborat\u00f3rio de Automa\u00e7\u00e3o e DSP<br>Supervisor:&nbsp;<\/strong>Prof\u00aa Dr\u00aa Juliani Chico Piai<\/p>\n\n\n\n<p><strong>Laborat\u00f3rio de Eletr\u00f4nica e Instrumenta\u00e7\u00e3o<br>Supervisor:&nbsp;<\/strong>Prof.Dr. Leonimer Fl\u00e1vio de Melo<\/p>\n\n\n\n<p><strong>Laborat\u00f3rio de Sistemas Digitais<br>Supervisor:&nbsp;<\/strong>Prof. Me. D\u00e9cio Luiz Gazzoni Filho<\/p>\n\n\n\n<p><strong>Laborat\u00f3rio de Eletrot\u00e9cnica<br>Supervisor:&nbsp;<\/strong>Prof. Me. Jos\u00e9 Fernando Mangili Junior<\/p>\n\n\n\n<p><strong>Laborat\u00f3rio de Computa\u00e7\u00e3o Cient\u00edfica<br>Supervisor:&nbsp;<\/strong>Prof. Dr. Taufik Abr\u00e3o<\/p>\n\n\n\n<p><strong>Laborat\u00f3rio de Eletr\u00f4nica de Pot\u00eancia e Qualidade de Energia<br>Supervisor:&nbsp;<\/strong>Prof. Me. Jos\u00e9 Fernando Mangili Junior<\/p>\n\n\n\n<p><strong>Laborat\u00f3rio de Engenharia Biom\u00e9dica e Instrumenta\u00e7\u00e3o<br>Supervisor:&nbsp;<\/strong>Prof.&nbsp;Dr. Marcelo Carvalho Tosin<\/p>\n\n\n\n<p><strong>Laborat\u00f3rio de Automa\u00e7\u00e3o e Instrumenta\u00e7\u00e3o Inteligente<br>Supervisor:&nbsp;<\/strong>Prof\u00aa Dr\u00aa Maria Bernadete de Morais Fran\u00e7a<\/p>\n\n\n\n<p><strong>Laborat\u00f3rio de Controle Avan\u00e7ado, Rob\u00f3tica e Engenharia Biom\u00e9dica<br>Supervisor:&nbsp;<\/strong>Prof.&nbsp;Dr. Ruberlei Gaino<\/p>\n\n\n\n<p><strong>Laborat\u00f3rio de Circuito Impresso<br>Supervisor:&nbsp;<\/strong>Prof. Dr. Carlos Henrique Gon\u00e7alves Treviso<\/p>\n","protected":false},"excerpt":{"rendered":"<p>Laborat\u00f3rio de Telecomunica\u00e7\u00f5esSupervisor: Prof. Me. Jaime Laelson Jacob Laborat\u00f3rio de Telecomunica\u00e7\u00f5es e Processamento Digital de SinaisSupervisor:&nbsp;Prof. Dr. Taufik Abr\u00e3o Laborat\u00f3rio de Automa\u00e7\u00e3o e DSPSupervisor:&nbsp;Prof\u00aa Dr\u00aa Juliani Chico Piai Laborat\u00f3rio de Eletr\u00f4nica e Instrumenta\u00e7\u00e3oSupervisor:&nbsp;Prof.Dr. Leonimer Fl\u00e1vio de Melo Laborat\u00f3rio de Sistemas DigitaisSupervisor:&nbsp;Prof. Me. D\u00e9cio Luiz Gazzoni Filho Laborat\u00f3rio de Eletrot\u00e9cnicaSupervisor:&nbsp;Prof. Me. Jos\u00e9 Fernando Mangili Junior Laborat\u00f3rio [&hellip;]<\/p>\n","protected":false},"author":8,"featured_media":0,"parent":0,"menu_order":0,"comment_status":"closed","ping_status":"closed","template":"","meta":{"footnotes":""},"class_list":["post-173","page","type-page","status-publish","hentry"],"acf":[],"_links":{"self":[{"href":"https:\/\/sites.uel.br\/ctu\/wp-json\/wp\/v2\/pages\/173","targetHints":{"allow":["GET"]}}],"collection":[{"href":"https:\/\/sites.uel.br\/ctu\/wp-json\/wp\/v2\/pages"}],"about":[{"href":"https:\/\/sites.uel.br\/ctu\/wp-json\/wp\/v2\/types\/page"}],"author":[{"embeddable":true,"href":"https:\/\/sites.uel.br\/ctu\/wp-json\/wp\/v2\/users\/8"}],"replies":[{"embeddable":true,"href":"https:\/\/sites.uel.br\/ctu\/wp-json\/wp\/v2\/comments?post=173"}],"version-history":[{"count":4,"href":"https:\/\/sites.uel.br\/ctu\/wp-json\/wp\/v2\/pages\/173\/revisions"}],"predecessor-version":[{"id":182,"href":"https:\/\/sites.uel.br\/ctu\/wp-json\/wp\/v2\/pages\/173\/revisions\/182"}],"wp:attachment":[{"href":"https:\/\/sites.uel.br\/ctu\/wp-json\/wp\/v2\/media?parent=173"}],"curies":[{"name":"wp","href":"https:\/\/api.w.org\/{rel}","templated":true}]}}